This is the mail archive of the gcc-testresults@gcc.gnu.org mailing list for the GCC project.


Index Nav: [Date Index] [Subject Index] [Author Index] [Thread Index]
Message Nav: [Date Prev] [Date Next] [Thread Prev] [Thread Next]
Other format: [Raw text]

Results for 4.5.1 (GCC) testsuite on x86_64-apple-darwin10.4.0


LAST_UPDATED: Obtained from SVN: tags/gcc_4_5_1_release revision 162774

Native configuration is x86_64-apple-darwin10.4.0

		=== g++ tests ===


Running target unix
WARNING: g++.dg/ext/label13.C compilation failed to produce executable
FAIL: g++.dg/tree-prof/partition1.C compilation,  -g  -fprofile-use
UNRESOLVED: g++.dg/tree-prof/partition1.C execution,    -g  -fprofile-use
FAIL: g++.dg/tree-prof/partition1.C compilation,  -O3 -g  -fprofile-use
UNRESOLVED: g++.dg/tree-prof/partition1.C execution,    -O3 -g  -fprofile-use

		=== g++ Summary ===

# of expected passes		22442
# of unexpected failures	2
# of expected failures		152
# of unresolved testcases	2
# of unsupported tests		362
/sw/src/fink.build/gcc45-4.5.1-1000/darwin_objdir/gcc/testsuite/g++/../../g++  version 4.5.1 (GCC) 

		=== gcc tests ===


Running target unix
FAIL: gcc.dg/debug/dwarf2/aranges-fnsec-1.c scan-assembler DW_AT_ranges
FAIL: gcc.dg/framework-1.c (test for excess errors)
FAIL: gcc.dg/torture/builtin-math-7.c  -O0  execution test
FAIL: gcc.dg/torture/builtin-math-7.c  -O1  execution test
FAIL: gcc.dg/torture/builtin-math-7.c  -O2  execution test
FAIL: gcc.dg/torture/builtin-math-7.c  -O3 -fomit-frame-pointer  execution test
FAIL: gcc.dg/torture/builtin-math-7.c  -O3 -fomit-frame-pointer -funroll-loops  execution test
FAIL: gcc.dg/torture/builtin-math-7.c  -O3 -fomit-frame-pointer -funroll-all-loops -finline-functions  execution test
FAIL: gcc.dg/torture/builtin-math-7.c  -O3 -g  execution test
FAIL: gcc.dg/torture/builtin-math-7.c  -Os  execution test
FAIL: gcc.dg/torture/builtin-math-7.c  -O2 -flto  execution test
FAIL: gcc.dg/torture/builtin-math-7.c  -O2 -fwhopr  execution test

		=== gcc Summary ===

# of expected passes		69416
# of unexpected failures	12
# of expected failures		176
# of unsupported tests		1594
/sw/src/fink.build/gcc45-4.5.1-1000/darwin_objdir/gcc/xgcc  version 4.5.1 (GCC) 

		=== gfortran tests ===


Running target unix

		=== gfortran Summary ===

# of expected passes		34154
# of expected failures		31
# of unsupported tests		76
/sw/src/fink.build/gcc45-4.5.1-1000/darwin_objdir/gcc/testsuite/gfortran/../../gfortran  version 4.5.1 (GCC) 

		=== obj-c++ tests ===


Running target unix
WARNING: obj-c++.dg/lookup-2.mm -fgnu-runtime compilation failed to produce executable
WARNING: obj-c++.dg/try-catch-2.mm -fgnu-runtime compilation failed to produce executable
WARNING: obj-c++.dg/try-catch-9.mm -fgnu-runtime compilation failed to produce executable
WARNING: obj-c++.dg/try-catch-2.mm -fnext-runtime compilation failed to produce executable
WARNING: obj-c++.dg/try-catch-9.mm -fnext-runtime compilation failed to produce executable

		=== obj-c++ Summary ===

# of expected passes		872
# of expected failures		45
# of unsupported tests		15
/sw/src/fink.build/gcc45-4.5.1-1000/darwin_objdir/gcc/testsuite/obj-c++/../../g++  version 4.5.1 (GCC) 

		=== objc tests ===


Running target unix
FAIL: objc.dg/headers.m -fnext-runtime (test for excess errors)
FAIL: objc.dg/no-extra-load.m -fnext-runtime (test for excess errors)
ERROR: objc.dg/no-extra-load.m: error executing dg-final: couldn't open "no-extra-load.s": no such file or directory
UNRESOLVED: objc.dg/no-extra-load.m: error executing dg-final: couldn't open "no-extra-load.s": no such file or directory

		=== objc Summary ===

# of expected passes		2494
# of unexpected failures	2
# of expected failures		40
# of unresolved testcases	1
# of unsupported tests		28
/sw/src/fink.build/gcc45-4.5.1-1000/darwin_objdir/gcc/xgcc  version 4.5.1 (GCC) 

		=== libffi tests ===


Running target unix

		=== libffi Summary ===

# of expected passes		1624
# of expected failures		10
# of unsupported tests		15
		=== libgomp tests ===


Running target unix

		=== libgomp Summary ===

# of expected passes		2536
# of unsupported tests		2
		=== libjava tests ===


Running target unix

		=== libjava Summary ===

# of expected passes		2574
		=== libstdc++ tests ===


Running target unix
WARNING: program timed out.
FAIL: tr1/2_general_utilities/shared_ptr/thread/default_weaktoshared.cc execution test

		=== libstdc++ Summary ===

# of expected passes		6451
# of unexpected failures	1
# of expected failures		89
# of unsupported tests		555

Compiler version: 4.5.1 (GCC) 
Platform: x86_64-apple-darwin10.4.0
configure flags: --prefix=/sw --prefix=/sw/lib/gcc4.5 --mandir=/sw/share/man --infodir=/sw/lib/gcc4.5/info --enable-languages=c,c++,fortran,objc,obj-c++,java --with-gmp=/sw --with-libiconv-prefix=/sw --with-ppl=/sw --with-cloog=/sw --with-mpc=/sw --with-system-zlib --x-includes=/usr/X11R6/include --x-libraries=/usr/X11R6/lib --program-suffix=-fsf-4.5 --enable-lto --enable-checking=release


Index Nav: [Date Index] [Subject Index] [Author Index] [Thread Index]
Message Nav: [Date Prev] [Date Next] [Thread Prev] [Thread Next]