This is the mail archive of the gcc-testresults@gcc.gnu.org mailing list for the GCC project.


Index Nav: [Date Index] [Subject Index] [Author Index] [Thread Index]
Message Nav: [Date Prev] [Date Next] [Thread Prev] [Thread Next]
Other format: [Raw text]

Results for 4.6.0 20100724 (experimental) [trunk revision 162498] (GCC) testsuite on ia64-suse-linux-gnu


LAST_UPDATED: Sat Jul 24 08:02:23 UTC 2010 (revision 162498)

		=== acats tests ===
FAIL:	c390002
FAIL:	c392002
FAIL:	c392003
FAIL:	c392013
FAIL:	c393008
FAIL:	c393009
FAIL:	c760013
FAIL:	cb1010a
FAIL:	cb1010c
FAIL:	cb1010d
FAIL:	cd72a02
FAIL:	cdd2a01
FAIL:	cdd2a03

		=== acats Summary ===
# of expected passes		2308
# of unexpected failures	13
Native configuration is ia64-suse-linux-gnu

		=== g++ tests ===


Running target unix
FAIL: g++.dg/debug/dwarf2/nested-2.C scan-assembler [^\\n\\r]*\\\\(DIE[^\\n\\r]*DW_TAG_structure_type\\\\)[\\n\\r]+[^\\n\\r]*"S\\\\\\\\0"[ \\t]+#[ \\t]+DW_AT_name[\\n\\r]+(.*)?\\\\(DIE[^\\n\\r]*DW_TAG_structure_type\\\\)[\\n\\r]+[^\\n\\r]*"T<int>\\\\\\\\0"[ \\t]+(.*)?\\\\(DIE[^\\n\\r]*DW_TAG_template_type_param\\\\)[\\n\\r]+[^\\n\\r]*[\\n\\r]+[^\\n\\r]*[\\n\\r]+[^\\n\\r]*#[ \\t]+end of children of DIE[^\\n\\r]*[\\n\\r]+[^\\n\\r]*end of children of DIE[^\\n\\r]*
FAIL: g++.dg/inherit/covariant7.C scan-tree-dump class "48    c6::_ZTcv0_n32_v0_n24_NV2c62f2Ev"
FAIL: g++.dg/inherit/covariant7.C scan-tree-dump class "56    c6::f2"
FAIL: g++.dg/inherit/covariant7.C scan-tree-dump class "160   0u"
FAIL: g++.dg/inherit/covariant7.C scan-tree-dump class "168   c6::_ZTv0_n32_NV2c62f2Ev"
FAIL: c-c++-common/torture/complex-sign-add.c  -O0  execution test
FAIL: c-c++-common/torture/complex-sign-sub.c  -O0  execution test

		=== g++ Summary ===

# of expected passes		22528
# of unexpected failures	7
# of expected failures		147
# of unsupported tests		199
/usr/local/gcc/gcc-20100724/Build/gcc/testsuite/g++/../../g++  version 4.6.0 20100724 (experimental) [trunk revision 162498] (GCC) 

		=== gcc tests ===


Running target unix
FAIL: gcc.dg/builtin-apply4.c execution test
FAIL: gcc.dg/cproj-fails-with-broken-glibc.c execution test
FAIL: gcc.dg/guality/asm-1.c  -O0  (test for excess errors)
WARNING: gcc.dg/guality/asm-1.c  -O0  compilation failed to produce executable
FAIL: gcc.dg/guality/asm-1.c  -O1  (test for excess errors)
WARNING: gcc.dg/guality/asm-1.c  -O1  compilation failed to produce executable
FAIL: gcc.dg/guality/asm-1.c  -O2  (test for excess errors)
WARNING: gcc.dg/guality/asm-1.c  -O2  compilation failed to produce executable
FAIL: gcc.dg/guality/asm-1.c  -O3 -fomit-frame-pointer  (test for excess errors)
WARNING: gcc.dg/guality/asm-1.c  -O3 -fomit-frame-pointer  compilation failed to produce executable
FAIL: gcc.dg/guality/asm-1.c  -O3 -g  (test for excess errors)
WARNING: gcc.dg/guality/asm-1.c  -O3 -g  compilation failed to produce executable
FAIL: gcc.dg/guality/asm-1.c  -Os  (test for excess errors)
WARNING: gcc.dg/guality/asm-1.c  -Os  compilation failed to produce executable
XPASS: gcc.dg/guality/example.c  -O0  execution test
WARNING: program timed out.
XPASS: gcc.dg/guality/guality.c  -O0  execution test
WARNING: program timed out.
FAIL: gcc.dg/guality/inline-params.c  -O0  execution test
FAIL: gcc.dg/guality/inline-params.c  -O1  execution test
FAIL: gcc.dg/guality/pr36728-1.c  -O1  line 12 y == 2
FAIL: gcc.dg/guality/pr36728-1.c  -O1  line 14 y == 2
FAIL: gcc.dg/guality/pr36728-1.c  -O3 -fomit-frame-pointer  line 12 arg7 == 30
FAIL: gcc.dg/guality/pr36728-1.c  -O3 -fomit-frame-pointer  line 14 arg7 == 30
FAIL: gcc.dg/guality/pr36728-1.c  -O3 -g  line 12 arg7 == 30
FAIL: gcc.dg/guality/pr36728-1.c  -O3 -g  line 14 arg7 == 30
FAIL: gcc.dg/guality/pr36728-2.c  -O1  line 12 y == 2
FAIL: gcc.dg/guality/pr36728-2.c  -O1  line 14 y == 2
XPASS: gcc.dg/guality/pr41353-1.c  -O0  line 28 j == 28 + 37
FAIL: gcc.dg/guality/pr41353-1.c  -O3 -fomit-frame-pointer  line 39 i == 12
FAIL: gcc.dg/guality/pr41353-1.c  -O3 -g  line 39 i == 12
XPASS: gcc.dg/guality/pr41447-1.c  -O0  execution test
XPASS: gcc.dg/guality/pr41447-1.c  -O2  execution test
XPASS: gcc.dg/guality/pr41447-1.c  -O3 -fomit-frame-pointer  execution test
XPASS: gcc.dg/guality/pr41447-1.c  -O3 -g  execution test
WARNING: program timed out.
XPASS: gcc.dg/guality/pr41616-1.c  -O0  execution test
FAIL: gcc.dg/guality/pr43051-1.c  -O1  line 34 c == &a[0]
FAIL: gcc.dg/guality/pr43051-1.c  -O1  line 39 c == &a[0]
FAIL: gcc.dg/guality/pr43077-1.c  -O0  line 19 vara == 1
FAIL: gcc.dg/guality/pr43077-1.c  -O1  line 42 b == 2
FAIL: gcc.dg/guality/pr43077-1.c  -O2  line 42 b == 2
FAIL: gcc.dg/guality/pr43077-1.c  -O3 -fomit-frame-pointer  line 42 varb == 2
FAIL: gcc.dg/guality/pr43077-1.c  -O3 -g  line 42 varb == 2
FAIL: gcc.dg/guality/pr43077-1.c  -Os  line 42 b == 2
FAIL: gcc.dg/guality/pr43177.c  -O3 -fomit-frame-pointer  line 15 x == 7
FAIL: gcc.dg/guality/pr43177.c  -O3 -fomit-frame-pointer  line 24 x == 7
FAIL: gcc.dg/guality/pr43177.c  -O3 -g  line 15 x == 7
FAIL: gcc.dg/guality/pr43177.c  -O3 -g  line 24 x == 7
FAIL: gcc.dg/guality/pr43329-1.c  -O0  (test for excess errors)
WARNING: gcc.dg/guality/pr43329-1.c  -O0  compilation failed to produce executable
FAIL: gcc.dg/guality/pr43329-1.c  -O1  (test for excess errors)
WARNING: gcc.dg/guality/pr43329-1.c  -O1  compilation failed to produce executable
FAIL: gcc.dg/guality/pr43329-1.c  -O2  (test for excess errors)
WARNING: gcc.dg/guality/pr43329-1.c  -O2  compilation failed to produce executable
FAIL: gcc.dg/guality/pr43329-1.c  -O3 -fomit-frame-pointer  (test for excess errors)
WARNING: gcc.dg/guality/pr43329-1.c  -O3 -fomit-frame-pointer  compilation failed to produce executable
FAIL: gcc.dg/guality/pr43329-1.c  -O3 -g  (test for excess errors)
WARNING: gcc.dg/guality/pr43329-1.c  -O3 -g  compilation failed to produce executable
FAIL: gcc.dg/guality/pr43329-1.c  -Os  (test for excess errors)
WARNING: gcc.dg/guality/pr43329-1.c  -Os  compilation failed to produce executable
FAIL: gcc.dg/guality/vla-1.c  -O0  line 17 sizeof (a) == 6
FAIL: gcc.dg/guality/vla-1.c  -O0  line 24 sizeof (a) == 17 * sizeof (short)
FAIL: gcc.dg/guality/vla-1.c  -O1  line 24 sizeof (a) == 17 * sizeof (short)
FAIL: gcc.dg/guality/vla-1.c  -O3 -fomit-frame-pointer  line 24 i == 5
FAIL: gcc.dg/guality/vla-1.c  -O3 -g  line 24 i == 5
XPASS: gcc.dg/tree-ssa/20031106-3.c scan-tree-dump-times optimized "link_error" 0
XPASS: gcc.dg/tree-ssa/20040204-1.c scan-tree-dump-times optimized "link_error" 0
XPASS: gcc.dg/tree-ssa/fre-vce-1.c scan-tree-dump-times fre "sv.i" 2
XPASS: gcc.dg/tree-ssa/loop-1.c scan-assembler-times foo 5
XPASS: gcc.dg/vect/pr33804.c scan-tree-dump-times vect "vectorized 1 loops" 1
XPASS: gcc.dg/vect/pr33804.c scan-tree-dump-times vect "vectorizing stmts using SLP" 1
XPASS: gcc.dg/vect/pr33953.c scan-tree-dump-times vect "vectorized 1 loops" 1
XPASS: gcc.dg/vect/pr33953.c scan-tree-dump-times vect "vectorizing stmts using SLP" 1
XPASS: gcc.dg/vect/vect-peel-1.c scan-tree-dump-times vect "vectorized 1 loops" 2
XPASS: gcc.dg/vect/vect-peel-1.c scan-tree-dump-times vect "Alignment of access forced using peeling" 1
XPASS: gcc.dg/vect/vect-peel-2.c scan-tree-dump-times vect "vectorized 1 loops" 2
FAIL: gcc.dg/vect/vect-peel-3.c scan-tree-dump-times vect "Vectorizing an unaligned access" 1
FAIL: gcc.dg/vect/vect-peel-4.c scan-tree-dump-times vect "Vectorizing an unaligned access" 1
XPASS: gcc.dg/vect/vect-vfa-slp.c scan-tree-dump-times vect "vectorized 1 loops" 1
XPASS: gcc.dg/vect/slp-23.c scan-tree-dump-times vect "vectorizing stmts using SLP" 1
XPASS: gcc.dg/vect/slp-24.c scan-tree-dump-times vect "vectorized 1 loops" 1
XPASS: gcc.dg/vect/slp-24.c scan-tree-dump-times vect "vectorizing stmts using SLP" 2
XPASS: gcc.dg/vect/slp-35.c scan-tree-dump-times vect "vectorized 1 loops" 1
XPASS: gcc.dg/vect/slp-35.c scan-tree-dump-times vect "vectorizing stmts using SLP" 1
FAIL: gcc.dg/vect/slp-reduc-3.c scan-tree-dump-times vect "vectorized 1 loops" 2
FAIL: gcc.dg/vect/slp-reduc-3.c scan-tree-dump-times vect "vectorizing stmts using SLP" 1
FAIL: gcc.dg/vect/slp-reduc-6.c scan-tree-dump-times vect "vectorized 1 loops" 2
XPASS: gcc.dg/vect/no-tree-pre-slp-29.c scan-tree-dump-times vect "vectorized 1 loops" 2
XPASS: gcc.dg/vect/no-tree-pre-slp-29.c scan-tree-dump-times vect "vectorizing stmts using SLP" 2

		=== gcc Summary ===

# of expected passes		56286
# of unexpected failures	48
# of unexpected successes	27
# of expected failures		254
# of unsupported tests		855
/usr/local/gcc/gcc-20100724/Build/gcc/xgcc  version 4.6.0 20100724 (experimental) [trunk revision 162498] (GCC) 

		=== gfortran tests ===


Running target unix
FAIL: gfortran.dg/maxlocval_3.f90  -O3 -fomit-frame-pointer -funroll-loops  (test for excess errors)
FAIL: gfortran.dg/maxlocval_3.f90  -O3 -fomit-frame-pointer -funroll-all-loops -finline-functions  (test for excess errors)

		=== gfortran Summary ===

# of expected passes		35160
# of unexpected failures	2
# of expected failures		47
# of unsupported tests		54
/usr/local/gcc/gcc-20100724/Build/gcc/testsuite/gfortran/../../gfortran  version 4.6.0 20100724 (experimental) [trunk revision 162498] (GCC) 

		=== gnat tests ===


Running target unix
FAIL: gnat.dg/stack_check1.adb execution test
FAIL: gnat.dg/stack_check2.adb execution test

		=== gnat Summary ===

# of expected passes		814
# of unexpected failures	2
# of expected failures		10
# of unsupported tests		4
		=== obj-c++ tests ===


Running target unix
WARNING: obj-c++.dg/lookup-2.mm -fgnu-runtime compilation failed to produce executable
WARNING: obj-c++.dg/try-catch-2.mm -fgnu-runtime compilation failed to produce executable
WARNING: obj-c++.dg/try-catch-9.mm -fgnu-runtime compilation failed to produce executable

		=== obj-c++ Summary ===

# of expected passes		526
# of expected failures		11
# of unsupported tests		15
/usr/local/gcc/gcc-20100724/Build/gcc/testsuite/obj-c++/../../g++  version 4.6.0 20100724 (experimental) [trunk revision 162498] (GCC) 

		=== objc tests ===


Running target unix

		=== objc Summary ===

# of expected passes		1965
# of expected failures		15
# of unsupported tests		21
/usr/local/gcc/gcc-20100724/Build/gcc/xgcc  version 4.6.0 20100724 (experimental) [trunk revision 162498] (GCC) 

		=== libffi tests ===


Running target unix

		=== libffi Summary ===

# of expected passes		1624
# of expected failures		10
# of unsupported tests		15
		=== libgomp tests ===


Running target unix
FAIL: libgomp.c/omp-loop03.c execution test
FAIL: libgomp.c++/loop-3.C  -O  execution test

		=== libgomp Summary ===

# of expected passes		2492
# of unexpected failures	2
		=== libjava tests ===


Running target unix
FAIL: getlocalvartable output
FAIL: Throw_3 -O3 output - source compiled test
FAIL: Throw_3 -O3 -findirect-dispatch output - source compiled test

		=== libjava Summary ===

# of expected passes		2571
# of unexpected failures	3
		=== libmudflap tests ===


Running target unix
FAIL: libmudflap.c/pass49-frag.c execution test
FAIL: libmudflap.c/pass49-frag.c output pattern test
FAIL: libmudflap.c/pass49-frag.c execution test
FAIL: libmudflap.c/pass49-frag.c output pattern test
FAIL: libmudflap.c/pass49-frag.c (-static) execution test
FAIL: libmudflap.c/pass49-frag.c (-static) output pattern test
FAIL: libmudflap.c/pass49-frag.c (-static) execution test
FAIL: libmudflap.c/pass49-frag.c (-static) output pattern test
FAIL: libmudflap.c/pass49-frag.c (-O2) execution test
FAIL: libmudflap.c/pass49-frag.c (-O2) output pattern test
FAIL: libmudflap.c/pass49-frag.c (-O2) execution test
FAIL: libmudflap.c/pass49-frag.c (-O2) output pattern test
FAIL: libmudflap.c/pass49-frag.c (-O3) execution test
FAIL: libmudflap.c/pass49-frag.c (-O3) output pattern test
FAIL: libmudflap.c/pass49-frag.c (-O3) execution test
FAIL: libmudflap.c/pass49-frag.c (-O3) output pattern test
FAIL: libmudflap.c++/pass41-frag.cxx execution test
FAIL: libmudflap.c++/pass41-frag.cxx (-static) execution test
FAIL: libmudflap.c++/pass41-frag.cxx (-O2) execution test
FAIL: libmudflap.c++/pass41-frag.cxx (-O3) execution test

		=== libmudflap Summary ===

# of expected passes		1874
# of unexpected failures	20
		=== libstdc++ tests ===


Running target unix

		=== libstdc++ Summary ===

# of expected passes		7649
# of expected failures		60
# of unsupported tests		29

Compiler version: 4.6.0 20100724 (experimental) [trunk revision 162498] (GCC) 
Platform: ia64-suse-linux-gnu
configure flags: --prefix=/usr --build=ia64-suse-linux --host=ia64-suse-linux --enable-shared --enable-threads --enable-__cxa_atexit --with-system-zlib --with-system-libunwind


Index Nav: [Date Index] [Subject Index] [Author Index] [Thread Index]
Message Nav: [Date Prev] [Date Next] [Thread Prev] [Thread Next]