This is the mail archive of the gcc-testresults@gcc.gnu.org mailing list for the GCC project.


Index Nav: [Date Index] [Subject Index] [Author Index] [Thread Index]
Message Nav: [Date Prev] [Date Next] [Thread Prev] [Thread Next]
Other format: [Raw text]

Results for 4.4.5 20100723 (prerelease) [gcc-4_4-branch revision 162490] (GCC) testsuite on hppa2.0w-hp-hpux11.11


LAST_UPDATED: Fri Jul 23 21:55:17 UTC 2010 (revision 162490)

		=== acats tests ===

		=== acats Summary ===
# of expected passes		2315
# of unexpected failures	0
Native configuration is hppa2.0w-hp-hpux11.11

		=== g++ tests ===


Running target unix

		=== g++ Summary ===

# of expected passes		18462
# of expected failures		159
# of unsupported tests		262
/mnt/gnu/gcc/objdir-test/gcc/testsuite/g++/../../g++  version 4.4.5 20100723 (prerelease) [gcc-4_4-branch revision 162490] (GCC) 

		=== gcc tests ===


Running target unix

		=== gcc Summary ===

# of expected passes		49395
# of expected failures		115
# of unsupported tests		697
/mnt/gnu/gcc/objdir-test/gcc/xgcc  version 4.4.5 20100723 (prerelease) [gcc-4_4-branch revision 162490] (GCC) 

		=== gfortran tests ===


Running target unix
FAIL: gfortran.dg/pr41928.f90  -O  (internal compiler error)
FAIL: gfortran.dg/pr41928.f90  -O  (test for excess errors)

		=== gfortran Summary ===

# of expected passes		29298
# of unexpected failures	2
# of expected failures		9
# of unsupported tests		280
/mnt/gnu/gcc/objdir-test/gcc/testsuite/gfortran/../../gfortran  version 4.4.5 20100723 (prerelease) [gcc-4_4-branch revision 162490] (GCC) 

		=== gnat tests ===


Running target unix

		=== gnat Summary ===

# of expected passes		620
# of expected failures		6
		=== obj-c++ tests ===


Running target unix
XPASS: obj-c++.dg/comp-types-10.mm (test for excess errors)
WARNING: obj-c++.dg/lookup-2.mm compilation failed to produce executable
WARNING: obj-c++.dg/try-catch-2.mm compilation failed to produce executable
WARNING: obj-c++.dg/try-catch-9.mm compilation failed to produce executable

		=== obj-c++ Summary ===

# of expected passes		434
# of unexpected successes	1
# of expected failures		9
# of unsupported tests		14
/mnt/gnu/gcc/objdir-test/gcc/testsuite/obj-c++/../../g++  version 4.4.5 20100723 (prerelease) [gcc-4_4-branch revision 162490] (GCC) 

		=== objc tests ===


Running target unix

		=== objc Summary ===

# of expected passes		1860
# of expected failures		15
# of unsupported tests		27
/mnt/gnu/gcc/objdir-test/gcc/xgcc  version 4.4.5 20100723 (prerelease) [gcc-4_4-branch revision 162490] (GCC) 

		=== libffi tests ===


Running target unix

		=== libffi Summary ===

# of expected passes		1389
# of unsupported tests		10
		=== libgomp tests ===


Running target unix

		=== libgomp Summary ===

# of expected passes		2458
# of unsupported tests		9
		=== libjava tests ===


Running target unix
FAIL: LargeFile execution - source compiled test
FAIL: LargeFile -findirect-dispatch execution - source compiled test
FAIL: LargeFile -O3 execution - source compiled test
FAIL: LargeFile -O3 -findirect-dispatch execution - source compiled test

		=== libjava Summary ===

# of expected passes		2566
# of unexpected failures	4
# of untested testcases		4
		=== libstdc++ tests ===


Running target unix

		=== libstdc++ Summary ===

# of expected passes		5486
# of expected failures		72
# of unsupported tests		530

Compiler version: 4.4.5 20100723 (prerelease) [gcc-4_4-branch revision 162490] (GCC) 
Platform: hppa2.0w-hp-hpux11.11
configure flags: --with-gnu-as --with-as=/opt/gnu/bin/as --enable-shared --with-local-prefix=/opt/gnu --prefix=/opt/gnu/gcc/gcc-4.4.4 --with-gmp=/opt/gnu/gcc/gcc-4.4.4 --enable-threads=posix --enable-debug=no --disable-nls --without-cloog --without-ppl --enable-checking=release --enable-languages=c,c++,objc,fortran,java,ada,obj-c++


Index Nav: [Date Index] [Subject Index] [Author Index] [Thread Index]
Message Nav: [Date Prev] [Date Next] [Thread Prev] [Thread Next]