This is the mail archive of the
gcc-testresults@gcc.gnu.org
mailing list for the GCC project.
Results for 4.4.4 (Blastwave.org Inc. Fri Jul 23 15:32:37 GMT 2010) testsuite on i386-pc-solaris2.10
- From: Dennis Clarke <dclarke at blastwave dot org>
- To: gcc-testresults at gcc dot gnu dot org
- Date: Sat, 24 Jul 2010 11:31:15 -0400 (EDT)
- Subject: Results for 4.4.4 (Blastwave.org Inc. Fri Jul 23 15:32:37 GMT 2010) testsuite on i386-pc-solaris2.10
- Reply-to: dclarke at blastwave dot org
Build System :
----------------------------------------------------------------------------
[fortius] uname -a
SunOS fortius 5.10 Generic_142901-11 i86pc i386 i86pc
[fortius] cat /etc/release
Solaris 10 10/09 s10x_u8wos_08a X86
Copyright 2009 Sun Microsystems, Inc. All Rights Reserved.
Use is subject to license terms.
Assembled 16 September 2009
[fortius] psrinfo -pv
The physical processor has 2 virtual processors (0 1)
x86 (chipid 0x0 AuthenticAMD family 15 model 65 step 3 clock 2593 MHz)
Dual-Core AMD Opteron(tm) Processor 2218 HE
The physical processor has 2 virtual processors (2 3)
x86 (chipid 0x1 AuthenticAMD family 15 model 65 step 3 clock 2593 MHz)
Dual-Core AMD Opteron(tm) Processor 2218 HE
ld was Sun/Oracle/Vendor provided.
Binutils provided gas and nm and other tools :
[fortius] gas --version
GNU assembler (GNU Binutils) 2.19.1
Copyright 2007 Free Software Foundation, Inc.
This program is free software; you may redistribute it under the terms of
the GNU General Public License version 3 or later.
This program has absolutely no warranty.
This assembler was configured for a target of `i386-pc-solaris2.8'.
Initial Compiler Details :
[fortius] pkginfo -l CSWgcc4
PKGINST: CSWgcc4
NAME: gcc4 - GNU Compiler Collection Version 4.3.4
CATEGORY: application
ARCH: i386
VERSION: 4.3.4,REV=2009.09.29
BASEDIR: /opt/csw
VENDOR: http://gcc.gnu.org/gcc-4.3 packaged for CSW by Blastwave(tm)
DESC: CSWgcc4 - GNU Compiler Collection Version 4.3.4
PSTAMP: orcus20090929031415
INSTDATE: Jul 11 2010 17:30
HOTLINE: http://www.blastwave.org/
EMAIL: dclarke@blastwave.org
STATUS: completely installed
FILES: 991 installed pathnames
9 shared pathnames
130 directories
32 executables
376000 blocks used (approx)
Configure Line :
../gcc-4.4.4/configure --host=i386-pc-solaris2.10
--build=i386-pc-solaris2.10 --with-gnu-as
--with-as=/opt/csw/bin/gas --without-gnu-ld
--with-ld=/usr/ccs/bin/ld --with-cpu-32=i386
--with-cpu-64=opteron --with-arch-32=i386
--with-arch-64=opteron --enable-stage1-languages=c
--enable-nls --with-libiconv-prefix=/usr/local
--enable-threads=posix --with-gmp=/usr/local
--with-mpfr=/usr/local --with-mpc=/usr/local
--prefix=/usr/local/gcc4 --with-local-prefix=/usr/local
--enable-shared --enable-multilib --with-system-zlib
--with-pkgversion='Blastwave.org Inc. Fri Jul 23 15:32:37 GMT 2010'
--with-bugurl=http://www.blastwave.org/support
--enable-languages=c,c++,objc,fortran --enable-bootstrap
[fortius] ../gcc-4.4.4/contrib/test_summary
cat <<'EOF' |
LAST_UPDATED: Obtained from SVN: tags/gcc_4_4_4_release revision 158895
Native configuration is i386-pc-solaris2.10
=== g++ tests ===
Running target unix
FAIL: g++.dg/ext/visibility/fvisibility-inlines-hidden-2.C scan-not-hidden
FAIL: g++.dg/ext/visibility/fvisibility-inlines-hidden-3.C scan-not-hidden
FAIL: g++.dg/ext/visibility/fvisibility-inlines-hidden-3.C scan-not-hidden
FAIL: g++.dg/ext/visibility/fvisibility-override1.C scan-not-hidden
FAIL: g++.dg/ext/visibility/fvisibility-override2.C scan-not-hidden
FAIL: g++.dg/ext/visibility/guard1.C scan-not-hidden
FAIL: g++.dg/ext/visibility/ms-compat-1.C scan-not-hidden
FAIL: g++.dg/ext/visibility/ms-compat-1.C scan-not-hidden
FAIL: g++.dg/ext/visibility/ms-compat-1.C scan-not-hidden
FAIL: g++.dg/ext/visibility/namespace1.C scan-not-hidden
FAIL: g++.dg/ext/visibility/new1.C scan-not-hidden
FAIL: g++.dg/ext/visibility/template1.C scan-not-hidden
FAIL: g++.dg/ext/visibility/template1.C scan-not-hidden
FAIL: g++.dg/ext/visibility/template2.C scan-not-hidden
FAIL: g++.dg/ext/visibility/template2.C scan-not-hidden
FAIL: g++.dg/ext/visibility/template3.C scan-not-hidden
FAIL: g++.dg/ext/visibility/template3.C scan-not-hidden
FAIL: g++.dg/ext/visibility/template4.C scan-not-hidden
FAIL: g++.dg/ext/visibility/template4.C scan-not-hidden
FAIL: g++.dg/ext/visibility/template4.C scan-not-hidden
FAIL: g++.dg/ext/visibility/template4.C scan-not-hidden
FAIL: g++.dg/ext/visibility/template6.C scan-not-hidden
FAIL: g++.dg/ext/visibility/typeinfo1.C scan-not-hidden
FAIL: g++.dg/ext/visibility/typeinfo1.C scan-not-hidden
FAIL: g++.dg/ext/visibility/typeinfo2.C scan-not-hidden
FAIL: g++.dg/ext/visibility/typeinfo3.C scan-not-hidden
FAIL: g++.dg/ext/visibility/typeinfo3.C scan-not-hidden
FAIL: g++.dg/ext/visibility/warn3.C scan-not-hidden
XPASS: g++.dg/other/ucnid-1.C (test for excess errors)
FAIL: g++.old-deja/g++.mike/visibility-1.C scan-not-hidden
XPASS: g++.old-deja/g++.oliva/dwarf2.C (test for excess errors)
XPASS: g++.old-deja/g++.oliva/dwarf3.C (test for excess errors)
XPASS: g++.old-deja/g++.other/init19.C execution test
=== g++ Summary ===
# of expected passes 20118
# of unexpected failures 29
# of unexpected successes 4
# of expected failures 158
# of unsupported tests 136
/export/home/dclarke/build/GCC/gcc-4.4.4-001/gcc/testsuite/g++/../../g++
version 4.4.4 (Blastwave.org Inc. Fri Jul 23 15:32:37 GMT 2010)
=== gcc tests ===
Running target unix
FAIL: gcc.c-torture/execute/990127-2.c execution, -O2
FAIL: gcc.c-torture/execute/990127-2.c execution, -Os
XPASS: gcc.dg/ucnid-2.c (test for excess errors)
XPASS: gcc.dg/ucnid-3.c (test for excess errors)
XPASS: gcc.dg/ucnid-4.c (test for excess errors)
FAIL: gcc.dg/visibility-d.c scan-not-hidden
FAIL: gcc.dg/visibility-d.c scan-not-hidden
FAIL: gcc.dg/visibility-d.c scan-not-hidden
FAIL: gcc.dg/visibility-d.c scan-not-hidden
FAIL: gcc.dg/visibility-d.c scan-not-hidden
FAIL: gcc.dg/visibility-d.c scan-not-hidden
FAIL: gcc.dg/visibility-d.c scan-not-hidden
FAIL: gcc.dg/visibility-d.c scan-not-hidden
FAIL: gcc.dg/visibility-d.c scan-not-hidden
FAIL: gcc.dg/visibility-d.c scan-not-hidden
FAIL: gcc.dg/visibility-d.c scan-not-hidden
FAIL: gcc.dg/visibility-d.c scan-not-hidden
FAIL: gcc.dg/visibility-d.c scan-not-hidden
FAIL: gcc.dg/visibility-d.c scan-not-hidden
FAIL: gcc.dg/visibility-d.c scan-not-hidden
FAIL: gcc.dg/visibility-d.c scan-not-hidden
FAIL: gcc.dg/visibility-d.c scan-not-hidden
FAIL: gcc.dg/visibility-d.c scan-not-hidden
FAIL: gcc.dg/visibility-d.c scan-not-hidden
FAIL: gcc.dg/visibility-d.c scan-not-hidden
FAIL: gcc.dg/visibility-d.c scan-not-hidden
FAIL: gcc.dg/visibility-d.c scan-not-hidden
FAIL: gcc.dg/visibility-d.c scan-not-hidden
FAIL: gcc.dg/visibility-d.c scan-not-hidden
FAIL: gcc.dg/visibility-d.c scan-not-hidden
FAIL: gcc.dg/visibility-d.c scan-not-hidden
FAIL: gcc.dg/visibility-d.c scan-not-hidden
FAIL: gcc.dg/visibility-d.c scan-not-hidden
FAIL: gcc.dg/visibility-d.c scan-not-hidden
FAIL: gcc.dg/visibility-d.c scan-not-hidden
XPASS: largefile.c -O0 -g (test for excess errors)
FAIL: gcc.dg/pch/largefile.c -O0 -g assembly comparison
FAIL: gcc.dg/pch/largefile.c -O0 assembly comparison
FAIL: gcc.dg/pch/largefile.c -O1 assembly comparison
FAIL: gcc.dg/pch/largefile.c -O2 assembly comparison
XPASS: largefile.c -O3 -fomit-frame-pointer (test for excess errors)
FAIL: gcc.dg/pch/largefile.c -O3 -fomit-frame-pointer assembly comparison
XPASS: largefile.c -O3 -g (test for excess errors)
FAIL: gcc.dg/pch/largefile.c -O3 -g assembly comparison
FAIL: gcc.dg/pch/largefile.c -Os assembly comparison
FAIL: gcc.dg/torture/fp-int-convert-float128-timode.c -O0 (test for
excess errors)
WARNING: gcc.dg/torture/fp-int-convert-float128-timode.c -O0 compilation
failed to produce executable
FAIL: gcc.dg/torture/fp-int-convert-float128-timode.c -O1 (test for
excess errors)
WARNING: gcc.dg/torture/fp-int-convert-float128-timode.c -O1 compilation
failed to produce executable
FAIL: gcc.dg/torture/fp-int-convert-float128-timode.c -O2 (test for
excess errors)
WARNING: gcc.dg/torture/fp-int-convert-float128-timode.c -O2 compilation
failed to produce executable
FAIL: gcc.dg/torture/fp-int-convert-float128-timode.c -O3
-fomit-frame-pointer (test for excess errors)
WARNING: gcc.dg/torture/fp-int-convert-float128-timode.c -O3
-fomit-frame-pointer compilation failed to produce executable
FAIL: gcc.dg/torture/fp-int-convert-float128-timode.c -O3 -g (test for
excess errors)
WARNING: gcc.dg/torture/fp-int-convert-float128-timode.c -O3 -g
compilation failed to produce executable
FAIL: gcc.dg/torture/fp-int-convert-float128-timode.c -Os (test for
excess errors)
WARNING: gcc.dg/torture/fp-int-convert-float128-timode.c -Os compilation
failed to produce executable
FAIL: gcc.dg/torture/fp-int-convert-float128.c -O0 (test for excess errors)
WARNING: gcc.dg/torture/fp-int-convert-float128.c -O0 compilation failed
to produce executable
FAIL: gcc.dg/torture/fp-int-convert-float128.c -O1 (test for excess errors)
WARNING: gcc.dg/torture/fp-int-convert-float128.c -O1 compilation failed
to produce executable
FAIL: gcc.dg/torture/fp-int-convert-float128.c -O2 (test for excess errors)
WARNING: gcc.dg/torture/fp-int-convert-float128.c -O2 compilation failed
to produce executable
FAIL: gcc.dg/torture/fp-int-convert-float128.c -O3 -fomit-frame-pointer
(test for excess errors)
WARNING: gcc.dg/torture/fp-int-convert-float128.c -O3
-fomit-frame-pointer compilation failed to produce executable
FAIL: gcc.dg/torture/fp-int-convert-float128.c -O3 -g (test for excess
errors)
WARNING: gcc.dg/torture/fp-int-convert-float128.c -O3 -g compilation
failed to produce executable
FAIL: gcc.dg/torture/fp-int-convert-float128.c -Os (test for excess errors)
WARNING: gcc.dg/torture/fp-int-convert-float128.c -Os compilation failed
to produce executable
XPASS: gcc.dg/tree-ssa/20040204-1.c scan-tree-dump-times optimized
"link_error" 0
FAIL: gcc.dg/tree-ssa/ltrans-1.c scan-tree-dump-times ltrans "converted
loop nest to perfect loop nest" 1
FAIL: gcc.dg/tree-ssa/ltrans-1.c scan-tree-dump-times ltrans "transformed
loop" 1
FAIL: gcc.dg/tree-ssa/ltrans-3.c scan-tree-dump-times ltrans "transformed
loop" 1
FAIL: gcc.dg/tree-ssa/ltrans-4.c scan-tree-dump-times ltrans "transformed
loop" 1
FAIL: gcc.dg/tree-ssa/ltrans-5.c scan-tree-dump-times ltrans "transformed
loop" 1
FAIL: gcc.dg/tree-ssa/ltrans-6.c scan-tree-dump-times ltrans "transformed
loop" 1
FAIL: gcc.dg/tree-ssa/ltrans-8.c scan-tree-dump-times ltrans "transformed
loop" 1
FAIL: gcc.dg/tree-ssa/vrp47.c scan-tree-dump-times vrp1 "[xy][^ ]* !=" 0
FAIL: gcc.dg/tree-ssa/vrp47.c scan-tree-dump-times dom1 "x[^ ]* & y" 1
FAIL: gcc.dg/tree-ssa/vrp47.c scan-tree-dump-times vrp1 "x[^ ]* [|] y" 1
FAIL: gcc.target/i386/abi-2.c scan-assembler-times ymm0 1
FAIL: gcc.target/i386/avx-vmovntdq-256-1.c (test for excess errors)
WARNING: gcc.target/i386/avx-vmovntdq-256-1.c compilation failed to
produce executable
FAIL: gcc.target/i386/avx-vmovntpd-256-1.c (test for excess errors)
WARNING: gcc.target/i386/avx-vmovntpd-256-1.c compilation failed to
produce executable
FAIL: gcc.target/i386/avx-vmovntps-256-1.c (test for excess errors)
WARNING: gcc.target/i386/avx-vmovntps-256-1.c compilation failed to
produce executable
FAIL: gcc.target/i386/pr22076.c scan-assembler-times movq 3
FAIL: gcc.target/i386/pr22076.c scan-assembler-not movl
=== gcc Summary ===
# of expected passes 57009
# of unexpected failures 67
# of unexpected successes 7
# of expected failures 197
# of unsupported tests 518
/export/home/dclarke/build/GCC/gcc-4.4.4-001/gcc/xgcc version 4.4.4
(Blastwave.org Inc. Fri Jul 23 15:32:37 GMT 2010)
=== gfortran tests ===
Running target unix
FAIL: gfortran.dg/array_constructor_23.f -O3 -fomit-frame-pointer
execution test
FAIL: gfortran.dg/array_constructor_23.f -O3 -fomit-frame-pointer
-funroll-loops execution test
FAIL: gfortran.dg/array_constructor_23.f -O3 -fomit-frame-pointer
-funroll-all-loops -finline-functions execution test
FAIL: gfortran.dg/array_constructor_23.f -O3 -g execution test
FAIL: gfortran.dg/ltrans-7.f90 -O scan-tree-dump-times ltrans
"transformed loop" 1
=== gfortran Summary ===
# of expected passes 30129
# of unexpected failures 5
# of expected failures 10
# of unsupported tests 122
/export/home/dclarke/build/GCC/gcc-4.4.4-001/gcc/testsuite/gfortran/../../gfortran
version 4.4.4 (Blastwave.org Inc. Fri Jul 23 15:32:37 GMT 2010)
=== objc tests ===
Running target unix
=== objc Summary ===
# of expected passes 1874
# of expected failures 7
# of unsupported tests 24
/export/home/dclarke/build/GCC/gcc-4.4.4-001/gcc/xgcc version 4.4.4
(Blastwave.org Inc. Fri Jul 23 15:32:37 GMT 2010)
=== libgomp tests ===
Running target unix
=== libgomp Summary ===
# of expected passes 2454
# of unsupported tests 2
=== libstdc++ tests ===
Running target unix
=== libstdc++ Summary ===
# of expected passes 5754
# of expected failures 81
# of unsupported tests 398
Compiler version: 4.4.4 (Blastwave.org Inc. Fri Jul 23 15:32:37 GMT 2010)
Platform: i386-pc-solaris2.10
configure flags: --host=i386-pc-solaris2.10 --build=i386-pc-solaris2.10
--with-gnu-as --with-as=/opt/csw/bin/gas --without-gnu-ld
--with-ld=/usr/ccs/bin/ld --with-cpu-32=i386 --with-cpu-64=opteron
--with-arch-32=i386 --with-arch-64=opteron --enable-stage1-languages=c
--enable-nls --with-libiconv-prefix=/usr/local --enable-threads=posix
--with-gmp=/usr/local --with-mpfr=/usr/local --with-mpc=/usr/local
--prefix=/usr/local/gcc4 --with-local-prefix=/usr/local --enable-shared
--enable-multilib --with-system-zlib --with-pkgversion='Blastwave.org Inc.
Fri Jul 23 15:32:37 GMT 2010'
--with-bugurl=http://www.blastwave.org/support
--enable-languages=c,c++,objc,fortran --enable-bootstrap
EOF
--
Dennis Clarke
dclarke@opensolaris.ca <- Email related to the open source Solaris
dclarke@blastwave.org <- Email related to open source for Solaris