This is the mail archive of the
gcc-testresults@gcc.gnu.org
mailing list for the GCC project.
Results for 4.6.0 20100722 (experimental) (GCC) testsuite on i386-pc-solaris2.11
- From: Rainer Orth <ro at CeBiTec dot Uni-Bielefeld dot DE>
- To: gcc-testresults at gcc dot gnu dot org
- Date: Fri, 23 Jul 2010 13:38:26 +0200 (MEST)
- Subject: Results for 4.6.0 20100722 (experimental) (GCC) testsuite on i386-pc-solaris2.11
=== acats tests ===
=== acats Summary ===
# of expected passes 2321
# of unexpected failures 0
Native configuration is i386-pc-solaris2.11
=== g++ tests ===
Running target unix
FAIL: g++.dg/lto/20081109 cp_lto_20081109_0.o-cp_lto_20081109_1.o execute -O2 -fwhopr
=== g++ Summary for unix ===
# of expected passes 24284
# of unexpected failures 1
# of expected failures 150
# of unsupported tests 170
Running target unix/-m64
FAIL: g++.dg/tls/static-1.C execution test
=== g++ Summary for unix/-m64 ===
# of expected passes 24523
# of unexpected failures 1
# of expected failures 150
# of unsupported tests 365
=== g++ Summary ===
# of expected passes 48807
# of unexpected failures 2
# of expected failures 300
# of unsupported tests 535
/var/gcc/regression/trunk/11-gcc/build/gcc/testsuite/g++/../../g++ version 4.6.0 20100722 (experimental) (GCC)
=== gcc tests ===
Running target unix
WARNING: program timed out.
FAIL: gcc.dg/pr43058.c (test for excess errors)
XPASS: gcc.dg/tree-ssa/20031106-3.c scan-tree-dump-times optimized "link_error" 0
XPASS: gcc.dg/tree-ssa/20040204-1.c scan-tree-dump-times optimized "link_error" 0
XPASS: gcc.dg/tree-ssa/fre-vce-1.c scan-tree-dump-times fre "sv.i" 2
FAIL: gcc.target/i386/abi-2.c scan-assembler-times ymm0 1
FAIL: gcc.target/i386/pr22076.c scan-assembler-times movq 3
FAIL: gcc.target/i386/pr22076.c scan-assembler-not movl
=== gcc Summary for unix ===
# of expected passes 71360
# of unexpected failures 4
# of unexpected successes 3
# of expected failures 195
# of unsupported tests 1168
Running target unix/-m64
UNRESOLVED: gcc.c-torture/execute/960321-1.c execution, -O1
UNRESOLVED: gcc.c-torture/execute/960321-1.c execution, -O2
UNRESOLVED: gcc.c-torture/execute/960321-1.c execution, -O3 -fomit-frame-pointer
UNRESOLVED: gcc.c-torture/execute/960321-1.c execution, -O3 -g
UNRESOLVED: gcc.c-torture/execute/960321-1.c execution, -Os
UNRESOLVED: gcc.c-torture/execute/960321-1.c execution, -O2 -flto
UNRESOLVED: gcc.c-torture/execute/960321-1.c execution, -O2 -fwhopr
FAIL: gcc.dg/cpp/trad/include.c (internal compiler error)
FAIL: gcc.dg/cpp/trad/include.c (test for excess errors)
XPASS: gcc.dg/tree-ssa/20031106-3.c scan-tree-dump-times optimized "link_error" 0
XPASS: gcc.dg/tree-ssa/20040204-1.c scan-tree-dump-times optimized "link_error" 0
XPASS: gcc.dg/tree-ssa/fre-vce-1.c scan-tree-dump-times fre "sv.i" 2
=== gcc Summary for unix/-m64 ===
# of expected passes 71412
# of unexpected failures 2
# of unexpected successes 3
# of expected failures 201
# of unresolved testcases 7
# of unsupported tests 1551
=== gcc Summary ===
# of expected passes 142772
# of unexpected failures 6
# of unexpected successes 6
# of expected failures 396
# of unresolved testcases 7
# of unsupported tests 2719
/var/gcc/regression/trunk/11-gcc/build/gcc/xgcc version 4.6.0 20100722 (experimental) (GCC)
=== gfortran tests ===
Running target unix
=== gfortran Summary for unix ===
# of expected passes 35032
# of expected failures 22
# of unsupported tests 145
Running target unix/-m64
=== gfortran Summary for unix/-m64 ===
# of expected passes 35185
# of expected failures 22
# of unsupported tests 77
=== gfortran Summary ===
# of expected passes 70217
# of expected failures 44
# of unsupported tests 222
/var/gcc/regression/trunk/11-gcc/build/gcc/testsuite/gfortran/../../gfortran version 4.6.0 20100722 (experimental) (GCC)
=== gnat tests ===
Running target unix
FAIL: gnat.dg/aliasing3.adb execution test
=== gnat Summary for unix ===
# of expected passes 804
# of unexpected failures 1
# of expected failures 10
# of unsupported tests 4
Running target unix/-m64
=== gnat Summary for unix/-m64 ===
# of expected passes 805
# of expected failures 10
# of unsupported tests 4
=== gnat Summary ===
# of expected passes 1609
# of unexpected failures 1
# of expected failures 20
# of unsupported tests 8
=== objc tests ===
Running target unix
=== objc Summary for unix ===
# of expected passes 1991
# of expected failures 7
# of unsupported tests 28
Running target unix/-m64
=== objc Summary for unix/-m64 ===
# of expected passes 1983
# of expected failures 15
# of unsupported tests 28
=== objc Summary ===
# of expected passes 3974
# of expected failures 22
# of unsupported tests 56
/var/gcc/regression/trunk/11-gcc/build/gcc/xgcc version 4.6.0 20100722 (experimental) (GCC)
=== libffi tests ===
Running target unix
=== libffi Summary for unix ===
# of expected passes 1624
# of expected failures 10
# of unsupported tests 15
Running target unix/-m64
=== libffi Summary for unix/-m64 ===
# of expected passes 1624
# of expected failures 10
# of unsupported tests 15
=== libffi Summary ===
# of expected passes 3248
# of expected failures 20
# of unsupported tests 30
=== libgomp tests ===
Running target unix
=== libgomp Summary for unix ===
# of expected passes 2490
# of unsupported tests 2
Running target unix/-m64
FAIL: libgomp.c/atomic-2.c (test for excess errors)
WARNING: libgomp.c/atomic-2.c compilation failed to produce executable
FAIL: libgomp.c/atomic-5.c (test for excess errors)
WARNING: libgomp.c/atomic-5.c compilation failed to produce executable
FAIL: libgomp.c/copyin-3.c execution test
FAIL: libgomp.c/nqueens-1.c execution test
FAIL: libgomp.c/pr24455.c execution test
FAIL: libgomp.c++/ctor-10.C -O0 execution test
FAIL: libgomp.c++/ctor-10.C -O1 execution test
FAIL: libgomp.c++/ctor-10.C -O2 execution test
FAIL: libgomp.c++/ctor-10.C -O3 -fomit-frame-pointer execution test
FAIL: libgomp.c++/ctor-10.C -O3 -fomit-frame-pointer -funroll-loops execution test
FAIL: libgomp.c++/ctor-10.C -O3 -fomit-frame-pointer -funroll-all-loops -finline-functions execution test
FAIL: libgomp.c++/ctor-10.C -O3 -g execution test
FAIL: libgomp.c++/ctor-10.C -Os execution test
FAIL: libgomp.c++/pr24455.C -O0 execution test
FAIL: libgomp.c++/pr24455.C -O1 execution test
FAIL: libgomp.c++/pr24455.C -O2 execution test
FAIL: libgomp.c++/pr24455.C -O3 -fomit-frame-pointer execution test
FAIL: libgomp.c++/pr24455.C -O3 -fomit-frame-pointer -funroll-loops execution test
FAIL: libgomp.c++/pr24455.C -O3 -fomit-frame-pointer -funroll-all-loops -finline-functions execution test
FAIL: libgomp.c++/pr24455.C -O3 -g execution test
FAIL: libgomp.c++/pr24455.C -Os execution test
FAIL: libgomp.fortran/appendix-a/a.22.8.f90 -O0 execution test
FAIL: libgomp.fortran/appendix-a/a.22.8.f90 -O1 execution test
FAIL: libgomp.fortran/appendix-a/a.22.8.f90 -O2 execution test
FAIL: libgomp.fortran/appendix-a/a.22.8.f90 -O3 -fomit-frame-pointer execution test
FAIL: libgomp.fortran/appendix-a/a.22.8.f90 -O3 -fomit-frame-pointer -funroll-loops execution test
FAIL: libgomp.fortran/appendix-a/a.22.8.f90 -O3 -fomit-frame-pointer -funroll-all-loops -finline-functions execution test
FAIL: libgomp.fortran/appendix-a/a.22.8.f90 -O3 -g execution test
FAIL: libgomp.fortran/appendix-a/a.22.8.f90 -Os execution test
FAIL: libgomp.fortran/threadprivate1.f90 -O0 execution test
FAIL: libgomp.fortran/threadprivate1.f90 -O1 execution test
FAIL: libgomp.fortran/threadprivate1.f90 -O2 execution test
FAIL: libgomp.fortran/threadprivate1.f90 -O3 -fomit-frame-pointer execution test
FAIL: libgomp.fortran/threadprivate1.f90 -O3 -fomit-frame-pointer -funroll-loops execution test
FAIL: libgomp.fortran/threadprivate1.f90 -O3 -fomit-frame-pointer -funroll-all-loops -finline-functions execution test
FAIL: libgomp.fortran/threadprivate1.f90 -O3 -g execution test
FAIL: libgomp.fortran/threadprivate1.f90 -Os execution test
FAIL: libgomp.fortran/threadprivate2.f90 -O0 execution test
FAIL: libgomp.fortran/threadprivate2.f90 -O1 execution test
FAIL: libgomp.fortran/threadprivate2.f90 -O2 execution test
FAIL: libgomp.fortran/threadprivate2.f90 -O3 -fomit-frame-pointer execution test
FAIL: libgomp.fortran/threadprivate2.f90 -O3 -fomit-frame-pointer -funroll-loops execution test
FAIL: libgomp.fortran/threadprivate2.f90 -O3 -fomit-frame-pointer -funroll-all-loops -finline-functions execution test
FAIL: libgomp.fortran/threadprivate2.f90 -O3 -g execution test
FAIL: libgomp.fortran/threadprivate2.f90 -Os execution test
=== libgomp Summary for unix/-m64 ===
# of expected passes 2443
# of unexpected failures 45
# of unsupported tests 2
=== libgomp Summary ===
# of expected passes 4933
# of unexpected failures 45
# of unsupported tests 4
=== libjava tests ===
Running target unix
=== libjava Summary for unix ===
# of expected passes 2574
Running target unix/-m64
FAIL: PR16923 run
=== libjava Summary for unix/-m64 ===
# of expected passes 2573
# of unexpected failures 1
# of untested testcases 1
=== libjava Summary ===
# of expected passes 5147
# of unexpected failures 1
# of untested testcases 1
=== libstdc++ tests ===
Running target unix
XPASS: 28_regex/07_traits/char/isctype.cc execution test
=== libstdc++ Summary for unix ===
# of expected passes 6975
# of unexpected successes 1
# of expected failures 59
# of unsupported tests 366
Running target unix/-m64
XPASS: 28_regex/07_traits/char/isctype.cc execution test
=== libstdc++ Summary for unix/-m64 ===
# of expected passes 6975
# of unexpected successes 1
# of expected failures 59
# of unsupported tests 366
=== libstdc++ Summary ===
# of expected passes 13950
# of unexpected successes 2
# of expected failures 118
# of unsupported tests 732
=== libstdc++ Summary ===
Compiler version: 4.6.0 20100722 (experimental) (GCC)
Platform: i386-pc-solaris2.11
configure flags: --prefix=/vol/gcc --target=i386-pc-solaris2.11 --with-gmp=/vol/gcc --with-mpfr=/vol/gcc --with-mpc=/vol/gcc --enable-languages=all,ada
BOOT_CFLAGS=-g -O2