This is the mail archive of the
gcc-testresults@gcc.gnu.org
mailing list for the GCC project.
Results for 4.5.1 20100722 (prerelease) (GCC) testsuite on i386-pc-solaris2.9
- From: Rainer Orth <ro at CeBiTec dot Uni-Bielefeld dot DE>
- To: gcc-testresults at gcc dot gnu dot org
- Date: Fri, 23 Jul 2010 13:33:19 +0200 (MEST)
- Subject: Results for 4.5.1 20100722 (prerelease) (GCC) testsuite on i386-pc-solaris2.9
=== acats tests ===
=== acats Summary ===
# of expected passes 2321
# of unexpected failures 0
Native configuration is i386-pc-solaris2.9
=== g++ tests ===
Running target unix
FAIL: g++.dg/warn/miss-format-1.C printf attribute warning (test for warnings, line 17)
FAIL: g++.dg/warn/miss-format-1.C printf attribute warning 2 (test for warnings, line 42)
=== g++ Summary ===
# of expected passes 22814
# of unexpected failures 2
# of expected failures 152
# of unsupported tests 178
/var/gcc/regression/gcc-4.5-branch/9-gcc-gas/build/gcc/testsuite/g++/../../g++ version 4.5.1 20100722 (prerelease) (GCC)
=== gcc tests ===
Running target unix
FAIL: gcc.dg/lto/20081201-2 c_lto_20081201-2_0.o-c_lto_20081201-2_1.o execute -O3 -fwhopr
FAIL: gcc.target/i386/abi-2.c scan-assembler-times ymm0 1
FAIL: gcc.target/i386/pr22076.c scan-assembler-times movq 3
FAIL: gcc.target/i386/pr22076.c scan-assembler-not movl
=== gcc Summary ===
# of expected passes 70822
# of unexpected failures 4
# of expected failures 165
# of unsupported tests 740
/var/gcc/regression/gcc-4.5-branch/9-gcc-gas/build/gcc/xgcc version 4.5.1 20100722 (prerelease) (GCC)
=== gfortran tests ===
Running target unix
=== gfortran Summary ===
# of expected passes 33702
# of expected failures 20
# of unsupported tests 296
/var/gcc/regression/gcc-4.5-branch/9-gcc-gas/build/gcc/testsuite/gfortran/../../gfortran version 4.5.1 20100722 (prerelease) (GCC)
=== gnat tests ===
Running target unix
=== gnat Summary ===
# of expected passes 756
# of expected failures 7
# of unsupported tests 3
=== objc tests ===
Running target unix
=== objc Summary ===
# of expected passes 1882
# of expected failures 7
# of unsupported tests 20
/var/gcc/regression/gcc-4.5-branch/9-gcc-gas/build/gcc/xgcc version 4.5.1 20100722 (prerelease) (GCC)
=== libffi tests ===
Running target unix
=== libffi Summary ===
# of expected passes 1624
# of expected failures 10
# of unsupported tests 15
=== libgomp tests ===
Running target unix
=== libgomp Summary ===
# of expected passes 2490
# of unsupported tests 2
=== libjava tests ===
Running target unix
FAIL: Divide_1 output - source compiled test
FAIL: Divide_1 -findirect-dispatch output - source compiled test
FAIL: Divide_1 -O3 output - source compiled test
FAIL: Divide_1 -O3 -findirect-dispatch output - source compiled test
=== libjava Summary ===
# of expected passes 2570
# of unexpected failures 4
=== libstdc++ tests ===
Running target unix
FAIL: 22_locale/num_put/put/char/14220.cc execution test
FAIL: 22_locale/num_put/put/wchar_t/14220.cc execution test
FAIL: 27_io/basic_istream/extractors_arithmetic/char/12.cc execution test
FAIL: 27_io/basic_istream/extractors_arithmetic/wchar_t/12.cc execution test
FAIL: ext/enc_filebuf/char/13598.cc execution test
=== libstdc++ Summary ===
# of expected passes 6330
# of unexpected failures 5
# of expected failures 88
# of unsupported tests 622
=== libstdc++ Summary ===
Compiler version: 4.5.1 20100722 (prerelease) (GCC)
Platform: i386-pc-solaris2.9
configure flags: --prefix=/vol/gcc --target=i386-pc-solaris2.9 --with-as=/vol/gcc/bin/gas-2.20.1 --with-gnu-as --with-gmp=/vol/gcc --with-mpfr=/vol/gcc --with-mpc=/vol/gcc --enable-languages=all,ada
BOOT_CFLAGS=-g -O2