This is the mail archive of the
gcc-testresults@gcc.gnu.org
mailing list for the GCC project.
Results for 4.5.1 20100715 (prerelease) [gcc-4_5-branch revision 162199] (GCC) testsuite on hppa-unknown-linux-gnu
- From: dave at mx3210 dot hia dot nrc dot ca (John David Anglin)
- To: dave dot anglin at nrc-cnrc dot gc dot ca, gcc-testresults at gcc dot gnu dot org
- Date: Sat, 17 Jul 2010 20:37:04 -0400 (EDT)
- Subject: Results for 4.5.1 20100715 (prerelease) [gcc-4_5-branch revision 162199] (GCC) testsuite on hppa-unknown-linux-gnu
LAST_UPDATED: Thu Jul 15 01:29:33 UTC 2010 (revision 162199)
=== acats tests ===
=== acats Summary ===
# of expected passes 2321
# of unexpected failures 0
Native configuration is hppa-unknown-linux-gnu
=== g++ tests ===
Running target unix
WARNING: program timed out.
FAIL: g++.dg/bprob/g++-bprob-2.C compilation, -O3 -g -fprofile-arcs
UNRESOLVED: g++.dg/bprob/g++-bprob-2.C execution, -O3 -g -fprofile-arcs
UNRESOLVED: g++.dg/bprob/g++-bprob-2.C compilation, -O3 -g -fprofile-use
UNRESOLVED: g++.dg/bprob/g++-bprob-2.C execution, -O3 -g -fprofile-use
=== g++ Summary ===
# of expected passes 22174
# of unexpected failures 1
# of expected failures 151
# of unresolved testcases 3
# of unsupported tests 193
/home/dave/gnu/gcc/objdir/gcc/testsuite/g++/../../g++ version 4.5.1 20100715 (prerelease) [gcc-4_5-branch revision 162199] (GCC)
=== gcc tests ===
Running target unix
WARNING: program timed out.
FAIL: gcc.c-torture/execute/ieee/pr38016.c compilation, -Os
UNRESOLVED: gcc.c-torture/execute/ieee/pr38016.c execution, -Os
XPASS: gcc.dg/tree-ssa/loop-1.c scan-assembler-times foo 5
=== gcc Summary ===
# of expected passes 63639
# of unexpected failures 1
# of unexpected successes 1
# of expected failures 98
# of unresolved testcases 1
# of unsupported tests 726
/home/dave/gnu/gcc/objdir/gcc/xgcc version 4.5.1 20100715 (prerelease) [gcc-4_5-branch revision 162199] (GCC)
=== gfortran tests ===
Running target unix
WARNING: program timed out.
FAIL: gfortran.dg/char_length_5.f90 -O3 -fomit-frame-pointer (test for excess errors)
UNRESOLVED: gfortran.dg/char_length_5.f90 -O3 -fomit-frame-pointer compilation failed to produce executable
WARNING: program timed out.
FAIL: gfortran.dg/dependency_21.f90 -O3 -g (test for excess errors)
UNRESOLVED: gfortran.dg/dependency_21.f90 -O3 -g compilation failed to produce executable
WARNING: program timed out.
FAIL: gfortran.dg/maxlocval_2.f90 -O3 -fomit-frame-pointer (test for excess errors)
UNRESOLVED: gfortran.dg/maxlocval_2.f90 -O3 -fomit-frame-pointer compilation failed to produce executable
WARNING: program timed out.
FAIL: gfortran.dg/nested_array_constructor_3.f90 -O3 -g (test for excess errors)
UNRESOLVED: gfortran.dg/nested_array_constructor_3.f90 -O3 -g compilation failed to produce executable
FAIL: gfortran.dg/pr41928.f90 -O (internal compiler error)
FAIL: gfortran.dg/pr41928.f90 -O (test for excess errors)
WARNING: program timed out.
FAIL: gfortran.dg/sizeof.f90 -O3 -fomit-frame-pointer -funroll-all-loops -finline-functions (test for excess errors)
UNRESOLVED: gfortran.dg/sizeof.f90 -O3 -fomit-frame-pointer -funroll-all-loops -finline-functions compilation failed to produce executable
WARNING: program timed out.
FAIL: gfortran.dg/streamio_14.f90 -O3 -fomit-frame-pointer (test for excess errors)
UNRESOLVED: gfortran.dg/streamio_14.f90 -O3 -fomit-frame-pointer compilation failed to produce executable
WARNING: program timed out.
FAIL: gfortran.dg/vector_subscript_2.f90 -O3 -fomit-frame-pointer (test for excess errors)
UNRESOLVED: gfortran.dg/vector_subscript_2.f90 -O3 -fomit-frame-pointer compilation failed to produce executable
WARNING: program timed out.
FAIL: gfortran.fortran-torture/execute/intrinsic_eoshift.f90 compilation, -O3 -g
=== gfortran Summary ===
# of expected passes 33226
# of unexpected failures 10
# of expected failures 31
# of unresolved testcases 7
# of untested testcases 1
# of unsupported tests 290
/home/dave/gnu/gcc/objdir/gcc/testsuite/gfortran/../../gfortran version 4.5.1 20100715 (prerelease) [gcc-4_5-branch revision 162199] (GCC)
=== gnat tests ===
Running target unix
=== gnat Summary ===
# of expected passes 759
# of expected failures 7
# of unsupported tests 2
=== obj-c++ tests ===
Running target unix
UNRESOLVED: obj-c++.dg/lookup-2.mm -fgnu-runtime compilation failed to produce executable
UNRESOLVED: obj-c++.dg/try-catch-2.mm -fgnu-runtime compilation failed to produce executable
UNRESOLVED: obj-c++.dg/try-catch-9.mm -fgnu-runtime compilation failed to produce executable
=== obj-c++ Summary ===
# of expected passes 440
# of expected failures 3
# of unresolved testcases 3
# of unsupported tests 14
/home/dave/gnu/gcc/objdir/gcc/testsuite/obj-c++/../../g++ version 4.5.1 20100715 (prerelease) [gcc-4_5-branch revision 162199] (GCC)
=== objc tests ===
Running target unix
=== objc Summary ===
# of expected passes 1874
# of expected failures 15
# of unsupported tests 20
/home/dave/gnu/gcc/objdir/gcc/xgcc version 4.5.1 20100715 (prerelease) [gcc-4_5-branch revision 162199] (GCC)
=== libffi tests ===
Running target unix
WARNING: program timed out.
FAIL: libffi.call/struct1.c -O3 (test for excess errors)
UNRESOLVED: libffi.call/struct1.c -O3 compilation failed to produce executable
WARNING: program timed out.
FAIL: libffi.call/closure_fn4.c -O2 -fomit-frame-pointer (test for excess errors)
UNRESOLVED: libffi.call/closure_fn4.c -O2 -fomit-frame-pointer compilation failed to produce executable
=== libffi Summary ===
# of expected passes 1619
# of unexpected failures 2
# of expected failures 10
# of unresolved testcases 2
# of unsupported tests 15
=== libgomp tests ===
Running target unix
=== libgomp Summary ===
# of expected passes 2526
# of unsupported tests 7
=== libjava tests ===
Running target unix
WARNING: program timed out.
FAIL: initfield -O3 compilation from source
=== libjava Summary ===
# of expected passes 2571
# of unexpected failures 1
# of untested testcases 2
=== libmudflap tests ===
Running target unix
FAIL: libmudflap.c/pass46-frag.c (-O2) (test for excess errors)
FAIL: libmudflap.c/pass46-frag.c (-O2) (test for excess errors)
FAIL: libmudflap.c/fail31-frag.c (-O3) crash test
FAIL: libmudflap.c/fail31-frag.c (-O3) output pattern test
FAIL: libmudflap.c/pass45-frag.c (-O3) execution test
FAIL: libmudflap.c/pass45-frag.c (-O3) output pattern test
FAIL: libmudflap.c/pass45-frag.c (-O3) execution test
FAIL: libmudflap.c/pass45-frag.c (-O3) output pattern test
FAIL: libmudflap.c/pass46-frag.c (-O3) (test for excess errors)
FAIL: libmudflap.c/pass46-frag.c (-O3) (test for excess errors)
FAIL: libmudflap.c++/pass41-frag.cxx execution test
FAIL: libmudflap.c++/pass41-frag.cxx (-static) execution test
FAIL: libmudflap.c++/pass41-frag.cxx ( -O) execution test
FAIL: libmudflap.c++/pass41-frag.cxx (-O2) execution test
FAIL: libmudflap.c++/pass41-frag.cxx (-O3) execution test
=== libmudflap Summary ===
# of expected passes 1879
# of unexpected failures 15
=== libstdc++ tests ===
Running target unix
=== libstdc++ Summary ===
# of expected passes 6847
# of expected failures 93
# of unsupported tests 355
Compiler version: 4.5.1 20100715 (prerelease) [gcc-4_5-branch revision 162199] (GCC)
Platform: hppa-unknown-linux-gnu
configure flags: --with-gnu-as --with-gnu-ld --enable-shared --prefix=/home/dave/opt/gnu/gcc/gcc-4.5.1 --with-local-prefix=/home/dave/opt/gnu --enable-threads=posix --enable-__cxa_atexit --build=hppa-linux --enable-clocale=gnu --enable-java-gc=boehm --enable-java-awt=xlib --enable-languages=c,c++,objc,fortran,obj-c++,java,ada