This is the mail archive of the
gcc-testresults@gcc.gnu.org
mailing list for the GCC project.
Results for 4.5.1 20100714 (prerelease) [gcc-4_5-branch revision 162195] (GCC) testsuite on hppa64-hp-hpux11.11
- From: John David Anglin <dave at hiauly3 dot hia dot nrc dot ca>
- To: dave at hiauly3 dot hia dot nrc dot ca, gcc-testresults at gcc dot gnu dot org
- Date: Thu, 15 Jul 2010 18:51:34 -0400 (EDT)
- Subject: Results for 4.5.1 20100714 (prerelease) [gcc-4_5-branch revision 162195] (GCC) testsuite on hppa64-hp-hpux11.11
Native configuration is hppa64-hp-hpux11.11
=== g++ tests ===
Running target unix
=== g++ Summary ===
# of expected passes 20385
# of expected failures 151
# of unsupported tests 240
/mnt/gnu/gcc/objdir-test/gcc/testsuite/g++/../../g++ version 4.5.1 20100714 (prerelease) [gcc-4_5-branch revision 162195] (GCC)
=== gcc tests ===
Running target unix
WARNING: program timed out.
FAIL: gcc.c-torture/compile/limits-fnargs.c -O3 -g (test for excess errors)
XPASS: gcc.dg/funcorder.c scan-assembler-not link_error,%r
WARNING: program timed out.
=== gcc Summary ===
# of expected passes 52338
# of unexpected failures 1
# of unexpected successes 1
# of expected failures 89
# of unsupported tests 694
/mnt/gnu/gcc/objdir-test/gcc/xgcc version 4.5.1 20100714 (prerelease) [gcc-4_5-branch revision 162195] (GCC)
=== gfortran tests ===
Running target unix
=== gfortran Summary ===
# of expected passes 32967
# of expected failures 20
# of unsupported tests 286
/mnt/gnu/gcc/objdir-test/gcc/testsuite/gfortran/../../gfortran version 4.5.1 20100714 (prerelease) [gcc-4_5-branch revision 162195] (GCC)
=== obj-c++ tests ===
Running target unix
WARNING: obj-c++.dg/lookup-2.mm -fgnu-runtime compilation failed to produce executable
WARNING: obj-c++.dg/try-catch-2.mm -fgnu-runtime compilation failed to produce executable
WARNING: obj-c++.dg/try-catch-9.mm -fgnu-runtime compilation failed to produce executable
=== obj-c++ Summary ===
# of expected passes 432
# of expected failures 11
# of unsupported tests 14
/mnt/gnu/gcc/objdir-test/gcc/testsuite/obj-c++/../../g++ version 4.5.1 20100714 (prerelease) [gcc-4_5-branch revision 162195] (GCC)
=== objc tests ===
Running target unix
=== objc Summary ===
# of expected passes 1872
# of expected failures 15
# of unsupported tests 21
/mnt/gnu/gcc/objdir-test/gcc/xgcc version 4.5.1 20100714 (prerelease) [gcc-4_5-branch revision 162195] (GCC)
=== libgomp tests ===
Running target unix
=== libgomp Summary ===
# of expected passes 2476
# of unsupported tests 9
=== libstdc++ tests ===
Running target unix
=== libstdc++ Summary ===
# of expected passes 6333
# of expected failures 89
# of unsupported tests 616
Compiler version: 4.5.1 20100714 (prerelease) [gcc-4_5-branch revision 162195] (GCC)
Platform: hppa64-hp-hpux11.11
configure flags:Test Run By dave on Thu Jul 15 08:11:47 2010