This is the mail archive of the
gcc-testresults@gcc.gnu.org
mailing list for the GCC project.
Results for 4.5.1 20100709 (prerelease) [gcc-4_5-branch revision 162013] (GCC) testsuite on armv7l-unknown-linux-gnueabi
- From: Ramana Radhakrishnan <ramana dot radhakrishnan at arm dot com>
- To: gcc-testresults at gcc dot gnu dot org
- Date: Mon, 12 Jul 2010 09:20:38 +0100
- Subject: Results for 4.5.1 20100709 (prerelease) [gcc-4_5-branch revision 162013] (GCC) testsuite on armv7l-unknown-linux-gnueabi
- Reply-to: ramana dot radhakrishnan at arm dot com
LAST_UPDATED: Fri Jul 9 20:10:29 UTC 2010 (revision 162013)
Native configuration is armv7l-unknown-linux-gnueabi
=== libgomp tests ===
Running target unix
FAIL: libgomp.c/omp-loop03.c execution test
FAIL: libgomp.c++/loop-3.C -O execution test
=== libgomp Summary ===
# of expected passes 2524
# of unexpected failures 2
# of unsupported tests 7
=== libmudflap tests ===
Running target unix
FAIL: libmudflap.c/pass46-frag.c (-O2) (test for excess errors)
FAIL: libmudflap.c/pass46-frag.c (-O2) (test for excess errors)
FAIL: libmudflap.c/fail31-frag.c (-O3) crash test
FAIL: libmudflap.c/fail31-frag.c (-O3) output pattern test
FAIL: libmudflap.c/pass45-frag.c (-O3) execution test
FAIL: libmudflap.c/pass45-frag.c (-O3) output pattern test
FAIL: libmudflap.c/pass45-frag.c (-O3) execution test
FAIL: libmudflap.c/pass45-frag.c (-O3) output pattern test
FAIL: libmudflap.c/pass46-frag.c (-O3) (test for excess errors)
FAIL: libmudflap.c/pass46-frag.c (-O3) (test for excess errors)
FAIL: libmudflap.c++/pass41-frag.cxx execution test
FAIL: libmudflap.c++/pass41-frag.cxx (-static) execution test
FAIL: libmudflap.c++/pass41-frag.cxx ( -O) execution test
FAIL: libmudflap.c++/pass41-frag.cxx (-O2) execution test
FAIL: libmudflap.c++/pass41-frag.cxx (-O3) execution test
=== libmudflap Summary ===
# of expected passes 1879
# of unexpected failures 15
=== libstdc++ tests ===
Running target unix
=== libstdc++ Summary ===
# of expected passes 6846
# of expected failures 93
# of unsupported tests 355
=== libstdc++ Summary ===
=== g++ tests ===
Running target unix
FAIL: g++.dg/abi/local1.C execution test
FAIL: g++.dg/abi/packed1.C (test for excess errors)
FAIL: g++.dg/opt/pr30965.C scan-tree-dump-times optimized "variable_..D.
= v_..D." 2
FAIL: g++.dg/tree-ssa/new1.C scan-tree-dump-not forwprop1 "= .* \\+ -"
FAIL: 23:is 1:should be 2
FAIL: g++.dg/gcov/gcov-2.C gcov: 1 failures in line counts, 0 in branch
percentages, 0 in return percentages
=== g++ Summary ===
# of expected passes 22264
# of unexpected failures 6
# of expected failures 151
# of unsupported tests 172
/home/ramrad01/buildarea/gcc-4_5-branch-162013/gcc/testsuite/g++/../../g
++ version 4.5.1 20100709 (prerelease) [gcc-4_5-branch revision 162013]
(GCC)
=== gcc tests ===
Running target unix
FAIL: gcc.c-torture/compile/limits-fnargs.c -O2 (test for excess
errors)
FAIL: gcc.c-torture/compile/limits-fnargs.c -O3 -fomit-frame-pointer
(test for excess errors)
FAIL: gcc.c-torture/compile/limits-fnargs.c -O3 -g (test for excess
errors)
FAIL: gcc.c-torture/compile/limits-fnargs.c -O2 -flto (test for excess
errors)
FAIL: gcc.c-torture/compile/limits-fnargs.c -O2 -fwhopr (test for
excess errors)
WARNING: program timed out.
FAIL: gcc.c-torture/compile/limits-fndefn.c -O3 -g (test for excess
errors)
FAIL: gcc.c-torture/compile/limits-structnest.c -O2 (test for excess
errors)
FAIL: gcc.c-torture/compile/limits-structnest.c -O3
-fomit-frame-pointer (test for excess errors)
FAIL: gcc.c-torture/compile/limits-structnest.c -O3 -g (test for
excess errors)
FAIL: gcc.c-torture/compile/limits-structnest.c -Os (test for excess
errors)
FAIL: gcc.c-torture/compile/limits-structnest.c -O2 -flto (test for
excess errors)
FAIL: gcc.c-torture/compile/limits-structnest.c -O2 -fwhopr (test for
excess errors)
FAIL: gcc.c-torture/execute/builtins/abs-1.c execution, -O2 -fwhopr
FAIL: gcc.dg/c99-stdint-1.c (test for excess errors)
FAIL: gcc.dg/c99-stdint-7.c (test for excess errors)
FAIL: gcc.dg/pr43058.c (test for excess errors)
FAIL: gcc.dg/sibcall-3.c execution test
FAIL: gcc.dg/sibcall-4.c execution test
FAIL: gcc.dg/uninit-13.c unconditional (test for warnings, line 8)
FAIL: gcc.dg/uninit-13.c (test for excess errors)
FAIL: gcc.dg/lto/20081112 c_lto_20081112_0.o-c_lto_20081112_1.o execute
-O2 -fwhopr
FAIL: gcc.dg/tree-ssa/pr42585.c scan-tree-dump-times optimized "struct
_fat_ptr _ans" 0
FAIL: gcc.dg/tree-ssa/pr42585.c scan-tree-dump-times optimized "struct
_fat_ptr _T2" 0
FAIL: gcc.dg/vect/pr43430-1.c scan-tree-dump-times vect "vectorized 1
loops" 1
FAIL: gcc.dg/vect/vect-109.c scan-tree-dump-times vect "vectorized 1
loops" 2
FAIL: gcc.dg/vect/vect-35.c scan-tree-dump-times vect "vectorized 2
loops" 1
FAIL: gcc.target/arm/g2.c scan-assembler mla[ \\t].*
ERROR: gcc.target/arm/neon-modes-1.c: Unrecognized option type: arm_neon
for " dg-add-options 4 arm_neon "
UNRESOLVED: gcc.target/arm/neon-modes-1.c: Unrecognized option type:
arm_neon for " dg-add-options 4 arm_neon "
FAIL: gcc.target/arm/scd42-2.c scan-assembler mov[ \\t].*272
FAIL: gcc.target/arm/sibcall-1.c scan-assembler \\tb\\tfunc2(\\\\(PLT\\\
\))?\\n
=== gcc Summary ===
# of expected passes 68802
# of unexpected failures 29
# of expected failures 226
# of unresolved testcases 1
# of unsupported tests 708
/home/ramrad01/buildarea/gcc-4_5-branch-162013/gcc/xgcc version 4.5.1
20100709 (prerelease) [gcc-4_5-branch revision 162013] (GCC)
=== gfortran tests ===
Running target unix
FAIL: gfortran.dg/vect/fast-math-pr38968.f90 scan-tree-dump vect
"vectorized 1 loops"
=== gfortran Summary ===
# of expected passes 33267
# of unexpected failures 1
# of expected failures 39
# of unsupported tests 302
/home/ramrad01/buildarea/gcc-4_5-branch-162013/gcc/testsuite/gfortran/../../gfortran version 4.5.1 20100709 (prerelease) [gcc-4_5-branch revision 162013] (GCC)
Compiler version: 4.5.1 20100709 (prerelease) [gcc-4_5-branch revision
162013] (GCC)
Platform: armv7l-unknown-linux-gnueabi
configure flags:
--prefix=/home/ramrad01/install-nightlies/install-gcc-4_5-branch-162013
--enable-languages=c,c++,fortran --enable-__cxa_atexit --disable-nls
--enable-threads=posix --disable-multilib --with-arch=armv7-a
--with-mode=thumb --with-float=softfp --with-fpu=vfpv3-d16