This is the mail archive of the
gcc-testresults@gcc.gnu.org
mailing list for the GCC project.
Results for 4.5.1 20100710 (prerelease) [gcc-4_5-branch revision 162041] (GCC) testsuite on hppa-unknown-linux-gnu
- From: dave at mx3210 dot hia dot nrc dot ca (John David Anglin)
- To: dave dot anglin at nrc-cnrc dot gc dot ca, gcc-testresults at gcc dot gnu dot org
- Date: Sun, 11 Jul 2010 20:27:00 -0400 (EDT)
- Subject: Results for 4.5.1 20100710 (prerelease) [gcc-4_5-branch revision 162041] (GCC) testsuite on hppa-unknown-linux-gnu
LAST_UPDATED: Sat Jul 10 17:54:19 UTC 2010 (revision 162041)
=== acats tests ===
=== acats Summary ===
# of expected passes 2321
# of unexpected failures 0
Native configuration is hppa-unknown-linux-gnu
=== g++ tests ===
Running target unix
=== g++ Summary ===
# of expected passes 22179
# of expected failures 151
# of unsupported tests 192
/home/dave/gnu/gcc/objdir/gcc/testsuite/g++/../../g++ version 4.5.1 20100710 (prerelease) [gcc-4_5-branch revision 162041] (GCC)
=== gcc tests ===
Running target unix
WARNING: program timed out.
FAIL: gcc.c-torture/execute/builtins/snprintf-chk.c compilation, -O3 -g
UNRESOLVED: gcc.c-torture/execute/builtins/snprintf-chk.c execution, -O3 -g
WARNING: program timed out.
FAIL: gcc.c-torture/execute/20020118-1.c compilation, -O3 -g
UNRESOLVED: gcc.c-torture/execute/20020118-1.c execution, -O3 -g
WARNING: program timed out.
FAIL: gcc.c-torture/execute/20041011-1.c compilation, -O1
UNRESOLVED: gcc.c-torture/execute/20041011-1.c execution, -O1
WARNING: program timed out.
FAIL: gcc.c-torture/execute/va-arg-2.c compilation, -O1
UNRESOLVED: gcc.c-torture/execute/va-arg-2.c execution, -O1
WARNING: program timed out.
FAIL: gcc.c-torture/execute/ieee/pr38016.c compilation, -Os
UNRESOLVED: gcc.c-torture/execute/ieee/pr38016.c execution, -Os
XPASS: gcc.dg/tree-ssa/loop-1.c scan-assembler-times foo 5
=== gcc Summary ===
# of expected passes 63631
# of unexpected failures 5
# of unexpected successes 1
# of expected failures 98
# of unresolved testcases 5
# of unsupported tests 726
/home/dave/gnu/gcc/objdir/gcc/xgcc version 4.5.1 20100710 (prerelease) [gcc-4_5-branch revision 162041] (GCC)
=== gfortran tests ===
Running target unix
WARNING: program timed out.
FAIL: gfortran.dg/auto_char_len_3.f90 -O3 -fomit-frame-pointer -funroll-all-loops -finline-functions (test for excess errors)
UNRESOLVED: gfortran.dg/auto_char_len_3.f90 -O3 -fomit-frame-pointer -funroll-all-loops -finline-functions compilation failed to produce executable
FAIL: gfortran.dg/pr41928.f90 -O (internal compiler error)
FAIL: gfortran.dg/pr41928.f90 -O (test for excess errors)
=== gfortran Summary ===
# of expected passes 33240
# of unexpected failures 3
# of expected failures 31
# of unresolved testcases 1
# of unsupported tests 290
/home/dave/gnu/gcc/objdir/gcc/testsuite/gfortran/../../gfortran version 4.5.1 20100710 (prerelease) [gcc-4_5-branch revision 162041] (GCC)
=== gnat tests ===
Running target unix
=== gnat Summary ===
# of expected passes 760
# of expected failures 7
# of unsupported tests 1
=== obj-c++ tests ===
Running target unix
UNRESOLVED: obj-c++.dg/lookup-2.mm -fgnu-runtime compilation failed to produce executable
UNRESOLVED: obj-c++.dg/try-catch-2.mm -fgnu-runtime compilation failed to produce executable
UNRESOLVED: obj-c++.dg/try-catch-9.mm -fgnu-runtime compilation failed to produce executable
=== obj-c++ Summary ===
# of expected passes 440
# of expected failures 3
# of unresolved testcases 3
# of unsupported tests 14
/home/dave/gnu/gcc/objdir/gcc/testsuite/obj-c++/../../g++ version 4.5.1 20100710 (prerelease) [gcc-4_5-branch revision 162041] (GCC)
=== objc tests ===
Running target unix
=== objc Summary ===
# of expected passes 1874
# of expected failures 15
# of unsupported tests 20
/home/dave/gnu/gcc/objdir/gcc/xgcc version 4.5.1 20100710 (prerelease) [gcc-4_5-branch revision 162041] (GCC)
=== libffi tests ===
Running target unix
WARNING: program timed out.
FAIL: libffi.call/closure_fn5.c -O2 (test for excess errors)
UNRESOLVED: libffi.call/closure_fn5.c -O2 compilation failed to produce executable
WARNING: program timed out.
FAIL: libffi.call/closure_fn4.c -O2 -fomit-frame-pointer (test for excess errors)
UNRESOLVED: libffi.call/closure_fn4.c -O2 -fomit-frame-pointer compilation failed to produce executable
=== libffi Summary ===
# of expected passes 1618
# of unexpected failures 2
# of expected failures 10
# of unresolved testcases 2
# of unsupported tests 15
=== libgomp tests ===
Running target unix
=== libgomp Summary ===
# of expected passes 2526
# of unsupported tests 7
=== libjava tests ===
Running target unix
=== libjava Summary ===
# of expected passes 2574
=== libmudflap tests ===
Running target unix
FAIL: libmudflap.c/pass46-frag.c (-O2) (test for excess errors)
FAIL: libmudflap.c/pass46-frag.c (-O2) (test for excess errors)
FAIL: libmudflap.c/fail31-frag.c (-O3) crash test
FAIL: libmudflap.c/fail31-frag.c (-O3) output pattern test
FAIL: libmudflap.c/pass45-frag.c (-O3) execution test
FAIL: libmudflap.c/pass45-frag.c (-O3) output pattern test
FAIL: libmudflap.c/pass45-frag.c (-O3) execution test
FAIL: libmudflap.c/pass45-frag.c (-O3) output pattern test
FAIL: libmudflap.c/pass46-frag.c (-O3) (test for excess errors)
FAIL: libmudflap.c/pass46-frag.c (-O3) (test for excess errors)
FAIL: libmudflap.c++/pass41-frag.cxx execution test
FAIL: libmudflap.c++/pass41-frag.cxx (-static) execution test
FAIL: libmudflap.c++/pass41-frag.cxx ( -O) execution test
FAIL: libmudflap.c++/pass41-frag.cxx (-O2) execution test
FAIL: libmudflap.c++/pass41-frag.cxx (-O3) execution test
=== libmudflap Summary ===
# of expected passes 1879
# of unexpected failures 15
=== libstdc++ tests ===
Running target unix
=== libstdc++ Summary ===
# of expected passes 6847
# of expected failures 93
# of unsupported tests 355
Compiler version: 4.5.1 20100710 (prerelease) [gcc-4_5-branch revision 162041] (GCC)
Platform: hppa-unknown-linux-gnu
configure flags: --with-gnu-as --with-gnu-ld --enable-shared --prefix=/home/dave/opt/gnu/gcc/gcc-4.5.1 --with-local-prefix=/home/dave/opt/gnu --enable-threads=posix --enable-__cxa_atexit --build=hppa-linux --enable-clocale=gnu --enable-java-gc=boehm --enable-java-awt=xlib --enable-languages=c,c++,objc,fortran,obj-c++,java,ada