This is the mail archive of the
gcc-testresults@gcc.gnu.org
mailing list for the GCC project.
Results for 4.6.0 20100710 (experimental) [trunk revision 162041] (GCC) testsuite on ia64-unknown-linux-gnu
- From: "Laurent GUERBY gcc60" <guerby at Babe dot esiee dot fr>
- To: gcc-testresults at gcc dot gnu dot org
- Date: Sun, 11 Jul 2010 05:42:03 +0200
- Subject: Results for 4.6.0 20100710 (experimental) [trunk revision 162041] (GCC) testsuite on ia64-unknown-linux-gnu
LAST_UPDATED: Sat Jul 10 17:17:57 UTC 2010 (revision 162041)
=== acats tests ===
FAIL: c390002
FAIL: c392002
FAIL: c392003
FAIL: c392013
FAIL: c393008
FAIL: c393009
FAIL: c760013
FAIL: cb1010c
FAIL: cb1010d
FAIL: cd72a02
FAIL: cdd2a01
FAIL: cdd2a03
=== acats Summary ===
# of expected passes 2309
# of unexpected failures 12
Native configuration is ia64-unknown-linux-gnu
=== gcc tests ===
Running target unix
FAIL: gcc.dg/builtin-apply4.c execution test
FAIL: gcc.dg/cproj-fails-with-broken-glibc.c execution test
FAIL: c-c++-common/uninit-17.c -Wc++-compat (test for warnings, line 14)
FAIL: c-c++-common/uninit-17.c -Wc++-compat (test for excess errors)
XPASS: gcc.dg/guality/example.c -O0 execution test
WARNING: program timed out.
XPASS: gcc.dg/guality/guality.c -O0 execution test
WARNING: program timed out.
FAIL: gcc.dg/guality/inline-params.c -O0 execution test
FAIL: gcc.dg/guality/inline-params.c -O1 execution test
FAIL: gcc.dg/guality/pr36728-1.c -O3 -fomit-frame-pointer line 12 arg7 == 30
FAIL: gcc.dg/guality/pr36728-1.c -O3 -fomit-frame-pointer line 14 arg7 == 30
FAIL: gcc.dg/guality/pr36728-1.c -O3 -g line 12 arg7 == 30
FAIL: gcc.dg/guality/pr36728-1.c -O3 -g line 14 arg7 == 30
XPASS: gcc.dg/guality/pr41353-1.c -O0 line 28 j == 28 + 37
FAIL: gcc.dg/guality/pr41353-1.c -O3 -fomit-frame-pointer line 39 i == 12
FAIL: gcc.dg/guality/pr41353-1.c -O3 -g line 39 i == 12
XPASS: gcc.dg/guality/pr41447-1.c -O0 execution test
XPASS: gcc.dg/guality/pr41447-1.c -O2 execution test
XPASS: gcc.dg/guality/pr41447-1.c -O3 -fomit-frame-pointer execution test
XPASS: gcc.dg/guality/pr41447-1.c -O3 -g execution test
WARNING: program timed out.
XPASS: gcc.dg/guality/pr41616-1.c -O0 execution test
FAIL: gcc.dg/guality/pr43051-1.c -O1 line 34 c == &a[0]
FAIL: gcc.dg/guality/pr43051-1.c -O1 line 39 c == &a[0]
FAIL: gcc.dg/guality/pr43077-1.c -O1 line 42 b == 2
FAIL: gcc.dg/guality/pr43077-1.c -O2 line 42 b == 2
FAIL: gcc.dg/guality/pr43077-1.c -O3 -fomit-frame-pointer line 42 varb == 2
FAIL: gcc.dg/guality/pr43077-1.c -O3 -g line 42 varb == 2
FAIL: gcc.dg/guality/pr43077-1.c -Os line 42 b == 2
FAIL: gcc.dg/guality/pr43177.c -O3 -fomit-frame-pointer line 15 x == 7
FAIL: gcc.dg/guality/pr43177.c -O3 -fomit-frame-pointer line 24 x == 7
FAIL: gcc.dg/guality/pr43177.c -O3 -g line 15 x == 7
FAIL: gcc.dg/guality/pr43177.c -O3 -g line 24 x == 7
FAIL: gcc.dg/guality/pr43329-1.c -O0 (test for excess errors)
UNRESOLVED: gcc.dg/guality/pr43329-1.c -O0 compilation failed to produce executable
FAIL: gcc.dg/guality/pr43329-1.c -O1 (test for excess errors)
UNRESOLVED: gcc.dg/guality/pr43329-1.c -O1 compilation failed to produce executable
FAIL: gcc.dg/guality/pr43329-1.c -O2 (test for excess errors)
UNRESOLVED: gcc.dg/guality/pr43329-1.c -O2 compilation failed to produce executable
FAIL: gcc.dg/guality/pr43329-1.c -O3 -fomit-frame-pointer (test for excess errors)
UNRESOLVED: gcc.dg/guality/pr43329-1.c -O3 -fomit-frame-pointer compilation failed to produce executable
FAIL: gcc.dg/guality/pr43329-1.c -O3 -g (test for excess errors)
UNRESOLVED: gcc.dg/guality/pr43329-1.c -O3 -g compilation failed to produce executable
FAIL: gcc.dg/guality/pr43329-1.c -Os (test for excess errors)
UNRESOLVED: gcc.dg/guality/pr43329-1.c -Os compilation failed to produce executable
FAIL: gcc.dg/guality/vla-1.c -O0 line 17 sizeof (a) == 6
FAIL: gcc.dg/guality/vla-1.c -O0 line 24 sizeof (a) == 17 * sizeof (short)
FAIL: gcc.dg/guality/vla-1.c -O1 line 24 sizeof (a) == 17 * sizeof (short)
FAIL: gcc.dg/guality/vla-1.c -O2 line 24 i == 5
FAIL: gcc.dg/guality/vla-1.c -O2 line 24 sizeof (a) == 17 * sizeof (short)
FAIL: gcc.dg/guality/vla-1.c -O3 -fomit-frame-pointer line 24 i == 5
FAIL: gcc.dg/guality/vla-1.c -O3 -g line 24 i == 5
FAIL: gcc.dg/guality/vla-1.c -Os line 24 i == 5
FAIL: gcc.dg/guality/vla-1.c -Os line 24 sizeof (a) == 17 * sizeof (short)
XPASS: gcc.dg/tree-ssa/20031106-3.c scan-tree-dump-times optimized "link_error" 0
XPASS: gcc.dg/tree-ssa/20040204-1.c scan-tree-dump-times optimized "link_error" 0
XPASS: gcc.dg/tree-ssa/fre-vce-1.c scan-tree-dump-times fre "sv.i" 2
XPASS: gcc.dg/tree-ssa/loop-1.c scan-assembler-times foo 5
XPASS: gcc.dg/vect/pr33804.c scan-tree-dump-times vect "vectorized 1 loops" 1
XPASS: gcc.dg/vect/pr33804.c scan-tree-dump-times vect "vectorizing stmts using SLP" 1
XPASS: gcc.dg/vect/pr33953.c scan-tree-dump-times vect "vectorized 1 loops" 1
XPASS: gcc.dg/vect/pr33953.c scan-tree-dump-times vect "vectorizing stmts using SLP" 1
XPASS: gcc.dg/vect/vect-peel-1.c scan-tree-dump-times vect "vectorized 1 loops" 2
XPASS: gcc.dg/vect/vect-peel-1.c scan-tree-dump-times vect "Alignment of access forced using peeling" 1
XPASS: gcc.dg/vect/vect-peel-2.c scan-tree-dump-times vect "vectorized 1 loops" 2
FAIL: gcc.dg/vect/vect-peel-3.c scan-tree-dump-times vect "Vectorizing an unaligned access" 1
FAIL: gcc.dg/vect/vect-peel-4.c scan-tree-dump-times vect "Vectorizing an unaligned access" 1
XPASS: gcc.dg/vect/vect-vfa-slp.c scan-tree-dump-times vect "vectorized 1 loops" 1
XPASS: gcc.dg/vect/slp-23.c scan-tree-dump-times vect "vectorizing stmts using SLP" 1
XPASS: gcc.dg/vect/slp-24.c scan-tree-dump-times vect "vectorized 1 loops" 1
XPASS: gcc.dg/vect/slp-24.c scan-tree-dump-times vect "vectorizing stmts using SLP" 2
XPASS: gcc.dg/vect/slp-35.c scan-tree-dump-times vect "vectorized 1 loops" 1
XPASS: gcc.dg/vect/slp-35.c scan-tree-dump-times vect "vectorizing stmts using SLP" 1
FAIL: gcc.dg/vect/slp-reduc-3.c scan-tree-dump-times vect "vectorized 1 loops" 2
FAIL: gcc.dg/vect/slp-reduc-3.c scan-tree-dump-times vect "vectorizing stmts using SLP" 1
FAIL: gcc.dg/vect/slp-reduc-6.c scan-tree-dump-times vect "vectorized 1 loops" 2
XPASS: gcc.dg/vect/no-tree-pre-slp-29.c scan-tree-dump-times vect "vectorized 1 loops" 2
XPASS: gcc.dg/vect/no-tree-pre-slp-29.c scan-tree-dump-times vect "vectorizing stmts using SLP" 2
=== gcc Summary ===
# of expected passes 56221
# of unexpected failures 43
# of unexpected successes 27
# of expected failures 254
# of unresolved testcases 6
# of unsupported tests 823
/home/guerby/build/gcc/xgcc version 4.6.0 20100710 (experimental) [trunk revision 162041] (GCC)
=== gnat tests ===
Running target unix
=== gnat Summary ===
# of expected passes 809
# of expected failures 10
# of unsupported tests 2
=== libgomp tests ===
Running target unix
=== libgomp Summary ===
# of expected passes 266
=== libmudflap tests ===
Running target unix
FAIL: libmudflap.c/pass49-frag.c execution test
FAIL: libmudflap.c/pass49-frag.c output pattern test
FAIL: libmudflap.c/pass49-frag.c execution test
FAIL: libmudflap.c/pass49-frag.c output pattern test
FAIL: libmudflap.c/pass49-frag.c (-static) execution test
FAIL: libmudflap.c/pass49-frag.c (-static) output pattern test
FAIL: libmudflap.c/pass49-frag.c (-static) execution test
FAIL: libmudflap.c/pass49-frag.c (-static) output pattern test
FAIL: libmudflap.c/pass49-frag.c (-O2) execution test
FAIL: libmudflap.c/pass49-frag.c (-O2) output pattern test
FAIL: libmudflap.c/pass49-frag.c (-O2) execution test
FAIL: libmudflap.c/pass49-frag.c (-O2) output pattern test
FAIL: libmudflap.c/pass49-frag.c (-O3) execution test
FAIL: libmudflap.c/pass49-frag.c (-O3) output pattern test
FAIL: libmudflap.c/pass49-frag.c (-O3) execution test
FAIL: libmudflap.c/pass49-frag.c (-O3) output pattern test
=== libmudflap Summary ===
# of expected passes 1724
# of unexpected failures 16
# of unsupported tests 2
Compiler version: 4.6.0 20100710 (experimental) [trunk revision 162041] (GCC)
Platform: ia64-unknown-linux-gnu
configure flags: --prefix=/n/60/guerby/install-trunk --enable-languages=c,ada --enable-__cxa_atexit --disable-nls --enable-threads=posix --with-mpfr=/opt/cfarm/mpfr-2.4.1 --with-gmp=/opt/cfarm/gmp-4.2.4 --with-mpc=/opt/cfarm/mpc-0.8