This is the mail archive of the gcc-testresults@gcc.gnu.org mailing list for the GCC project.


Index Nav: [Date Index] [Subject Index] [Author Index] [Thread Index]
Message Nav: [Date Prev] [Date Next] [Thread Prev] [Thread Next]
Other format: [Raw text]

Results for 4.4.4 (GCC) testsuite on i386-pc-solaris2.8


Built with:
GNU as 2.19.1
native ld (109148-42)
gmp 5.0.1
mpfr 2.4.2

Note that fortran was not built due to
http://gcc.gnu.org/ml/gcc-patches/2010-07/msg00775.html
and the buildhost being a PIII/933.

Bootstrap compiler:
Using built-in specs.
Target: i386-pc-solaris2.8
Configured with: ../gcc-4.3.4/configure --with-gnu-as --with-as=/opt/csw/bin/gas --without-gnu-ld --with-ld=/usr/ccs/bin/ld --with-cpu=i386 --enable-threads=posix --enable-nls --prefix=/opt/csw/gcc4 --with-local-prefix=/opt/csw --enable-shared --enable-multilib --with-included-gettext --with-libiconv-prefix=/opt/csw --with-system-zlib --with-gmp=/opt/csw --with-mpfr=/opt/csw --enable-languages=c,c++,fortran,java,objc,ada --enable-bootstrap
Thread model: posix
gcc version 4.3.4 (GCC) 

LAST_UPDATED: Obtained from SVN: tags/gcc_4_4_4_release revision 158895

		=== acats tests ===

		=== acats Summary ===
# of expected passes		2315
# of unexpected failures	0
Native configuration is i386-pc-solaris2.8

		=== g++ tests ===


Running target unix
FAIL: g++.dg/cpp0x/variadic-tuple.C (internal compiler error)
FAIL: g++.dg/cpp0x/variadic-tuple.C (test for excess errors)
WARNING: g++.dg/cpp0x/variadic-tuple.C compilation failed to produce executable
XPASS: g++.dg/other/ucnid-1.C (test for excess errors)
FAIL: g++.dg/warn/miss-format-1.C  (test for errors, line 25)
FAIL: g++.dg/warn/miss-format-1.C printf attribute warning (test for warnings, line 17)
FAIL: g++.dg/warn/miss-format-1.C printf attribute warning 2 (test for warnings, line 42)
FAIL: g++.dg/warn/miss-format-1.C (test for excess errors)
FAIL: g++.dg/torture/pr34099.C  -O0  execution test
FAIL: g++.dg/torture/pr34099.C  -O1  execution test
FAIL: g++.dg/torture/predcom-1.C  -O0  (internal compiler error)
FAIL: g++.dg/torture/predcom-1.C  -O0  (test for excess errors)
FAIL: g++.old-deja/g++.brendan/complex1.C execution test
FAIL: g++.old-deja/g++.bugs/900511_01.C (internal compiler error)
FAIL: g++.old-deja/g++.bugs/900511_01.C (test for excess errors)
WARNING: g++.old-deja/g++.bugs/900511_01.C compilation failed to produce executable
XPASS: g++.old-deja/g++.oliva/dwarf2.C (test for excess errors)
XPASS: g++.old-deja/g++.oliva/dwarf3.C (test for excess errors)
FAIL: g++.old-deja/g++.other/headers1.C (test for excess errors)
WARNING: g++.old-deja/g++.other/headers1.C compilation failed to produce executable
XPASS: g++.old-deja/g++.other/init19.C execution test

		=== g++ Summary ===

# of expected passes		19977
# of unexpected failures	14
# of unexpected successes	4
# of expected failures		159
# of unsupported tests		196
/export/home/tgc/tmp/gcc444_nofortran/gcc/testsuite/g++/../../g++  version 4.4.4 (GCC) 

		=== gcc tests ===


Running target unix
FAIL: gcc.c-torture/execute/990127-2.c execution,  -O2 
FAIL: gcc.c-torture/execute/990127-2.c execution,  -Os 
FAIL: gcc.dg/pr42427.c (test for excess errors)
FAIL: gcc.dg/pthread-init-1.c (test for excess errors)
FAIL: gcc.dg/pthread-init-2.c (test for excess errors)
XPASS: gcc.dg/ucnid-2.c (test for excess errors)
XPASS: gcc.dg/ucnid-3.c (test for excess errors)
XPASS: gcc.dg/ucnid-4.c (test for excess errors)
FAIL: largefile.c -O0 -g -I. (test for excess errors)
FAIL: gcc.dg/pch/largefile.c -O0 -g assembly comparison
FAIL: largefile.c  -O0  -I. (test for excess errors)
FAIL: gcc.dg/pch/largefile.c  -O0  assembly comparison
FAIL: largefile.c  -O1  -I. (test for excess errors)
FAIL: gcc.dg/pch/largefile.c  -O1  assembly comparison
FAIL: largefile.c  -O2  -I. (test for excess errors)
FAIL: gcc.dg/pch/largefile.c  -O2  assembly comparison
FAIL: largefile.c  -O3 -fomit-frame-pointer  -I. (test for excess errors)
FAIL: gcc.dg/pch/largefile.c  -O3 -fomit-frame-pointer  assembly comparison
FAIL: largefile.c  -O3 -g  -I. (test for excess errors)
FAIL: gcc.dg/pch/largefile.c  -O3 -g  assembly comparison
FAIL: largefile.c  -Os  -I. (test for excess errors)
FAIL: gcc.dg/pch/largefile.c  -Os  assembly comparison
FAIL: gcc.dg/torture/complex-alias-1.c  -O0  execution test
FAIL: gcc.dg/torture/complex-alias-1.c  -O1  execution test
FAIL: gcc.dg/torture/fp-int-convert-float128-timode.c  -O0  (test for excess errors)
WARNING: gcc.dg/torture/fp-int-convert-float128-timode.c  -O0  compilation failed to produce executable
FAIL: gcc.dg/torture/fp-int-convert-float128-timode.c  -O1  (test for excess errors)
WARNING: gcc.dg/torture/fp-int-convert-float128-timode.c  -O1  compilation failed to produce executable
FAIL: gcc.dg/torture/fp-int-convert-float128-timode.c  -O2  (test for excess errors)
WARNING: gcc.dg/torture/fp-int-convert-float128-timode.c  -O2  compilation failed to produce executable
FAIL: gcc.dg/torture/fp-int-convert-float128-timode.c  -O3 -fomit-frame-pointer  (test for excess errors)
WARNING: gcc.dg/torture/fp-int-convert-float128-timode.c  -O3 -fomit-frame-pointer  compilation failed to produce executable
FAIL: gcc.dg/torture/fp-int-convert-float128-timode.c  -O3 -g  (test for excess errors)
WARNING: gcc.dg/torture/fp-int-convert-float128-timode.c  -O3 -g  compilation failed to produce executable
FAIL: gcc.dg/torture/fp-int-convert-float128-timode.c  -Os  (test for excess errors)
WARNING: gcc.dg/torture/fp-int-convert-float128-timode.c  -Os  compilation failed to produce executable
FAIL: gcc.dg/torture/fp-int-convert-float128.c  -O0  (test for excess errors)
WARNING: gcc.dg/torture/fp-int-convert-float128.c  -O0  compilation failed to produce executable
FAIL: gcc.dg/torture/fp-int-convert-float128.c  -O1  (test for excess errors)
WARNING: gcc.dg/torture/fp-int-convert-float128.c  -O1  compilation failed to produce executable
FAIL: gcc.dg/torture/fp-int-convert-float128.c  -O2  (test for excess errors)
WARNING: gcc.dg/torture/fp-int-convert-float128.c  -O2  compilation failed to produce executable
FAIL: gcc.dg/torture/fp-int-convert-float128.c  -O3 -fomit-frame-pointer  (test for excess errors)
WARNING: gcc.dg/torture/fp-int-convert-float128.c  -O3 -fomit-frame-pointer  compilation failed to produce executable
FAIL: gcc.dg/torture/fp-int-convert-float128.c  -O3 -g  (test for excess errors)
WARNING: gcc.dg/torture/fp-int-convert-float128.c  -O3 -g  compilation failed to produce executable
FAIL: gcc.dg/torture/fp-int-convert-float128.c  -Os  (test for excess errors)
WARNING: gcc.dg/torture/fp-int-convert-float128.c  -Os  compilation failed to produce executable
FAIL: gcc.dg/torture/pr41555.c  -O0  (test for excess errors)
WARNING: gcc.dg/torture/pr41555.c  -O0  compilation failed to produce executable
FAIL: gcc.dg/torture/pr41555.c  -O1  (test for excess errors)
WARNING: gcc.dg/torture/pr41555.c  -O1  compilation failed to produce executable
FAIL: gcc.dg/torture/pr41555.c  -O2  (test for excess errors)
WARNING: gcc.dg/torture/pr41555.c  -O2  compilation failed to produce executable
FAIL: gcc.dg/torture/pr41555.c  -O3 -fomit-frame-pointer  (test for excess errors)
WARNING: gcc.dg/torture/pr41555.c  -O3 -fomit-frame-pointer  compilation failed to produce executable
FAIL: gcc.dg/torture/pr41555.c  -O3 -fomit-frame-pointer -funroll-loops  (test for excess errors)
WARNING: gcc.dg/torture/pr41555.c  -O3 -fomit-frame-pointer -funroll-loops  compilation failed to produce executable
FAIL: gcc.dg/torture/pr41555.c  -O3 -fomit-frame-pointer -funroll-all-loops -finline-functions  (test for excess errors)
WARNING: gcc.dg/torture/pr41555.c  -O3 -fomit-frame-pointer -funroll-all-loops -finline-functions  compilation failed to produce executable
FAIL: gcc.dg/torture/pr41555.c  -O3 -g  (test for excess errors)
WARNING: gcc.dg/torture/pr41555.c  -O3 -g  compilation failed to produce executable
FAIL: gcc.dg/torture/pr41555.c  -Os  (test for excess errors)
WARNING: gcc.dg/torture/pr41555.c  -Os  compilation failed to produce executable
FAIL: gcc.dg/torture/stackalign/alloca-2.c  -O0  execution test
FAIL: gcc.dg/torture/stackalign/alloca-3.c  -O0  execution test
FAIL: gcc.dg/torture/stackalign/push-1.c  -O0  execution test
FAIL: gcc.dg/torture/stackalign/vararg-3.c  -O0  execution test
FAIL: gcc.dg/torture/stackalign/alloca-2.c  -O0  execution test
FAIL: gcc.dg/torture/stackalign/alloca-3.c  -O0  execution test
FAIL: gcc.dg/torture/stackalign/push-1.c  -O0  execution test
FAIL: gcc.dg/torture/stackalign/vararg-3.c  -O0  execution test
FAIL: gcc.dg/torture/stackalign/alloca-2.c  -O0  execution test
FAIL: gcc.dg/torture/stackalign/alloca-3.c  -O0  execution test
FAIL: gcc.dg/torture/stackalign/push-1.c  -O0  execution test
FAIL: gcc.dg/torture/stackalign/vararg-3.c  -O0  execution test
FAIL: gcc.dg/torture/stackalign/alloca-2.c  -O0  execution test
FAIL: gcc.dg/torture/stackalign/alloca-3.c  -O0  execution test
FAIL: gcc.dg/torture/stackalign/push-1.c  -O0  execution test
FAIL: gcc.dg/torture/stackalign/vararg-3.c  -O0  execution test
XPASS: gcc.dg/tree-ssa/20040204-1.c scan-tree-dump-times optimized "link_error" 0
FAIL: gcc.dg/tree-ssa/ltrans-1.c scan-tree-dump-times ltrans "converted loop nest to perfect loop nest" 1
FAIL: gcc.dg/tree-ssa/ltrans-1.c scan-tree-dump-times ltrans "transformed loop" 1
FAIL: gcc.dg/tree-ssa/ltrans-3.c scan-tree-dump-times ltrans "transformed loop" 1
FAIL: gcc.dg/tree-ssa/ltrans-4.c scan-tree-dump-times ltrans "transformed loop" 1
FAIL: gcc.dg/tree-ssa/ltrans-5.c scan-tree-dump-times ltrans "transformed loop" 1
FAIL: gcc.dg/tree-ssa/ltrans-6.c scan-tree-dump-times ltrans "transformed loop" 1
FAIL: gcc.dg/tree-ssa/ltrans-8.c scan-tree-dump-times ltrans "transformed loop" 1
FAIL: gcc.dg/tree-ssa/vrp47.c scan-tree-dump-times vrp1 "[xy][^ ]* !=" 0
FAIL: gcc.dg/tree-ssa/vrp47.c scan-tree-dump-times dom1 "x[^ ]* & y" 1
FAIL: gcc.dg/tree-ssa/vrp47.c scan-tree-dump-times vrp1 "x[^ ]* [|] y" 1
FAIL: gcc.target/i386/abi-1.c scan-assembler-times xmm0 1
FAIL: gcc.target/i386/asm-2.c (internal compiler error)
FAIL: gcc.target/i386/asm-2.c (test for excess errors)
FAIL: gcc.target/i386/avx-vcmppd-1.c (test for excess errors)
WARNING: gcc.target/i386/avx-vcmppd-1.c compilation failed to produce executable
FAIL: gcc.target/i386/avx-vcmppd-256-1.c (test for excess errors)
WARNING: gcc.target/i386/avx-vcmppd-256-1.c compilation failed to produce executable
FAIL: gcc.target/i386/avx-vcmpps-1.c (test for excess errors)
WARNING: gcc.target/i386/avx-vcmpps-1.c compilation failed to produce executable
FAIL: gcc.target/i386/avx-vcmpps-256-1.c (test for excess errors)
WARNING: gcc.target/i386/avx-vcmpps-256-1.c compilation failed to produce executable
FAIL: gcc.target/i386/avx-vcmpsd-1.c (test for excess errors)
WARNING: gcc.target/i386/avx-vcmpsd-1.c compilation failed to produce executable
FAIL: gcc.target/i386/avx-vcmpss-1.c (test for excess errors)
WARNING: gcc.target/i386/avx-vcmpss-1.c compilation failed to produce executable
FAIL: gcc.target/i386/avx-vmovntdq-256-1.c (test for excess errors)
WARNING: gcc.target/i386/avx-vmovntdq-256-1.c compilation failed to produce executable
FAIL: gcc.target/i386/avx-vmovntpd-256-1.c (test for excess errors)
WARNING: gcc.target/i386/avx-vmovntpd-256-1.c compilation failed to produce executable
FAIL: gcc.target/i386/avx-vmovntps-256-1.c (test for excess errors)
WARNING: gcc.target/i386/avx-vmovntps-256-1.c compilation failed to produce executable
FAIL: gcc.target/i386/fastcall-sseregparm.c execution test
FAIL: gcc.target/i386/pr13685.c execution test
FAIL: gcc.target/i386/pr22076.c scan-assembler-times movq 3
FAIL: gcc.target/i386/pr22076.c scan-assembler-not movl
FAIL: gcc.target/i386/pr37191.c (test for excess errors)
FAIL: gcc.target/i386/pr37275.c (test for excess errors)
FAIL: gcc.target/i386/pr41963.c (test for excess errors)
FAIL: gcc.target/i386/reload-1.c (test for excess errors)
FAIL: gcc.target/i386/reload-1.c scan-rtl-dump-not csa "deleted 1 dead insns": dump file does not exist
FAIL: gcc.target/i386/sse-3.c execution test
FAIL: gcc.target/i386/sse-addps-1.c execution test
FAIL: gcc.target/i386/sse-addss-1.c execution test
FAIL: gcc.target/i386/sse-andnps-1.c execution test
FAIL: gcc.target/i386/sse-andps-1.c execution test
FAIL: gcc.target/i386/sse-comiss-1.c execution test
FAIL: gcc.target/i386/sse-comiss-2.c execution test
FAIL: gcc.target/i386/sse-comiss-3.c execution test
FAIL: gcc.target/i386/sse-comiss-4.c execution test
FAIL: gcc.target/i386/sse-comiss-5.c execution test
FAIL: gcc.target/i386/sse-comiss-6.c execution test
FAIL: gcc.target/i386/sse-cvtsi2ss-1.c execution test
FAIL: gcc.target/i386/sse-cvtss2si-1.c execution test
FAIL: gcc.target/i386/sse-cvttss2si-1.c execution test
FAIL: gcc.target/i386/sse-divps-1.c execution test
FAIL: gcc.target/i386/sse-divss-1.c execution test
FAIL: gcc.target/i386/sse-init-v4sf-1.c execution test
FAIL: gcc.target/i386/sse-maxps-1.c execution test
FAIL: gcc.target/i386/sse-maxss-1.c execution test
FAIL: gcc.target/i386/sse-minps-1.c execution test
FAIL: gcc.target/i386/sse-minss-1.c execution test
FAIL: gcc.target/i386/sse-movaps-1.c execution test
FAIL: gcc.target/i386/sse-movaps-2.c execution test
FAIL: gcc.target/i386/sse-movhlps-1.c execution test
FAIL: gcc.target/i386/sse-movhps-1.c execution test
FAIL: gcc.target/i386/sse-movhps-2.c execution test
FAIL: gcc.target/i386/sse-movlhps-1.c execution test
FAIL: gcc.target/i386/sse-movmskps-1.c execution test
FAIL: gcc.target/i386/sse-movntps-1.c execution test
FAIL: gcc.target/i386/sse-movss-1.c execution test
FAIL: gcc.target/i386/sse-movss-2.c execution test
FAIL: gcc.target/i386/sse-movss-3.c execution test
FAIL: gcc.target/i386/sse-movups-1.c execution test
FAIL: gcc.target/i386/sse-movups-2.c execution test
FAIL: gcc.target/i386/sse-mulps-1.c execution test
FAIL: gcc.target/i386/sse-mulss-1.c execution test
FAIL: gcc.target/i386/sse-orps-1.c execution test
FAIL: gcc.target/i386/sse-rcpps-1.c execution test
FAIL: gcc.target/i386/sse-recip-vec.c execution test
FAIL: gcc.target/i386/sse-recip.c execution test
FAIL: gcc.target/i386/sse-rsqrtps-1.c execution test
FAIL: gcc.target/i386/sse-set-ps-1.c execution test
FAIL: gcc.target/i386/sse-sqrtps-1.c execution test
FAIL: gcc.target/i386/sse-subps-1.c execution test
FAIL: gcc.target/i386/sse-subss-1.c execution test
FAIL: gcc.target/i386/sse-ucomiss-1.c execution test
FAIL: gcc.target/i386/sse-ucomiss-2.c execution test
FAIL: gcc.target/i386/sse-ucomiss-3.c execution test
FAIL: gcc.target/i386/sse-ucomiss-4.c execution test
FAIL: gcc.target/i386/sse-ucomiss-5.c execution test
FAIL: gcc.target/i386/sse-ucomiss-6.c execution test
FAIL: gcc.target/i386/sse-unpckhps-1.c execution test
FAIL: gcc.target/i386/sse-unpcklps-1.c execution test
FAIL: gcc.target/i386/sse-xorps-1.c execution test

		=== gcc Summary ===

# of expected passes		56319
# of unexpected failures	142
# of unexpected successes	4
# of expected failures		190
# of unsupported tests		585
/export/home/tgc/tmp/gcc444_nofortran/gcc/xgcc  version 4.4.4 (GCC) 

		=== gnat tests ===


Running target unix

		=== gnat Summary ===

# of expected passes		619
# of expected failures		6
		=== obj-c++ tests ===


Running target unix
XPASS: obj-c++.dg/comp-types-10.mm (test for excess errors)
WARNING: obj-c++.dg/lookup-2.mm compilation failed to produce executable
WARNING: obj-c++.dg/try-catch-2.mm compilation failed to produce executable
WARNING: obj-c++.dg/try-catch-9.mm compilation failed to produce executable

		=== obj-c++ Summary ===

# of expected passes		436
# of unexpected successes	1
# of expected failures		9
# of unsupported tests		13
/export/home/tgc/tmp/gcc444_nofortran/gcc/testsuite/obj-c++/../../g++  version 4.4.4 (GCC) 

		=== objc tests ===


Running target unix

		=== objc Summary ===

# of expected passes		1874
# of expected failures		7
# of unsupported tests		24
/export/home/tgc/tmp/gcc444_nofortran/gcc/xgcc  version 4.4.4 (GCC) 

		=== libffi tests ===


Running target unix
FAIL: libffi.call/float4.c -O0 -W -Wall (test for excess errors)
WARNING: libffi.call/float4.c -O0 -W -Wall compilation failed to produce executable

		=== libffi Summary ===

# of expected passes		1387
# of unexpected failures	1
# of unsupported tests		10
		=== libgomp tests ===


Running target unix

		=== libgomp Summary ===

# of expected passes		883
# of unsupported tests		64
		=== libjava tests ===


Running target unix
FAIL: PR16923 run
WARNING: program timed out.
FAIL: getstacktrace run
WARNING: program timed out.
FAIL: getallthreads run
FAIL: InvokeInterface execution - source compiled test
FAIL: InvokeInterface -O3 execution - source compiled test
WARNING: program timed out.
FAIL: PR18699 execution - source compiled test
WARNING: program timed out.
FAIL: PR18699 -findirect-dispatch execution - source compiled test
WARNING: program timed out.
FAIL: PR18699 -O3 execution - source compiled test
WARNING: program timed out.
FAIL: PR18699 -O3 -findirect-dispatch execution - source compiled test
WARNING: program timed out.
FAIL: PR27908 execution - source compiled test
WARNING: program timed out.
FAIL: PR27908 -findirect-dispatch execution - source compiled test
WARNING: program timed out.
FAIL: PR27908 -O3 execution - source compiled test
WARNING: program timed out.
FAIL: PR27908 -O3 -findirect-dispatch execution - source compiled test
FAIL: Process_3 execution - source compiled test
FAIL: Process_3 -findirect-dispatch execution - source compiled test
FAIL: Process_3 -O3 execution - source compiled test
FAIL: Process_3 -O3 -findirect-dispatch execution - source compiled test
FAIL: Thread_Monitor execution - source compiled test
FAIL: Thread_Monitor -findirect-dispatch execution - source compiled test
FAIL: Thread_Monitor -O3 execution - source compiled test
FAIL: Thread_Monitor -O3 -findirect-dispatch execution - source compiled test
FAIL: Throw_2 execution - source compiled test
FAIL: Throw_2 -findirect-dispatch execution - source compiled test
FAIL: Throw_2 -O3 execution - source compiled test
FAIL: Throw_2 -O3 -findirect-dispatch execution - source compiled test

		=== libjava Summary ===

# of expected passes		2527
# of unexpected failures	25
# of untested testcases		25
		=== libstdc++ tests ===


Running target unix
WARNING: program timed out.
FAIL: 23_containers/vector/bool/modifiers/insert/31370.cc execution test
FAIL: 26_numerics/complex/13450.cc execution test
FAIL: 26_numerics/complex/complex_value.cc (test for excess errors)
WARNING: 26_numerics/complex/complex_value.cc compilation failed to produce executable
FAIL: 27_io/basic_istream/extractors_arithmetic/char/12.cc execution test
FAIL: 27_io/basic_istream/extractors_arithmetic/wchar_t/12.cc execution test
FAIL: ext/enc_filebuf/char/13598.cc execution test

		=== libstdc++ Summary ===

# of expected passes		5475
# of unexpected failures	6
# of expected failures		71
# of unsupported tests		539

Compiler version: 4.4.4 (GCC) 
Platform: i386-pc-solaris2.8
configure flags: --prefix=/usr/tgcware/gcc-4.4.4 --with-local-prefix=/usr/tgcware/gcc-4.4.4 --with-gnu-as --with-as=/opt/csw/bin/gas --without-gnu-ld --with-ld=/usr/ccs/bin/ld --enable-threads=posix --enable-shared --with-gmp=/opt/csw --with-mpfr=/opt/csw --disable-nls --enable-languages=c,ada,c++,java,objc,obj-c++ --with-system-zlib --with-arch=pentiumpro


Index Nav: [Date Index] [Subject Index] [Author Index] [Thread Index]
Message Nav: [Date Prev] [Date Next] [Thread Prev] [Thread Next]