This is the mail archive of the
gcc-testresults@gcc.gnu.org
mailing list for the GCC project.
Results for 4.5.1 20100709 (prerelease) [gcc-4_5-branch revision 161983] (GCC) testsuite on powerpc64-unknown-linux-gnu
- From: Pat Haugen <pthaugen at us dot ibm dot com>
- To: gcc-testresults at gcc dot gnu dot org
- Date: Fri, 9 Jul 2010 05:44:21 -0700
- Subject: Results for 4.5.1 20100709 (prerelease) [gcc-4_5-branch revision 161983] (GCC) testsuite on powerpc64-unknown-linux-gnu
Linux 2.6.16.46-0.4-ppc64 ppc64
GNU C Library development release version 2.4 (20070330)
GNU ld (GNU Binutils) 2.20
GNU assembler (GNU Binutils) 2.20
GNU Make 3.80
DejaGnu:
Expect version is 5.43.0
Tcl version is 8.4
Framework version is 1.4.4
32-bit biarch default32
LAST_UPDATED: Fri Jul 9 06:28:02 UTC 2010 (revision 161983)
Native configuration is powerpc64-unknown-linux-gnu
=== g++ tests ===
Running target unix/-m32
=== gcc tests ===
Running target unix/-m32
FAIL: gcc.dg/graphite/pr43012.c execution test
FAIL: gcc.dg/tree-ssa/pr42585.c scan-tree-dump-times optimized "struct _fat_ptr _ans" 0
FAIL: gcc.dg/tree-ssa/pr42585.c scan-tree-dump-times optimized "struct _fat_ptr _T2" 0
FAIL: gcc.dg/tree-ssa/vrp47.c scan-tree-dump-times vrp1 "[xy][^ ]* !=" 0
FAIL: gcc.dg/tree-ssa/vrp47.c scan-tree-dump-times dom1 "x[^ ]* & y" 1
FAIL: gcc.dg/vect/costmodel/ppc/costmodel-vect-31d.c scan-tree-dump-times vect "vectorization not profitable" 1
FAIL: gcc.dg/vect/costmodel/ppc/costmodel-vect-68d.c scan-tree-dump-times vect "vectorization not profitable" 1
FAIL: gcc.dg/vect/costmodel/ppc/costmodel-vect-76a.c scan-tree-dump-times vect "vectorized 1 loops" 1
FAIL: gcc.dg/vect/costmodel/ppc/costmodel-vect-76b.c scan-tree-dump-times vect "vectorization not profitable" 1
FAIL: gcc.dg/vect/pr35821-altivec.c scan-tree-dump-times vect "vectorized 1 loops" 1
FAIL: gcc.dg/vect/vect-109.c scan-tree-dump-times vect "vectorized 1 loops" 2
FAIL: gcc.target/powerpc/405-dlmzb-strlen-1.c scan-assembler dlmzb\\\\.
FAIL: gcc.target/powerpc/440-dlmzb-strlen-1.c scan-assembler dlmzb\\\\.
=== gcc Summary for unix/-m32 ===
# of expected passes 19509
# of unexpected failures 13
# of expected failures 124
# of unsupported tests 315
Running target unix/-m64
FAIL: gcc.dg/graphite/pr43012.c execution test
FAIL: gcc.dg/lto/20081112 c_lto_20081112_0.o-c_lto_20081112_1.o execute -O2 -fwhopr
FAIL: gcc.dg/lto/20090116 c_lto_20090116_0.o-c_lto_20090116_0.o link, (internal compiler error)
UNRESOLVED: gcc.dg/lto/20090116 c_lto_20090116_0.o-c_lto_20090116_0.o execute -O1 -fwhopr -fPIC
FAIL: gcc.dg/tree-ssa/pr42585.c scan-tree-dump-times optimized "struct _fat_ptr _ans" 0
FAIL: gcc.dg/tree-ssa/pr42585.c scan-tree-dump-times optimized "struct _fat_ptr _T2" 0
FAIL: gcc.dg/tree-ssa/vrp47.c scan-tree-dump-times vrp1 "[xy][^ ]* !=" 0
FAIL: gcc.dg/tree-ssa/vrp47.c scan-tree-dump-times dom1 "x[^ ]* & y" 1
FAIL: gcc.dg/vect/costmodel/ppc/costmodel-vect-31d.c scan-tree-dump-times vect "vectorization not profitable" 1
FAIL: gcc.dg/vect/costmodel/ppc/costmodel-vect-68d.c scan-tree-dump-times vect "vectorization not profitable" 1
FAIL: gcc.dg/vect/costmodel/ppc/costmodel-vect-76a.c scan-tree-dump-times vect "vectorized 1 loops" 1
FAIL: gcc.dg/vect/costmodel/ppc/costmodel-vect-76b.c scan-tree-dump-times vect "vectorization not profitable" 1
FAIL: gcc.dg/vect/pr35821-altivec.c scan-tree-dump-times vect "vectorized 1 loops" 1
=== g++ tests ===
Running target unix/-m32
WARNING: program timed out.
FAIL: g++.dg/bprob/g++-bprob-2.C execution, -Os -fprofile-use
=== g++ Summary for unix/-m32 ===
# of expected passes 5033
# of unexpected failures 1
# of expected failures 9
# of unsupported tests 6
Running target unix/-m64
=== g++ Summary for unix/-m64 ===
# of expected passes 5034
# of expected failures 9
# of unsupported tests 6
=== g++ Summary ===
# of expected passes 10067
# of unexpected failures 1
# of expected failures 18
# of unsupported tests 12
/home/gccbuild/build/nightly/build-gcc-4.5/gcc/testsuite/g++/../../g++ version 4.5.1 20100709 (prerelease) [gcc-4_5-branch revision 161983] (GCC)
Compiler version: 4.5.1 20100709 (prerelease) [gcc-4_5-branch revision 161983] (GCC)
Platform: powerpc64-unknown-linux-gnu
configure flags: --prefix=/opt/gcc-nightly/4.5-20100709 --build=powerpc64-linux --host=powerpc64-linux --target=powerpc64-linux --with-cpu=default32 --with-as=/opt/gcc-nightly/binutils-2.20/bin/as --with-ld=/opt/gcc-nightly/binutils-2.20/bin/ld --enable-threads=posix --enable-shared --enable-__cxa_atexit --enable-languages=c,c++,fortran,objc,obj-c++ --with-long-double-128 --enable-secureplt --enable-checking --disable-alsa --with-gmp=/opt/gcc-nightly/gcc-host-libs-32 --with-mpfr=/opt/gcc-nightly/gcc-host-libs-32 --with-ppl=/opt/gcc-nightly/gcc-host-libs-32 --with-cloog=/opt/gcc-nightly/gcc-host-libs-32 --with-mpc=/opt/gcc-nightly/gcc-host-libs-32 --with-libelf=/opt/gcc-nightly/gcc-host-libs-32 --with-host-libstdcxx=-Wl,-Bstatic,-L/opt/gcc-nightly/gcc-host-libs-32/lib,-lstdc++,-Bdynamic,-lm