This is the mail archive of the gcc-testresults@gcc.gnu.org mailing list for the GCC project.


Index Nav: [Date Index] [Subject Index] [Author Index] [Thread Index]
Message Nav: [Date Prev] [Date Next] [Thread Prev] [Thread Next]
Other format: [Raw text]

Results for 4.6.0 20100701 (experimental) [trunk revision 161653] (GCC) testsuite on moxie-unknown-elf


LAST_UPDATED: Thu Jul  1 00:29:22 UTC 2010 (revision 161653)

Target is moxie-unknown-elf
Host   is x86_64-unknown-linux-gnu

		=== gcc tests ===


Running target moxie-sim
WARNING: program timed out.
FAIL: gcc.c-torture/compile/20050622-1.c  -O3 -g  (test for excess errors)
FAIL: gcc.c-torture/execute/pr42833.c compilation,  -O0 
UNRESOLVED: gcc.c-torture/execute/pr42833.c execution,  -O0 
FAIL: gcc.c-torture/execute/pr42833.c compilation,  -O1 
UNRESOLVED: gcc.c-torture/execute/pr42833.c execution,  -O1 
FAIL: gcc.c-torture/execute/pr42833.c compilation,  -O2 
UNRESOLVED: gcc.c-torture/execute/pr42833.c execution,  -O2 
FAIL: gcc.c-torture/execute/pr42833.c compilation,  -O3 -fomit-frame-pointer 
UNRESOLVED: gcc.c-torture/execute/pr42833.c execution,  -O3 -fomit-frame-pointer 
FAIL: gcc.c-torture/execute/pr42833.c compilation,  -O3 -fomit-frame-pointer -funroll-loops 
UNRESOLVED: gcc.c-torture/execute/pr42833.c execution,  -O3 -fomit-frame-pointer -funroll-loops 
FAIL: gcc.c-torture/execute/pr42833.c compilation,  -O3 -fomit-frame-pointer -funroll-all-loops -finline-functions 
UNRESOLVED: gcc.c-torture/execute/pr42833.c execution,  -O3 -fomit-frame-pointer -funroll-all-loops -finline-functions 
FAIL: gcc.c-torture/execute/pr42833.c compilation,  -O3 -g 
UNRESOLVED: gcc.c-torture/execute/pr42833.c execution,  -O3 -g 
FAIL: gcc.c-torture/execute/pr42833.c compilation,  -Os 
UNRESOLVED: gcc.c-torture/execute/pr42833.c execution,  -Os 
FAIL: gcc.c-torture/execute/pr42833.c compilation,  -O2 -flto 
UNRESOLVED: gcc.c-torture/execute/pr42833.c execution,  -O2 -flto 
FAIL: gcc.c-torture/execute/pr42833.c compilation,  -O2 -fwhopr 
UNRESOLVED: gcc.c-torture/execute/pr42833.c execution,  -O2 -fwhopr 
FAIL: gcc.dg/builtin-apply2.c execution test
FAIL: gcc.dg/c99-stdint-1.c (test for excess errors)
FAIL: gcc.dg/c99-stdint-2.c (test for excess errors)
FAIL: gcc.dg/c99-stdint-4.c (test for excess errors)
FAIL: gcc.dg/c99-stdint-5.c (test for excess errors)
FAIL: gcc.dg/c99-stdint-6.c (test for excess errors)
FAIL: gcc.dg/c99-stdint-7.c (test for excess errors)
FAIL: gcc.dg/c99-stdint-8.c (test for excess errors)
FAIL: gcc.dg/large-size-array-2.c (internal compiler error)
FAIL: gcc.dg/large-size-array-2.c  (test for errors, line 6)
FAIL: gcc.dg/large-size-array-2.c (test for excess errors)
FAIL: gcc.dg/large-size-array-4.c (internal compiler error)
FAIL: gcc.dg/large-size-array-4.c  (test for errors, line 6)
FAIL: gcc.dg/large-size-array-4.c (test for excess errors)
FAIL: gcc.dg/pr34668-1.c (internal compiler error)
FAIL: gcc.dg/pr34668-1.c (test for excess errors)
FAIL: gcc.dg/pr41340.c (test for excess errors)
FAIL: gcc.dg/pr42427.c (test for excess errors)
FAIL: gcc.dg/pr42629.c (test for excess errors)
FAIL: gcc.dg/sibcall-3.c execution test
FAIL: gcc.dg/sibcall-4.c execution test
FAIL: gcc.dg/uninit-pred-7_a.c bogus warning (test for bogus messages, line 26)
FAIL: gcc.dg/uninit-pred-8_a.c bogus warning (test for bogus messages, line 26)
FAIL: gcc.dg/uninit-pred-9_b.c bogus warning (test for bogus messages, line 24)
FAIL: c-c++-common/uninit-17.c  -Wc++-compat   (test for warnings, line 14)
FAIL: c-c++-common/uninit-17.c  -Wc++-compat  (test for excess errors)
FAIL: gcc.dg/lto/20090313 c_lto_20090313_0.o-c_lto_20090313_0.o link, -O0 -fwhopr
UNRESOLVED: gcc.dg/lto/20090313 c_lto_20090313_0.o-c_lto_20090313_0.o execute -O0 -fwhopr
FAIL: gcc.dg/lto/20090313 c_lto_20090313_0.o-c_lto_20090313_0.o link, -O2 -fwhopr
UNRESOLVED: gcc.dg/lto/20090313 c_lto_20090313_0.o-c_lto_20090313_0.o execute -O2 -fwhopr
FAIL: gcc.dg/lto/20090313 c_lto_20090313_0.o-c_lto_20090313_0.o link, -O0 -flto
UNRESOLVED: gcc.dg/lto/20090313 c_lto_20090313_0.o-c_lto_20090313_0.o execute -O0 -flto
FAIL: gcc.dg/lto/20090313 c_lto_20090313_0.o-c_lto_20090313_0.o link, -O2 -flto
UNRESOLVED: gcc.dg/lto/20090313 c_lto_20090313_0.o-c_lto_20090313_0.o execute -O2 -flto
FAIL: gcc.dg/lto/20100518 c_lto_20100518_0.o assemble, -O0 -fwhopr
UNRESOLVED: gcc.dg/lto/20100518 c_lto_20100518_0.o-c_lto_20100518_0.o link -O0 -fwhopr
UNRESOLVED: gcc.dg/lto/20100518 c_lto_20100518_0.o-c_lto_20100518_0.o execute -O0 -fwhopr
FAIL: gcc.dg/lto/20100518 c_lto_20100518_0.o assemble, -O2 -fwhopr
UNRESOLVED: gcc.dg/lto/20100518 c_lto_20100518_0.o-c_lto_20100518_0.o link -O2 -fwhopr
UNRESOLVED: gcc.dg/lto/20100518 c_lto_20100518_0.o-c_lto_20100518_0.o execute -O2 -fwhopr
FAIL: gcc.dg/lto/20100518 c_lto_20100518_0.o assemble, -O0 -flto
UNRESOLVED: gcc.dg/lto/20100518 c_lto_20100518_0.o-c_lto_20100518_0.o link -O0 -flto
UNRESOLVED: gcc.dg/lto/20100518 c_lto_20100518_0.o-c_lto_20100518_0.o execute -O0 -flto
FAIL: gcc.dg/lto/20100518 c_lto_20100518_0.o assemble, -O2 -flto
UNRESOLVED: gcc.dg/lto/20100518 c_lto_20100518_0.o-c_lto_20100518_0.o link -O2 -flto
UNRESOLVED: gcc.dg/lto/20100518 c_lto_20100518_0.o-c_lto_20100518_0.o execute -O2 -flto
FAIL: gcc.dg/tls/alias-1.c (test for excess errors)
FAIL: gcc.dg/torture/pr37868.c  -O0  execution test
FAIL: gcc.dg/torture/pr37868.c  -O1  execution test
FAIL: gcc.dg/torture/pr37868.c  -O2  execution test
FAIL: gcc.dg/torture/pr37868.c  -O3 -fomit-frame-pointer  execution test
FAIL: gcc.dg/torture/pr37868.c  -O3 -g  execution test
FAIL: gcc.dg/torture/pr37868.c  -Os  execution test
FAIL: gcc.dg/torture/pr37868.c  -O2 -flto  execution test
FAIL: gcc.dg/torture/pr37868.c  -O2 -fwhopr  execution test
FAIL: gcc.dg/tree-ssa/asm-2.c (test for excess errors)
FAIL: gcc.dg/tree-ssa/loop-1.c scan-assembler-times foo 5
FAIL: gcc.dg/tree-ssa/vrp47.c scan-tree-dump-times vrp1 "[xy][^ ]* !=" 0
FAIL: gcc.dg/tree-ssa/vrp47.c scan-tree-dump-times dom1 "x[^ ]* & y" 1
FAIL: gcc.dg/tree-ssa/vrp47.c scan-tree-dump-times vrp1 "x[^ ]* [|] y" 1

		=== gcc Summary ===

# of expected passes		63275
# of unexpected failures	59
# of expected failures		78
# of unresolved testcases	22
# of unsupported tests		822
/home/green/gcc-moxie-elf/gcc/xgcc  version 4.6.0 20100701 (experimental) [trunk revision 161653] (GCC) 

Host   is x86_64-unknown-linux-gnu

		=== g++ tests ===


Running target moxie-sim
FAIL: g++.dg/abi/packed1.C (test for excess errors)
FAIL: g++.dg/cpp/_Pragma1.C (test for excess errors)
FAIL: g++.dg/cpp0x/noexcept04.C execution test
FAIL: g++.dg/cpp0x/noexcept05.C scan-assembler LSDA
FAIL: g++.dg/eh/spec10.C execution test
FAIL: g++.dg/eh/spec11.C scan-assembler LSDA
WARNING: program timed out.
FAIL: g++.dg/init/array15.C execution test
WARNING: program timed out.
FAIL: g++.dg/init/array16.C execution test
FAIL: g++.dg/opt/asm1.C double sized union element should be addressible (test for bogus messages, line 8)
FAIL: g++.dg/opt/pr15551.C execution test
FAIL: g++.dg/opt/pr23478.C (test for excess errors)
UNRESOLVED: g++.dg/opt/pr23478.C compilation failed to produce executable
FAIL: g++.dg/opt/pr36449.C execution test
FAIL: c-c++-common/uninit-17.c  (test for warnings, line 14)
FAIL: c-c++-common/uninit-17.c (test for excess errors)
FAIL: g++.dg/torture/pr37922.C  -Os  execution test
FAIL: g++.old-deja/g++.eh/ia64-1.C (test for excess errors)
UNRESOLVED: g++.old-deja/g++.eh/ia64-1.C compilation failed to produce executable
FAIL: g++.old-deja/g++.jason/thunk3.C (test for excess errors)
UNRESOLVED: g++.old-deja/g++.jason/thunk3.C compilation failed to produce executable

		=== g++ Summary ===

# of expected passes		22590
# of unexpected failures	17
# of expected failures		147
# of unresolved testcases	3
# of unsupported tests		238
/home/green/gcc-moxie-elf/gcc/testsuite/g++/../../g++  version 4.6.0 20100701 (experimental) [trunk revision 161653] (GCC) 


Compiler version: 4.6.0 20100701 (experimental) [trunk revision 161653] (GCC) 
Platform: moxie-unknown-elf
configure flags: --prefix=/home/green/root/usr --target=moxie-elf --enable-languages=c,c++ --disable-libssp --with-newlib --with-headers=/home/green/root/usr/moxie-elf/include --enable-lto --with-libelf=/opt/cfarm/libelf-0.8.12 --with-mpfr=/opt/cfarm/mpfr-2.4.1 --with-gmp=/opt/cfarm/gmp-4.2.4 --with-mpc=/opt/cfarm/mpc-0.8


Index Nav: [Date Index] [Subject Index] [Author Index] [Thread Index]
Message Nav: [Date Prev] [Date Next] [Thread Prev] [Thread Next]