This is the mail archive of the
gcc-testresults@gcc.gnu.org
mailing list for the GCC project.
Results for 4.4.5 20100622 (prerelease) [ix86/gcc-4_4-branch revision 161284] (GCC) testsuite on i686-pc-linux-gnu
- From: hjl at gnu-17 dot sc dot intel dot com (H.J. Lu (ia32))
- To: gcc-testresults at gcc dot gnu dot org
- Date: Thu, 24 Jun 2010 11:55:25 -0700 (PDT)
- Subject: Results for 4.4.5 20100622 (prerelease) [ix86/gcc-4_4-branch revision 161284] (GCC) testsuite on i686-pc-linux-gnu
LAST_UPDATED: Wed Jun 23 17:55:01 UTC 2010 (revision 161284)
Native configuration is i686-pc-linux-gnu
=== gcc tests ===
Running target unix
=== gcc Summary ===
# of expected passes 58223
# of expected failures 191
# of unsupported tests 450
/export/build/gnu/gcc-4.4-ix86/build-i686-linux/gcc/xgcc version 4.4.5 20100622 (prerelease) [ix86/gcc-4_4-branch revision 161284] (GCC)
=== gfortran tests ===
Running target unix
=== gfortran Summary ===
# of expected passes 30221
# of expected failures 9
# of unsupported tests 106
/export/build/gnu/gcc-4.4-ix86/build-i686-linux/gcc/testsuite/gfortran/../../gfortran version 4.4.5 20100622 (prerelease) [ix86/gcc-4_4-branch revision 161284] (GCC)
=== g++ tests ===
Running target unix
=== g++ Summary ===
# of expected passes 20250
# of expected failures 157
# of unsupported tests 101
/export/build/gnu/gcc-4.4-ix86/build-i686-linux/gcc/testsuite/g++/../../g++ version 4.4.5 20100622 (prerelease) [ix86/gcc-4_4-branch revision 161284] (GCC)
=== objc tests ===
Running target unix
=== objc Summary ===
# of expected passes 1874
# of expected failures 7
# of unsupported tests 24
/export/build/gnu/gcc-4.4-ix86/build-i686-linux/gcc/xgcc version 4.4.5 20100622 (prerelease) [ix86/gcc-4_4-branch revision 161284] (GCC)
=== libffi tests ===
Running target unix
=== libffi Summary ===
# of expected passes 1389
# of unsupported tests 10
=== libgomp tests ===
Running target unix
=== libgomp Summary ===
# of expected passes 2476
=== libjava tests ===
Running target unix
=== libjava Summary ===
# of expected passes 2574
=== libmudflap tests ===
Running target unix
FAIL: libmudflap.c++/pass41-frag.cxx execution test
FAIL: libmudflap.c++/pass41-frag.cxx (-static) execution test
FAIL: libmudflap.c++/pass41-frag.cxx ( -O) execution test
FAIL: libmudflap.c++/pass41-frag.cxx (-O2) execution test
FAIL: libmudflap.c++/pass41-frag.cxx (-O3) execution test
FAIL: libmudflap.cth/pass39-frag.c (-O2) (rerun 11) execution test
FAIL: libmudflap.cth/pass39-frag.c (-O2) (rerun 11) output pattern test
FAIL: libmudflap.cth/pass39-frag.c (-O2) (rerun 14) execution test
FAIL: libmudflap.cth/pass39-frag.c (-O2) (rerun 14) output pattern test
=== libmudflap Summary ===
# of expected passes 1885
# of unexpected failures 9
=== libstdc++ tests ===
Running target unix
=== libstdc++ Summary ===
# of expected passes 6498
# of expected failures 80
# of unsupported tests 20
Compiler version: 4.4.5 20100622 (prerelease) [ix86/gcc-4_4-branch revision 161284] (GCC)
Platform: i686-pc-linux-gnu
configure flags: --enable-clocale=gnu --with-system-zlib --enable-checking=assert --with-demangler-in-ld --enable-shared --enable-threads=posix --enable-haifa --prefix=/usr/gcc-4.4-ix86 --with-local-prefix=/usr/local