This is the mail archive of the
gcc-testresults@gcc.gnu.org
mailing list for the GCC project.
Results for 4.6.0 20100621 (experimental) [trunk revision 161061] (GCC) testsuite on sh4-unknown-linux-gnu
- From: Kaz Kojima <kkojima at rr dot iij4u dot or dot jp>
- To: gcc-testresults at gcc dot gnu dot org
- Date: Tue, 22 Jun 2010 06:29:13 +0900
- Subject: Results for 4.6.0 20100621 (experimental) [trunk revision 161061] (GCC) testsuite on sh4-unknown-linux-gnu
Remote host: linux 2.6.22 sh4
GNU C Library version 2.7.90
LAST_UPDATED: Mon Jun 21 00:52:09 UTC 2010 (revision 161061)
Target is sh4-unknown-linux-gnu
Host is i686-pc-linux-gnu
=== g++ tests ===
Running target unix
WARNING: Assuming target board is the local machine (which is probably wrong).
FAIL: g++.dg/debug/dwarf2/icf.C scan-assembler \\\\.section.*.debug_dcall
FAIL: g++.dg/debug/dwarf2/icf.C scan-assembler New caller
FAIL: g++.dg/debug/dwarf2/icf.C scan-assembler Caller DIE offset
FAIL: g++.dg/debug/dwarf2/icf.C scan-assembler Callee DIE offset
FAIL: g++.dg/lto/20081109 cp_lto_20081109_0.o-cp_lto_20081109_1.o execute -O2 -fwhopr
=== g++ Summary ===
# of expected passes 22756
# of unexpected failures 5
# of expected failures 148
# of unsupported tests 220
/exp/ldroot/dodes/xsh-gcc-orig/gcc/testsuite/g++/../../g++ version 4.6.0 20100621 (experimental) [trunk revision 161061] (GCC)
Host is i686-pc-linux-gnu
=== gcc tests ===
Running target unix
WARNING: Assuming target board is the local machine (which is probably wrong).
FAIL: gcc.dg/cproj-fails-with-broken-glibc.c execution test
FAIL: gcc.dg/pr34668-1.c (internal compiler error)
FAIL: gcc.dg/pr34668-1.c (test for excess errors)
FAIL: gcc.dg/lto/20100518 c_lto_20100518_0.o assemble, -O0 -fwhopr
UNRESOLVED: gcc.dg/lto/20100518 c_lto_20100518_0.o-c_lto_20100518_0.o link -O0 -fwhopr
UNRESOLVED: gcc.dg/lto/20100518 c_lto_20100518_0.o-c_lto_20100518_0.o execute -O0 -fwhopr
FAIL: gcc.dg/lto/20100518 c_lto_20100518_0.o assemble, -O2 -fwhopr
UNRESOLVED: gcc.dg/lto/20100518 c_lto_20100518_0.o-c_lto_20100518_0.o link -O2 -fwhopr
UNRESOLVED: gcc.dg/lto/20100518 c_lto_20100518_0.o-c_lto_20100518_0.o execute -O2 -fwhopr
FAIL: gcc.dg/lto/20100518 c_lto_20100518_0.o assemble, -O0 -flto
UNRESOLVED: gcc.dg/lto/20100518 c_lto_20100518_0.o-c_lto_20100518_0.o link -O0 -flto
UNRESOLVED: gcc.dg/lto/20100518 c_lto_20100518_0.o-c_lto_20100518_0.o execute -O0 -flto
FAIL: gcc.dg/lto/20100518 c_lto_20100518_0.o assemble, -O2 -flto
UNRESOLVED: gcc.dg/lto/20100518 c_lto_20100518_0.o-c_lto_20100518_0.o link -O2 -flto
UNRESOLVED: gcc.dg/lto/20100518 c_lto_20100518_0.o-c_lto_20100518_0.o execute -O2 -flto
FAIL: gcc.dg/torture/builtin-cproj-1.c -O0 (test for excess errors)
FAIL: gcc.dg/torture/builtin-cproj-1.c -O1 (test for excess errors)
FAIL: gcc.dg/torture/builtin-cproj-1.c -O2 (test for excess errors)
FAIL: gcc.dg/torture/builtin-cproj-1.c -O3 -fomit-frame-pointer (test for excess errors)
FAIL: gcc.dg/torture/builtin-cproj-1.c -O3 -fomit-frame-pointer -funroll-loops (test for excess errors)
FAIL: gcc.dg/torture/builtin-cproj-1.c -O3 -fomit-frame-pointer -funroll-all-loops -finline-functions (test for excess errors)
FAIL: gcc.dg/torture/builtin-cproj-1.c -O3 -g (test for excess errors)
FAIL: gcc.dg/torture/builtin-cproj-1.c -Os (test for excess errors)
FAIL: gcc.dg/torture/builtin-cproj-1.c -O2 -flto (test for excess errors)
FAIL: gcc.dg/torture/builtin-cproj-1.c -O2 -fwhopr (test for excess errors)
XPASS: gcc.dg/tree-ssa/20040204-1.c scan-tree-dump-times optimized "link_error" 0
FAIL: gcc.dg/tree-ssa/pr42585.c scan-tree-dump-times optimized "struct _fat_ptr _ans" 0
FAIL: gcc.dg/tree-ssa/pr42585.c scan-tree-dump-times optimized "struct _fat_ptr _T2" 0
=== gcc Summary ===
# of expected passes 64174
# of unexpected failures 19
# of unexpected successes 1
# of expected failures 88
# of unresolved testcases 8
# of unsupported tests 763
/exp/ldroot/dodes/xsh-gcc-orig/gcc/xgcc version 4.6.0 20100621 (experimental) [trunk revision 161061] (GCC)
Host is i686-pc-linux-gnu
=== gfortran tests ===
Running target unix
WARNING: Assuming target board is the local machine (which is probably wrong).
FAIL: gfortran.dg/allocatable_scalar_5.f90 -O0 execution test
FAIL: gfortran.dg/nearest_1.f90 -O0 execution test
FAIL: gfortran.dg/nearest_1.f90 -O1 execution test
FAIL: gfortran.dg/nearest_1.f90 -O2 execution test
FAIL: gfortran.dg/nearest_1.f90 -O3 -fomit-frame-pointer execution test
FAIL: gfortran.dg/nearest_1.f90 -O3 -fomit-frame-pointer -funroll-loops execution test
FAIL: gfortran.dg/nearest_1.f90 -O3 -fomit-frame-pointer -funroll-all-loops -finline-functions execution test
FAIL: gfortran.dg/nearest_1.f90 -O3 -g execution test
FAIL: gfortran.dg/nearest_1.f90 -Os execution test
=== gfortran Summary ===
# of expected passes 33785
# of unexpected failures 9
# of expected failures 22
# of unsupported tests 288
/exp/ldroot/dodes/xsh-gcc-orig/gcc/testsuite/gfortran/../../gfortran version 4.6.0 20100621 (experimental) [trunk revision 161061] (GCC)
Host is i686-pc-linux-gnu
=== objc tests ===
Running target unix
WARNING: Assuming target board is the local machine (which is probably wrong).
=== objc Summary ===
# of expected passes 1971
# of expected failures 15
# of unsupported tests 28
/exp/ldroot/dodes/xsh-gcc-orig/gcc/xgcc version 4.6.0 20100621 (experimental) [trunk revision 161061] (GCC)
Host is sh4-unknown-linux-gnu
=== libffi tests ===
Running target unix
WARNING: Assuming target board is the local machine (which is probably wrong).
=== libffi Summary ===
# of expected passes 1624
# of expected failures 10
# of unsupported tests 15
Host is sh4-unknown-linux-gnu
=== libgomp tests ===
Running target unix
WARNING: Assuming target board is the local machine (which is probably wrong).
FAIL: libgomp.c/pr24455.c (test for excess errors)
FAIL: libgomp.c++/pr24455.C -O0 (test for excess errors)
FAIL: libgomp.c++/pr24455.C -O1 (test for excess errors)
FAIL: libgomp.c++/pr24455.C -O2 (test for excess errors)
FAIL: libgomp.c++/pr24455.C -O3 -fomit-frame-pointer (test for excess errors)
FAIL: libgomp.c++/pr24455.C -O3 -fomit-frame-pointer -funroll-loops (test for excess errors)
FAIL: libgomp.c++/pr24455.C -O3 -fomit-frame-pointer -funroll-all-loops -finline-functions (test for excess errors)
FAIL: libgomp.c++/pr24455.C -O3 -g (test for excess errors)
FAIL: libgomp.c++/pr24455.C -Os (test for excess errors)
=== libgomp Summary ===
# of expected passes 2471
# of unexpected failures 9
# of unsupported tests 7
Host is sh4-unknown-linux-gnu
=== libjava tests ===
Running target unix
WARNING: Assuming target board is the local machine (which is probably wrong).
=== libjava Summary ===
# of expected passes 2405
# of untested testcases 4
Host is sh4-unknown-linux-gnu
=== libmudflap tests ===
Running target unix
WARNING: Assuming target board is the local machine (which is probably wrong).
=== libmudflap Summary ===
# of expected passes 1894
Host is sh4-unknown-linux-gnu
=== libstdc++ tests ===
Running target unix
WARNING: Assuming target board is the local machine (which is probably wrong).
=== libstdc++ Summary ===
# of expected passes 6849
# of expected failures 59
# of unsupported tests 401
Compiler version: 4.6.0 20100621 (experimental) [trunk revision 161061] (GCC)
Platform: sh4-unknown-linux-gnu
configure flags: --host=i686-pc-linux-gnu --target=sh4-unknown-linux-gnu --enable-lto --enable-shared --enable-threads=posix --enable-clocale=gnu --enable-libgcj --with-ld=/usr/local/bin/sh4-unknown-linux-gnu-ld --with-as=/usr/local/bin/sh4-unknown-linux-gnu-as --with-sysroot=/exp/ldroot --with-mpfr=/opt2/i686-pc-linux-gnu --with-mpc=/opt2/i686-pc-linux-gnu --with-libelf=/opt2/i686-pc-linux-gnu --with-ppl=no --enable-languages=c,c++,fortran,java,objc