This is the mail archive of the
gcc-testresults@gcc.gnu.org
mailing list for the GCC project.
Results for 4.6.0 20100618 (experimental) (GCC) testsuite on x86_64-apple-darwin10.4.0
- From: Jack Howarth <howarth at bromo dot med dot uc dot edu>
- To: gcc-testresults at gcc dot gnu dot org
- Date: Fri, 18 Jun 2010 21:58:18 -0400
- Subject: Results for 4.6.0 20100618 (experimental) (GCC) testsuite on x86_64-apple-darwin10.4.0
r161010 with http://gcc.gnu.org/ml/gcc-patches/2010-05/msg00943.html
to expand the tls testsuite executed with emutls and with
http://gcc.gnu.org/ml/gcc-patches/2010-06/msg00995.html
modified per http://gcc.gnu.org/ml/gcc-patches/2010-06/msg00997.html.
Native configuration is x86_64-apple-darwin10.4.0
=== g++ tests ===
Running target unix
WARNING: g++.dg/ext/label13.C compilation failed to produce executable
FAIL: g++.dg/ext/visibility/anon6.C scan-assembler 1BIiE1cE
FAIL: g++.dg/tls/init-2.C (test for excess errors)
FAIL: g++.dg/tree-prof/partition1.C compilation, -g -fprofile-use
UNRESOLVED: g++.dg/tree-prof/partition1.C execution, -g -fprofile-use
FAIL: g++.dg/tree-prof/partition1.C compilation, -O3 -g -fprofile-use
UNRESOLVED: g++.dg/tree-prof/partition1.C execution, -O3 -g -fprofile-use
=== g++ Summary ===
# of expected passes 23800
# of unexpected failures 4
# of expected failures 149
# of unresolved testcases 2
# of unsupported tests 365
/sw/src/fink.build/gcc46-4.6.0-1000/darwin_objdir/gcc/testsuite/g++/../../g++ version 4.6.0 20100618 (experimental) (GCC)
=== gcc tests ===
Running target unix
FAIL: gcc.c-torture/execute/frame-address.c execution, -O2
FAIL: gcc.c-torture/execute/frame-address.c execution, -O3 -fomit-frame-pointer
FAIL: gcc.c-torture/execute/frame-address.c execution, -O3 -g
FAIL: gcc.c-torture/execute/frame-address.c execution, -Os
FAIL: gcc.c-torture/execute/frame-address.c execution, -O2 -flto
FAIL: gcc.c-torture/execute/frame-address.c execution, -O2 -fwhopr
FAIL: gcc.dg/debug/dwarf2/aranges-fnsec-1.c scan-assembler DW_AT_ranges
FAIL: gcc.dg/framework-1.c (test for excess errors)
FAIL: gcc.dg/tls/asm-1.c (internal compiler error)
FAIL: gcc.dg/tls/asm-1.c (test for errors, line 7)
FAIL: gcc.dg/tls/asm-1.c (test for excess errors)
FAIL: gcc.dg/tls/section-1.c conflict with user-defined section (test for errors, line 12)
FAIL: gcc.dg/torture/builtin-math-7.c -O0 execution test
FAIL: gcc.dg/torture/builtin-math-7.c -O1 execution test
FAIL: gcc.dg/torture/builtin-math-7.c -O2 execution test
FAIL: gcc.dg/torture/builtin-math-7.c -O3 -fomit-frame-pointer execution test
FAIL: gcc.dg/torture/builtin-math-7.c -O3 -fomit-frame-pointer -funroll-loops execution test
FAIL: gcc.dg/torture/builtin-math-7.c -O3 -fomit-frame-pointer -funroll-all-loops -finline-functions execution test
FAIL: gcc.dg/torture/builtin-math-7.c -O3 -g execution test
FAIL: gcc.dg/torture/builtin-math-7.c -Os execution test
FAIL: gcc.dg/torture/builtin-math-7.c -O2 -flto execution test
FAIL: gcc.dg/torture/builtin-math-7.c -O2 -fwhopr execution test
XPASS: gcc.dg/tree-ssa/20040204-1.c scan-tree-dump-times optimized "link_error" 0
=== gcc Summary ===
# of expected passes 70831
# of unexpected failures 22
# of unexpected successes 1
# of expected failures 178
# of unsupported tests 1612
/sw/src/fink.build/gcc46-4.6.0-1000/darwin_objdir/gcc/xgcc version 4.6.0 20100618 (experimental) (GCC)
=== gfortran tests ===
Running target unix
=== gfortran Summary ===
# of expected passes 34808
# of expected failures 33
# of unsupported tests 62
/sw/src/fink.build/gcc46-4.6.0-1000/darwin_objdir/gcc/testsuite/gfortran/../../gfortran version 4.6.0 20100618 (experimental) (GCC)
=== obj-c++ tests ===
Running target unix
WARNING: obj-c++.dg/lookup-2.mm -fgnu-runtime compilation failed to produce executable
WARNING: obj-c++.dg/try-catch-2.mm -fgnu-runtime compilation failed to produce executable
WARNING: obj-c++.dg/try-catch-9.mm -fgnu-runtime compilation failed to produce executable
WARNING: obj-c++.dg/try-catch-2.mm -fnext-runtime compilation failed to produce executable
WARNING: obj-c++.dg/try-catch-9.mm -fnext-runtime compilation failed to produce executable
=== obj-c++ Summary ===
# of expected passes 1056
# of expected failures 57
# of unsupported tests 33
/sw/src/fink.build/gcc46-4.6.0-1000/darwin_objdir/gcc/testsuite/obj-c++/../../g++ version 4.6.0 20100618 (experimental) (GCC)
=== objc tests ===
Running target unix
FAIL: objc.dg/headers.m -fnext-runtime (test for excess errors)
FAIL: objc.dg/no-extra-load.m -fnext-runtime (test for excess errors)
ERROR: objc.dg/no-extra-load.m: error executing dg-final: couldn't open "no-extra-load.s": no such file or directory
UNRESOLVED: objc.dg/no-extra-load.m: error executing dg-final: couldn't open "no-extra-load.s": no such file or directory
=== objc Summary ===
# of expected passes 2676
# of unexpected failures 2
# of expected failures 52
# of unresolved testcases 1
# of unsupported tests 44
/sw/src/fink.build/gcc46-4.6.0-1000/darwin_objdir/gcc/xgcc version 4.6.0 20100618 (experimental) (GCC)
=== libffi tests ===
Running target unix
=== libffi Summary ===
# of expected passes 1624
# of expected failures 10
# of unsupported tests 15
=== libgomp tests ===
Running target unix
FAIL: libgomp.c/copyin-1.c (test for excess errors)
WARNING: libgomp.c/copyin-1.c compilation failed to produce executable
FAIL: libgomp.c/copyin-2.c (test for excess errors)
WARNING: libgomp.c/copyin-2.c compilation failed to produce executable
FAIL: libgomp.c++/copyin-1.C -O1 (test for excess errors)
WARNING: libgomp.c++/copyin-1.C -O1 compilation failed to produce executable
FAIL: libgomp.c++/copyin-1.C -O2 (test for excess errors)
WARNING: libgomp.c++/copyin-1.C -O2 compilation failed to produce executable
FAIL: libgomp.c++/copyin-1.C -O3 -fomit-frame-pointer (test for excess errors)
WARNING: libgomp.c++/copyin-1.C -O3 -fomit-frame-pointer compilation failed to produce executable
FAIL: libgomp.c++/copyin-1.C -O3 -fomit-frame-pointer -funroll-loops (test for excess errors)
WARNING: libgomp.c++/copyin-1.C -O3 -fomit-frame-pointer -funroll-loops compilation failed to produce executable
FAIL: libgomp.c++/copyin-1.C -O3 -fomit-frame-pointer -funroll-all-loops -finline-functions (test for excess errors)
WARNING: libgomp.c++/copyin-1.C -O3 -fomit-frame-pointer -funroll-all-loops -finline-functions compilation failed to produce executable
FAIL: libgomp.c++/copyin-1.C -O3 -g (test for excess errors)
WARNING: libgomp.c++/copyin-1.C -O3 -g compilation failed to produce executable
FAIL: libgomp.c++/copyin-1.C -Os (test for excess errors)
WARNING: libgomp.c++/copyin-1.C -Os compilation failed to produce executable
FAIL: libgomp.c++/copyin-2.C -O1 (test for excess errors)
WARNING: libgomp.c++/copyin-2.C -O1 compilation failed to produce executable
FAIL: libgomp.c++/copyin-2.C -O2 (test for excess errors)
WARNING: libgomp.c++/copyin-2.C -O2 compilation failed to produce executable
FAIL: libgomp.c++/copyin-2.C -O3 -fomit-frame-pointer (test for excess errors)
WARNING: libgomp.c++/copyin-2.C -O3 -fomit-frame-pointer compilation failed to produce executable
FAIL: libgomp.c++/copyin-2.C -O3 -fomit-frame-pointer -funroll-loops (test for excess errors)
WARNING: libgomp.c++/copyin-2.C -O3 -fomit-frame-pointer -funroll-loops compilation failed to produce executable
FAIL: libgomp.c++/copyin-2.C -O3 -fomit-frame-pointer -funroll-all-loops -finline-functions (test for excess errors)
WARNING: libgomp.c++/copyin-2.C -O3 -fomit-frame-pointer -funroll-all-loops -finline-functions compilation failed to produce executable
FAIL: libgomp.c++/copyin-2.C -O3 -g (test for excess errors)
WARNING: libgomp.c++/copyin-2.C -O3 -g compilation failed to produce executable
FAIL: libgomp.c++/copyin-2.C -Os (test for excess errors)
WARNING: libgomp.c++/copyin-2.C -Os compilation failed to produce executable
=== libgomp Summary ===
# of expected passes 2504
# of unexpected failures 16
# of unsupported tests 2
=== libjava tests ===
Running target unix
=== libjava Summary ===
# of expected passes 2574
=== libstdc++ tests ===
Running target unix
FAIL: ext/stdio_sync_filebuf/char/1.cc (test for excess errors)
WARNING: ext/stdio_sync_filebuf/char/1.cc compilation failed to produce executable
FAIL: ext/stdio_sync_filebuf/char/12048-3.cc (test for excess errors)
WARNING: ext/stdio_sync_filebuf/char/12048-3.cc compilation failed to produce executable
FAIL: ext/stdio_sync_filebuf/char/12048-4.cc (test for excess errors)
WARNING: ext/stdio_sync_filebuf/char/12048-4.cc compilation failed to produce executable
FAIL: ext/stdio_sync_filebuf/wchar_t/1.cc (test for excess errors)
WARNING: ext/stdio_sync_filebuf/wchar_t/1.cc compilation failed to produce executable
FAIL: ext/stdio_sync_filebuf/wchar_t/12948-3.cc (test for excess errors)
WARNING: ext/stdio_sync_filebuf/wchar_t/12948-3.cc compilation failed to produce executable
FAIL: ext/stdio_sync_filebuf/wchar_t/12948-4.cc (test for excess errors)
WARNING: ext/stdio_sync_filebuf/wchar_t/12948-4.cc compilation failed to produce executable
=== libstdc++ Summary ===
# of expected passes 6540
# of unexpected failures 6
# of expected failures 56
# of unsupported tests 555
Compiler version: 4.6.0 20100618 (experimental) (GCC)
Platform: x86_64-apple-darwin10.4.0
configure flags: --prefix=/sw --prefix=/sw/lib/gcc4.6 --mandir=/sw/share/man --infodir=/sw/lib/gcc4.6/info --enable-languages=c,c++,fortran,objc,obj-c++,java --with-gmp=/sw --with-libiconv-prefix=/sw --with-ppl=/sw --with-cloog=/sw --with-mpc=/sw --with-system-zlib --x-includes=/usr/X11R6/include --x-libraries=/usr/X11R6/lib --program-suffix=-fsf-4.6 --enable-lto --enable-checking=release