This is the mail archive of the gcc-testresults@gcc.gnu.org mailing list for the GCC project.


Index Nav: [Date Index] [Subject Index] [Author Index] [Thread Index]
Message Nav: [Date Prev] [Date Next] [Thread Prev] [Thread Next]
Other format: [Raw text]

Results for 4.6.0 20100614 (experimental) (GCC) testsuite on i686-pc-linux-gnu


This build run by an automatic regression tester.
See <http://glutton.geoffk.org/HEAD/> for more information.

Date: 2010-06-14T14:50:04Z
Revision: 160746
URL: svn://gcc.gnu.org/svn/gcc/trunk
Status: regress-3
Prev-Endtime: 2010-06-14T14:48:50Z

Native configuration is i686-pc-linux-gnu

		=== g++ tests ===


Running target unix
FAIL: g++.dg/lto/20081109 cp_lto_20081109_0.o-cp_lto_20081109_1.o execute -O2 -fwhopr

		=== g++ Summary ===

# of expected passes		23877
# of unexpected failures	1
# of expected failures		148
# of unsupported tests		120
/home/regress/tbox/native/build/gcc/testsuite/g++/../../g++  version 4.6.0 20100614 (experimental) (GCC) 

		=== gcc tests ===


Running target unix
FAIL: gcc.c-torture/execute/frame-address.c execution,  -O2 
FAIL: gcc.c-torture/execute/frame-address.c execution,  -O3 -g 
FAIL: gcc.c-torture/execute/frame-address.c execution,  -Os 
FAIL: gcc.c-torture/execute/frame-address.c execution,  -O2 -flto 
FAIL: gcc.c-torture/execute/frame-address.c execution,  -O2 -fwhopr 
FAIL: gcc.dg/cproj-fails-with-broken-glibc.c execution test
FAIL: gcc.dg/pr34668-1.c (internal compiler error)
FAIL: gcc.dg/pr34668-1.c (test for excess errors)
XPASS: gcc.dg/guality/example.c  -O0  execution test
XPASS: gcc.dg/guality/example.c  -O1  execution test
XPASS: gcc.dg/guality/guality.c  -O0  execution test
XPASS: gcc.dg/guality/guality.c  -O1  execution test
XPASS: gcc.dg/guality/guality.c  -O2  execution test
XPASS: gcc.dg/guality/guality.c  -O3 -fomit-frame-pointer  execution test
XPASS: gcc.dg/guality/guality.c  -O3 -g  execution test
XPASS: gcc.dg/guality/guality.c  -Os  execution test
XPASS: gcc.dg/guality/guality.c  -O2 -flto  execution test
XPASS: gcc.dg/guality/guality.c  -O2 -fwhopr  execution test
FAIL: gcc.dg/guality/inline-params.c  -O0  execution test
FAIL: gcc.dg/guality/inline-params.c  -O1  execution test
XPASS: gcc.dg/guality/pr41353-1.c  -O0  line 28 j == 28 + 37
FAIL: gcc.dg/guality/pr41353-1.c  -O2 -flto  line 28 i == 37
FAIL: gcc.dg/guality/pr41353-1.c  -O2 -fwhopr  line 28 i == 37
XPASS: gcc.dg/guality/pr41447-1.c  -O0  execution test
XPASS: gcc.dg/guality/pr41447-1.c  -O1  execution test
XPASS: gcc.dg/guality/pr41447-1.c  -O2  execution test
XPASS: gcc.dg/guality/pr41447-1.c  -O3 -g  execution test
XPASS: gcc.dg/guality/pr41447-1.c  -Os  execution test
XPASS: gcc.dg/guality/pr41447-1.c  -O2 -flto  execution test
XPASS: gcc.dg/guality/pr41447-1.c  -O2 -fwhopr  execution test
XPASS: gcc.dg/guality/pr41616-1.c  -O0  execution test
FAIL: gcc.dg/guality/pr43077-1.c  -O2 -flto  line 11 varb == 2
FAIL: gcc.dg/guality/pr43077-1.c  -O2 -flto  line 42 varb == 2
FAIL: gcc.dg/guality/pr43077-1.c  -O2 -fwhopr  line 11 varb == 2
FAIL: gcc.dg/guality/pr43077-1.c  -O2 -fwhopr  line 42 varb == 2
FAIL: gcc.dg/guality/sra-1.c  -O2 -flto  line 20 a.i == 4
FAIL: gcc.dg/guality/sra-1.c  -O2 -flto  line 20 a.j == 14
FAIL: gcc.dg/guality/sra-1.c  -O2 -flto  line 42 a.i == 4
FAIL: gcc.dg/guality/sra-1.c  -O2 -flto  line 42 a.j == 14
FAIL: gcc.dg/guality/sra-1.c  -O2 -fwhopr  line 20 a.i == 4
FAIL: gcc.dg/guality/sra-1.c  -O2 -fwhopr  line 20 a.j == 14
FAIL: gcc.dg/guality/sra-1.c  -O2 -fwhopr  line 42 a.i == 4
FAIL: gcc.dg/guality/sra-1.c  -O2 -fwhopr  line 42 a.j == 14
FAIL: gcc.dg/guality/vla-1.c  -O0  line 17 sizeof (a) == 6
FAIL: gcc.dg/guality/vla-1.c  -O0  line 24 sizeof (a) == 17 * sizeof (short)
FAIL: gcc.dg/guality/vla-1.c  -O1  line 24 sizeof (a) == 17 * sizeof (short)
FAIL: gcc.dg/guality/vla-1.c  -O2  line 24 sizeof (a) == 17 * sizeof (short)
FAIL: gcc.dg/guality/vla-1.c  -O3 -fomit-frame-pointer  line 24 sizeof (a) == 17 * sizeof (short)
FAIL: gcc.dg/guality/vla-1.c  -O3 -g  line 24 sizeof (a) == 17 * sizeof (short)
FAIL: gcc.dg/guality/vla-1.c  -Os  line 24 sizeof (a) == 17 * sizeof (short)
FAIL: gcc.dg/guality/vla-1.c  -O2 -flto  line 17 sizeof (a) == 6
FAIL: gcc.dg/guality/vla-1.c  -O2 -flto  line 24 sizeof (a) == 17 * sizeof (short)
FAIL: gcc.dg/guality/vla-1.c  -O2 -fwhopr  line 17 sizeof (a) == 6
FAIL: gcc.dg/guality/vla-1.c  -O2 -fwhopr  line 24 sizeof (a) == 17 * sizeof (short)
XPASS: gcc.dg/tree-ssa/20040204-1.c scan-tree-dump-times optimized "link_error" 0

		=== gcc Summary ===

# of expected passes		72692
# of unexpected failures	35
# of unexpected successes	20
# of expected failures		189
# of unsupported tests		1342
/home/regress/tbox/native/build/gcc/xgcc  version 4.6.0 20100614 (experimental) (GCC) 

		=== gfortran tests ===


Running target unix
FAIL: gfortran.dg/array_constructor_11.f90  -O3 -g  (internal compiler error)
FAIL: gfortran.dg/array_constructor_11.f90  -O3 -g  (test for excess errors)
WARNING: gfortran.dg/array_constructor_11.f90  -O3 -g  compilation failed to produce executable

		=== gfortran Summary ===

# of expected passes		34633
# of unexpected failures	2
# of expected failures		23
# of unsupported tests		129
/home/regress/tbox/native/build/gcc/testsuite/gfortran/../../gfortran  version 4.6.0 20100614 (experimental) (GCC) 

		=== objc tests ===


Running target unix

		=== objc Summary ===

# of expected passes		1979
# of expected failures		7
# of unsupported tests		28
/home/regress/tbox/native/build/gcc/xgcc  version 4.6.0 20100614 (experimental) (GCC) 

		=== libffi tests ===


Running target unix

		=== libffi Summary ===

# of expected passes		1624
# of expected failures		10
# of unsupported tests		15
		=== libgomp tests ===


Running target unix

		=== libgomp Summary ===

# of expected passes		2494
		=== libjava tests ===


Running target unix

		=== libjava Summary ===

# of expected passes		2574
		=== libmudflap tests ===


Running target unix

		=== libmudflap Summary ===

# of expected passes		1894
		=== libstdc++ tests ===


Running target unix

		=== libstdc++ Summary ===

# of expected passes		7792
# of expected failures		97
# of unsupported tests		13

Compiler version: 4.6.0 20100614 (experimental) (GCC) 
Platform: i686-pc-linux-gnu
configure flags: --prefix=/home/regress/tbox/objs --target=i686-pc-linux-gnu


Index Nav: [Date Index] [Subject Index] [Author Index] [Thread Index]
Message Nav: [Date Prev] [Date Next] [Thread Prev] [Thread Next]