This is the mail archive of the
gcc-testresults@gcc.gnu.org
mailing list for the GCC project.
Results for 4.5.1 20100614 (prerelease) [gcc-4_5-branch revision 160724] (GCC) testsuite on x86_64-unknown-linux-gnu
- From: rguenther at suse dot de (Richard Guenther)
- To: gcc-testresults at gcc dot gnu dot org
- Date: Mon, 14 Jun 2010 14:41:01 +0200
- Subject: Results for 4.5.1 20100614 (prerelease) [gcc-4_5-branch revision 160724] (GCC) testsuite on x86_64-unknown-linux-gnu
LAST_UPDATED: Mon Jun 14 11:01:15 UTC 2010 (revision 160724)
=== acats tests ===
=== acats Summary ===
# of expected passes 2321
# of unexpected failures 0
Native configuration is x86_64-unknown-linux-gnu
=== g++ tests ===
Running target unix/
=== g++ Summary for unix/ ===
# of expected passes 22826
# of expected failures 151
# of unsupported tests 303
Running target unix//-m32
=== g++ Summary for unix//-m32 ===
# of expected passes 23223
# of expected failures 151
# of unsupported tests 113
=== g++ Summary ===
# of expected passes 46049
# of expected failures 302
# of unsupported tests 416
/abuild/rguenther/obj/gcc/testsuite/g++/../../g++ version 4.5.1 20100614 (prerelease) [gcc-4_5-branch revision 160724] (GCC)
=== gcc tests ===
Running target unix/
FAIL: gcc.dg/pr34668-1.c (internal compiler error)
FAIL: gcc.dg/pr34668-1.c (test for excess errors)
XPASS: gcc.dg/guality/example.c -O0 execution test
XPASS: gcc.dg/guality/example.c -O1 execution test
XPASS: gcc.dg/guality/example.c -O2 execution test
XPASS: gcc.dg/guality/example.c -O2 -flto execution test
XPASS: gcc.dg/guality/example.c -O2 -fwhopr execution test
XPASS: gcc.dg/guality/guality.c -O0 execution test
XPASS: gcc.dg/guality/guality.c -O1 execution test
XPASS: gcc.dg/guality/guality.c -O2 execution test
XPASS: gcc.dg/guality/guality.c -O3 -fomit-frame-pointer execution test
XPASS: gcc.dg/guality/guality.c -O3 -g execution test
XPASS: gcc.dg/guality/guality.c -Os execution test
XPASS: gcc.dg/guality/guality.c -O2 -flto execution test
XPASS: gcc.dg/guality/guality.c -O2 -fwhopr execution test
XPASS: gcc.dg/guality/pr41353-1.c -O0 line 28 j == 28 + 37
XPASS: gcc.dg/guality/pr41353-1.c -O1 line 28 j == 28 + 37
XPASS: gcc.dg/guality/pr41353-1.c -O2 line 28 j == 28 + 37
XPASS: gcc.dg/guality/pr41353-1.c -O3 -fomit-frame-pointer line 28 j == 28 + 37
XPASS: gcc.dg/guality/pr41353-1.c -O3 -g line 28 j == 28 + 37
XPASS: gcc.dg/guality/pr41353-1.c -Os line 28 j == 28 + 37
FAIL: gcc.dg/guality/pr41353-1.c -O2 -flto line 28 i == 37
FAIL: gcc.dg/guality/pr41353-1.c -O2 -flto line 28 i1 == 2 * 37
FAIL: gcc.dg/guality/pr41353-1.c -O2 -flto line 28 i2 == 3 * 37
FAIL: gcc.dg/guality/pr41353-1.c -O2 -fwhopr line 28 i == 37
FAIL: gcc.dg/guality/pr41353-1.c -O2 -fwhopr line 28 i1 == 2 * 37
FAIL: gcc.dg/guality/pr41353-1.c -O2 -fwhopr line 28 i2 == 3 * 37
XPASS: gcc.dg/guality/pr41447-1.c -O0 execution test
XPASS: gcc.dg/guality/pr41616-1.c -O0 execution test
XPASS: gcc.dg/guality/pr41616-1.c -O1 execution test
XPASS: gcc.dg/guality/pr41616-1.c -O2 execution test
XPASS: gcc.dg/guality/pr41616-1.c -Os execution test
XPASS: gcc.dg/guality/pr41616-1.c -O2 -flto execution test
XPASS: gcc.dg/guality/pr41616-1.c -O2 -fwhopr execution test
FAIL: gcc.dg/guality/vla-1.c -O1 line 24 sizeof (a) == 17 * sizeof (short)
FAIL: gcc.dg/guality/vla-1.c -O2 line 17 sizeof (a) == 6
FAIL: gcc.dg/guality/vla-1.c -O2 line 24 sizeof (a) == 17 * sizeof (short)
FAIL: gcc.dg/guality/vla-1.c -O3 -fomit-frame-pointer line 17 sizeof (a) == 6
FAIL: gcc.dg/guality/vla-1.c -O3 -fomit-frame-pointer line 24 sizeof (a) == 17 * sizeof (short)
FAIL: gcc.dg/guality/vla-1.c -O3 -g line 17 sizeof (a) == 6
FAIL: gcc.dg/guality/vla-1.c -O3 -g line 24 sizeof (a) == 17 * sizeof (short)
FAIL: gcc.dg/guality/vla-1.c -Os line 17 sizeof (a) == 6
FAIL: gcc.dg/guality/vla-1.c -Os line 24 sizeof (a) == 17 * sizeof (short)
FAIL: gcc.dg/guality/vla-1.c -O2 -flto line 17 sizeof (a) == 6
FAIL: gcc.dg/guality/vla-1.c -O2 -flto line 24 sizeof (a) == 17 * sizeof (short)
FAIL: gcc.dg/guality/vla-1.c -O2 -fwhopr line 17 sizeof (a) == 6
FAIL: gcc.dg/guality/vla-1.c -O2 -fwhopr line 24 sizeof (a) == 17 * sizeof (short)
=== gcc Summary for unix/ ===
# of expected passes 72625
# of unexpected failures 21
# of unexpected successes 26
# of expected failures 199
# of unsupported tests 965
Running target unix//-m32
FAIL: gcc.dg/pr34668-1.c (internal compiler error)
FAIL: gcc.dg/pr34668-1.c (test for excess errors)
WARNING: program timed out.
FAIL: gcc.dg/pr43058.c (test for excess errors)
XPASS: gcc.dg/guality/example.c -O0 execution test
XPASS: gcc.dg/guality/example.c -O1 execution test
XPASS: gcc.dg/guality/example.c -O2 execution test
XPASS: gcc.dg/guality/example.c -O2 -flto execution test
XPASS: gcc.dg/guality/example.c -O2 -fwhopr execution test
XPASS: gcc.dg/guality/guality.c -O0 execution test
XPASS: gcc.dg/guality/guality.c -O1 execution test
XPASS: gcc.dg/guality/guality.c -O2 execution test
XPASS: gcc.dg/guality/guality.c -O3 -fomit-frame-pointer execution test
XPASS: gcc.dg/guality/guality.c -O3 -g execution test
XPASS: gcc.dg/guality/guality.c -Os execution test
XPASS: gcc.dg/guality/guality.c -O2 -flto execution test
XPASS: gcc.dg/guality/guality.c -O2 -fwhopr execution test
XPASS: gcc.dg/guality/pr41353-1.c -O0 line 28 j == 28 + 37
XPASS: gcc.dg/guality/pr41353-1.c -O1 line 28 j == 28 + 37
XPASS: gcc.dg/guality/pr41353-1.c -O2 line 28 j == 28 + 37
XPASS: gcc.dg/guality/pr41353-1.c -O3 -fomit-frame-pointer line 28 j == 28 + 37
XPASS: gcc.dg/guality/pr41353-1.c -O3 -g line 28 j == 28 + 37
XPASS: gcc.dg/guality/pr41353-1.c -Os line 28 j == 28 + 37
FAIL: gcc.dg/guality/pr41353-1.c -O2 -flto line 28 i == 37
FAIL: gcc.dg/guality/pr41353-1.c -O2 -flto line 28 i1 == 2 * 37
FAIL: gcc.dg/guality/pr41353-1.c -O2 -flto line 28 i2 == 3 * 37
FAIL: gcc.dg/guality/pr41353-1.c -O2 -fwhopr line 28 i == 37
FAIL: gcc.dg/guality/pr41353-1.c -O2 -fwhopr line 28 i1 == 2 * 37
FAIL: gcc.dg/guality/pr41353-1.c -O2 -fwhopr line 28 i2 == 3 * 37
XPASS: gcc.dg/guality/pr41447-1.c -O0 execution test
XPASS: gcc.dg/guality/pr41447-1.c -O1 execution test
XPASS: gcc.dg/guality/pr41447-1.c -O2 execution test
XPASS: gcc.dg/guality/pr41447-1.c -O3 -fomit-frame-pointer execution test
XPASS: gcc.dg/guality/pr41447-1.c -O3 -g execution test
XPASS: gcc.dg/guality/pr41447-1.c -Os execution test
XPASS: gcc.dg/guality/pr41447-1.c -O2 -flto execution test
XPASS: gcc.dg/guality/pr41616-1.c -O0 execution test
XPASS: gcc.dg/guality/pr41616-1.c -O1 execution test
XPASS: gcc.dg/guality/pr41616-1.c -O2 execution test
XPASS: gcc.dg/guality/pr41616-1.c -Os execution test
XPASS: gcc.dg/guality/pr41616-1.c -O2 -flto execution test
XPASS: gcc.dg/guality/pr41616-1.c -O2 -fwhopr execution test
FAIL: gcc.dg/guality/vla-1.c -O2 -flto line 17 sizeof (a) == 6
FAIL: gcc.dg/guality/vla-1.c -O2 -flto line 24 sizeof (a) == 17 * sizeof (short)
FAIL: gcc.dg/guality/vla-1.c -O2 -fwhopr line 17 sizeof (a) == 6
FAIL: gcc.dg/guality/vla-1.c -O2 -fwhopr line 24 sizeof (a) == 17 * sizeof (short)
=== gcc Summary for unix//-m32 ===
# of expected passes 73105
# of unexpected failures 13
# of unexpected successes 32
# of expected failures 194
# of unsupported tests 613
=== gcc Summary ===
# of expected passes 145730
# of unexpected failures 34
# of unexpected successes 58
# of expected failures 393
# of unsupported tests 1578
/abuild/rguenther/obj/gcc/xgcc version 4.5.1 20100614 (prerelease) [gcc-4_5-branch revision 160724] (GCC)
=== gfortran tests ===
Running target unix/
=== gfortran Summary for unix/ ===
# of expected passes 34220
# of expected failures 32
# of unsupported tests 60
Running target unix//-m32
=== gfortran Summary for unix//-m32 ===
# of expected passes 34077
# of expected failures 32
# of unsupported tests 126
=== gfortran Summary ===
# of expected passes 68297
# of expected failures 64
# of unsupported tests 186
/abuild/rguenther/obj/gcc/testsuite/gfortran/../../gfortran version 4.5.1 20100614 (prerelease) [gcc-4_5-branch revision 160724] (GCC)
=== gnat tests ===
Running target unix/
=== gnat Summary for unix/ ===
# of expected passes 761
# of expected failures 7
Running target unix//-m32
=== gnat Summary for unix//-m32 ===
# of expected passes 761
# of expected failures 7
=== gnat Summary ===
# of expected passes 1522
# of expected failures 14
=== obj-c++ tests ===
Running target unix/
XPASS: obj-c++.dg/encode-2.mm scan-assembler {?={Vec<double>=ddi}{Vec<float>=ffi}fd{Vec<char>=cci}i}
XPASS: obj-c++.dg/encode-3.mm -fgnu-runtime execution test
WARNING: obj-c++.dg/lookup-2.mm -fgnu-runtime compilation failed to produce executable
WARNING: obj-c++.dg/try-catch-2.mm -fgnu-runtime compilation failed to produce executable
WARNING: obj-c++.dg/try-catch-9.mm -fgnu-runtime compilation failed to produce executable
=== obj-c++ Summary for unix/ ===
# of expected passes 430
# of unexpected successes 2
# of expected failures 11
# of unsupported tests 14
Running target unix//-m32
XPASS: obj-c++.dg/encode-2.mm scan-assembler {?={Vec<double>=ddi}{Vec<float>=ffi}fd{Vec<char>=cci}i}
XPASS: obj-c++.dg/encode-3.mm -fgnu-runtime execution test
WARNING: obj-c++.dg/lookup-2.mm -fgnu-runtime compilation failed to produce executable
WARNING: obj-c++.dg/try-catch-2.mm -fgnu-runtime compilation failed to produce executable
WARNING: obj-c++.dg/try-catch-9.mm -fgnu-runtime compilation failed to produce executable
=== obj-c++ Summary for unix//-m32 ===
# of expected passes 438
# of unexpected successes 2
# of expected failures 3
# of unsupported tests 14
=== obj-c++ Summary ===
# of expected passes 868
# of unexpected successes 4
# of expected failures 14
# of unsupported tests 28
/abuild/rguenther/obj/gcc/testsuite/obj-c++/../../g++ version 4.5.1 20100614 (prerelease) [gcc-4_5-branch revision 160724] (GCC)
=== objc tests ===
Running target unix/
=== objc Summary for unix/ ===
# of expected passes 1874
# of expected failures 15
# of unsupported tests 20
Running target unix//-m32
=== objc Summary for unix//-m32 ===
# of expected passes 1882
# of expected failures 7
# of unsupported tests 20
=== objc Summary ===
# of expected passes 3756
# of expected failures 22
# of unsupported tests 40
/abuild/rguenther/obj/gcc/xgcc version 4.5.1 20100614 (prerelease) [gcc-4_5-branch revision 160724] (GCC)
=== libffi tests ===
Running target unix/
=== libffi Summary for unix/ ===
# of expected passes 1624
# of expected failures 10
# of unsupported tests 15
Running target unix//-m32
=== libffi Summary for unix//-m32 ===
# of expected passes 1624
# of expected failures 10
# of unsupported tests 15
=== libffi Summary ===
# of expected passes 3248
# of expected failures 20
# of unsupported tests 30
=== libgomp tests ===
Running target unix/
=== libgomp Summary for unix/ ===
# of expected passes 2540
Running target unix//-m32
=== libgomp Summary for unix//-m32 ===
# of expected passes 2540
=== libgomp Summary ===
# of expected passes 5080
=== libjava tests ===
Running target unix/
=== libjava Summary for unix/ ===
# of expected passes 2574
Running target unix//-m32
=== libjava Summary for unix//-m32 ===
# of expected passes 2574
=== libjava Summary ===
# of expected passes 5148
=== libmudflap tests ===
Running target unix/
FAIL: libmudflap.c/pass46-frag.c (-O2) (test for excess errors)
FAIL: libmudflap.c/pass46-frag.c (-O2) (test for excess errors)
FAIL: libmudflap.c/fail31-frag.c (-O3) output pattern test
FAIL: libmudflap.c/pass45-frag.c (-O3) execution test
FAIL: libmudflap.c/pass45-frag.c (-O3) output pattern test
FAIL: libmudflap.c/pass45-frag.c (-O3) execution test
FAIL: libmudflap.c/pass45-frag.c (-O3) output pattern test
FAIL: libmudflap.c/pass46-frag.c (-O3) (test for excess errors)
FAIL: libmudflap.c/pass46-frag.c (-O3) (test for excess errors)
FAIL: libmudflap.c++/pass41-frag.cxx execution test
FAIL: libmudflap.c++/pass41-frag.cxx (-static) execution test
FAIL: libmudflap.c++/pass41-frag.cxx ( -O) execution test
FAIL: libmudflap.c++/pass41-frag.cxx (-O2) execution test
FAIL: libmudflap.c++/pass41-frag.cxx (-O3) execution test
=== libmudflap Summary for unix/ ===
# of expected passes 1880
# of unexpected failures 14
Running target unix//-m32
FAIL: libmudflap.c/pass46-frag.c (-O2) (test for excess errors)
FAIL: libmudflap.c/pass46-frag.c (-O2) (test for excess errors)
FAIL: libmudflap.c/fail31-frag.c (-O3) output pattern test
FAIL: libmudflap.c/pass45-frag.c (-O3) execution test
FAIL: libmudflap.c/pass45-frag.c (-O3) output pattern test
FAIL: libmudflap.c/pass45-frag.c (-O3) execution test
FAIL: libmudflap.c/pass45-frag.c (-O3) output pattern test
FAIL: libmudflap.c/pass46-frag.c (-O3) (test for excess errors)
FAIL: libmudflap.c/pass46-frag.c (-O3) (test for excess errors)
FAIL: libmudflap.c++/pass41-frag.cxx execution test
FAIL: libmudflap.c++/pass41-frag.cxx (-static) execution test
FAIL: libmudflap.c++/pass41-frag.cxx ( -O) execution test
FAIL: libmudflap.c++/pass41-frag.cxx (-O2) execution test
FAIL: libmudflap.c++/pass41-frag.cxx (-O3) execution test
=== libmudflap Summary for unix//-m32 ===
# of expected passes 1880
# of unexpected failures 14
=== libmudflap Summary ===
# of expected passes 3760
# of unexpected failures 28
=== libstdc++ tests ===
Running target unix/
=== libstdc++ Summary for unix/ ===
# of expected passes 7726
# of expected failures 95
# of unsupported tests 11
Running target unix//-m32
=== libstdc++ Summary for unix//-m32 ===
# of expected passes 7726
# of expected failures 95
# of unsupported tests 11
=== libstdc++ Summary ===
# of expected passes 15452
# of expected failures 190
# of unsupported tests 22
Compiler version: 4.5.1 20100614 (prerelease) [gcc-4_5-branch revision 160724] (GCC)
Platform: x86_64-unknown-linux-gnu
configure flags: --enable-checking --enable-languages=c,ada,c++,fortran,java,lto,objc,obj-c++ --no-create --no-recursion