This is the mail archive of the
gcc-testresults@gcc.gnu.org
mailing list for the GCC project.
Results for 4.5.1 20100610 (prerelease) [gcc-4_5-branch revision 160547] (GCC) testsuite on x86_64-apple-darwin10
- From: IainS <developer at sandoe-acoustics dot co dot uk>
- To: gcc-testresults at gcc dot gnu dot org
- Date: Thu, 10 Jun 2010 22:02:07 +0100
- Subject: Results for 4.5.1 20100610 (prerelease) [gcc-4_5-branch revision 160547] (GCC) testsuite on x86_64-apple-darwin10
Revision: 160547
uname -v : Darwin Kernel Version 10.3.0: Fri Feb 26 11:58:09 PST 2010;
root:xnu-1504.3.12~1/RELEASE_I386
arch : i386 machine : i486
box description: Core2 Duo
BOOTSTRAPped with gcc version 4.2.1 (Apple Inc. build 5659)
ld: @(#)PROGRAM:ld PROJECT:ld64-97.2
llvm version 2.6svn, Apple Build #2207-05
@(#)PROGRAM:dsymutil PROJECT:dwarfutils-72
m4 (GNU M4) 1.4.13
autoconf (GNU Autoconf) 2.64
automake (GNU automake) 1.11
.dejagnurc: setting default tool timeout to 60s
Expect version is 5.44.1.11
Tcl version is 8.5
Framework version is 1.4.4
LAST_UPDATED: Thu 10 Jun 2010 13:31:59 UTC (revision 160547)
Native configuration is x86_64-apple-darwin10
=== g++ tests ===
Running target unix/-m32
FAIL: g++.dg/abi/mangle40.C scan-assembler weak[^\\n]*_Z1fIDv4_fEvT_
FAIL: g++.dg/abi/mangle40.C scan-assembler weak[^\\n]*_ZN1AIDv4_fE1tE
WARNING: g++.dg/ext/label13.C compilation failed to produce executable
FAIL: g++.dg/tree-prof/partition1.C compilation, -g -fprofile-use
UNRESOLVED: g++.dg/tree-prof/partition1.C execution, -g -fprofile-
use
FAIL: g++.dg/tree-prof/partition1.C compilation, -O3 -g -fprofile-use
UNRESOLVED: g++.dg/tree-prof/partition1.C execution, -O3 -g -
fprofile-use
=== g++ Summary for unix/-m32 ===
# of expected passes 21817
# of unexpected failures 4
# of expected failures 150
# of unresolved testcases 2
# of unsupported tests 180
Running target unix/-m64
FAIL: g++.dg/abi/mangle40.C scan-assembler weak[^\\n]*_Z1fIDv4_fEvT_
FAIL: g++.dg/abi/mangle40.C scan-assembler weak[^\\n]*_ZN1AIDv4_fE1tE
WARNING: g++.dg/ext/label13.C compilation failed to produce executable
FAIL: g++.dg/tree-prof/partition1.C compilation, -g -fprofile-use
UNRESOLVED: g++.dg/tree-prof/partition1.C execution, -g -fprofile-
use
FAIL: g++.dg/tree-prof/partition1.C compilation, -O3 -g -fprofile-use
UNRESOLVED: g++.dg/tree-prof/partition1.C execution, -O3 -g -
fprofile-use
=== g++ Summary for unix/-m64 ===
# of expected passes 21506
# of unexpected failures 4
# of expected failures 150
# of unresolved testcases 2
# of unsupported tests 326
=== g++ Summary ===
# of expected passes 43323
# of unexpected failures 8
# of expected failures 300
# of unresolved testcases 4
# of unsupported tests 506
/Volumes/GCC/gcc-4-5-branch-build/gcc/testsuite/g++/../../g++ version
4.5.1 20100610 (prerelease) [gcc-4_5-branch revision 160547] (GCC)
=== gcc tests ===
Running target unix/-m32
WARNING: TIMED OUT: /Volumes/GCC/gcc-4-5-branch-build/gcc/xgcc -B/
Volumes/GCC/gcc-4-5-branch-build/gcc/ -O3 -g -w -c -m32 -o limits-
fndefn.o /GCC/gcc-4-5-branch/gcc/testsuite/gcc.c-torture/compile/
limits-fndefn.c timed out after retry
FAIL: gcc.c-torture/compile/limits-fndefn.c -O3 -g (test for excess
errors)
FAIL: gcc.dg/debug/dwarf2/aranges-fnsec-1.c scan-assembler DW_AT_ranges
FAIL: gcc.dg/framework-1.c (test for excess errors)
FAIL: gcc.dg/pr34668-1.c (internal compiler error)
FAIL: gcc.dg/pr34668-1.c (test for excess errors)
WARNING: TIMED OUT: /Volumes/GCC/gcc-4-5-branch-build/gcc/xgcc -B/
Volumes/GCC/gcc-4-5-branch-build/gcc/ /GCC/gcc-4-5-branch/gcc/
testsuite/gcc.dg/pr43058.c -g -O2 -S -m32 -o pr43058.s timed out
after retry
FAIL: gcc.dg/pr43058.c (test for excess errors)
FAIL: gcc.dg/torture/builtin-math-7.c -O0 execution test
FAIL: gcc.dg/torture/builtin-math-7.c -O1 execution test
FAIL: gcc.dg/torture/builtin-math-7.c -O2 execution test
FAIL: gcc.dg/torture/builtin-math-7.c -O3 -fomit-frame-pointer
execution test
FAIL: gcc.dg/torture/builtin-math-7.c -O3 -fomit-frame-pointer -
funroll-loops execution test
FAIL: gcc.dg/torture/builtin-math-7.c -O3 -fomit-frame-pointer -
funroll-all-loops -finline-functions execution test
FAIL: gcc.dg/torture/builtin-math-7.c -O3 -g execution test
FAIL: gcc.dg/torture/builtin-math-7.c -Os execution test
=== gcc Summary for unix/-m32 ===
# of expected passes 59199
# of unexpected failures 14
# of expected failures 166
# of unsupported tests 1192
Running target unix/-m64
FAIL: gcc.dg/debug/dwarf2/aranges-fnsec-1.c scan-assembler DW_AT_ranges
FAIL: gcc.dg/framework-1.c (test for excess errors)
FAIL: gcc.dg/pr34668-1.c (internal compiler error)
FAIL: gcc.dg/pr34668-1.c (test for excess errors)
FAIL: gcc.dg/torture/builtin-math-7.c -O0 execution test
FAIL: gcc.dg/torture/builtin-math-7.c -O1 execution test
FAIL: gcc.dg/torture/builtin-math-7.c -O2 execution test
FAIL: gcc.dg/torture/builtin-math-7.c -O3 -fomit-frame-pointer
execution test
FAIL: gcc.dg/torture/builtin-math-7.c -O3 -fomit-frame-pointer -
funroll-loops execution test
FAIL: gcc.dg/torture/builtin-math-7.c -O3 -fomit-frame-pointer -
funroll-all-loops -finline-functions execution test
FAIL: gcc.dg/torture/builtin-math-7.c -O3 -g execution test
FAIL: gcc.dg/torture/builtin-math-7.c -Os execution test
=== gcc Summary for unix/-m64 ===
# of expected passes 58840
# of unexpected failures 12
# of expected failures 167
# of unsupported tests 1460
=== gcc Summary ===
# of expected passes 118039
# of unexpected failures 26
# of expected failures 333
# of unsupported tests 2652
/Volumes/GCC/gcc-4-5-branch-build/gcc/xgcc version 4.5.1 20100610
(prerelease) [gcc-4_5-branch revision 160547] (GCC)
=== gfortran tests ===
Running target unix/-m32
=== gfortran Summary for unix/-m32 ===
# of expected passes 33760
# of expected failures 21
# of unsupported tests 142
Running target unix/-m64
WARNING: TIMED OUT: /Volumes/GCC/gcc-4-5-branch-build/gcc/testsuite/
gfortran1/../../gfortran -B/Volumes/GCC/gcc-4-5-branch-build/gcc/
testsuite/gfortran1/../../ /GCC/gcc-4-5-branch/gcc/testsuite/
gfortran.dg/array_constructor_33.f90 -O -pedantic-errors -S -m64 -
o array_constructor_33.s timed out after retry
FAIL: gfortran.dg/array_constructor_33.f90 -O (test for excess errors)
=== gfortran Summary for unix/-m64 ===
# of expected passes 33904
# of unexpected failures 1
# of expected failures 21
# of unsupported tests 74
=== gfortran Summary ===
# of expected passes 67664
# of unexpected failures 1
# of expected failures 42
# of unsupported tests 216
/Volumes/GCC/gcc-4-5-branch-build/gcc/testsuite/gfortran/../../
gfortran version 4.5.1 20100610 (prerelease) [gcc-4_5-branch revision
160547] (GCC)
=== obj-c++ tests ===
Running target unix/-m32
WARNING: obj-c++.dg/lookup-2.mm -fgnu-runtime compilation failed to
produce executable
WARNING: obj-c++.dg/try-catch-2.mm -fgnu-runtime compilation failed to
produce executable
WARNING: obj-c++.dg/try-catch-9.mm -fgnu-runtime compilation failed to
produce executable
FAIL: obj-c++.dg/cxx-ivars-3.mm -fnext-runtime execution test
=== obj-c++ Summary for unix/-m32 ===
# of expected passes 923
# of unexpected failures 1
# of expected failures 3
# of unsupported tests 13
Running target unix/-m64
WARNING: obj-c++.dg/lookup-2.mm -fgnu-runtime compilation failed to
produce executable
WARNING: obj-c++.dg/try-catch-2.mm -fgnu-runtime compilation failed to
produce executable
WARNING: obj-c++.dg/try-catch-9.mm -fgnu-runtime compilation failed to
produce executable
WARNING: obj-c++.dg/try-catch-2.mm -fnext-runtime compilation failed
to produce executable
WARNING: obj-c++.dg/try-catch-9.mm -fnext-runtime compilation failed
to produce executable
=== obj-c++ Summary for unix/-m64 ===
# of expected passes 872
# of expected failures 45
# of unsupported tests 15
=== obj-c++ Summary ===
# of expected passes 1795
# of unexpected failures 1
# of expected failures 48
# of unsupported tests 28
/Volumes/GCC/gcc-4-5-branch-build/gcc/testsuite/obj-c++/../../g++
version 4.5.1 20100610 (prerelease) [gcc-4_5-branch revision 160547]
(GCC)
=== objc tests ===
Running target unix/-m32
FAIL: objc/execute/exceptions/catchall-1.m execution, -O3 -fomit-
frame-pointer -fnext-runtime
FAIL: objc/execute/exceptions/catchall-1.m execution, -O3 -g -fnext-
runtime
FAIL: objc/execute/exceptions/local-variables-1.m execution, -O3 -
fomit-frame-pointer -fnext-runtime
FAIL: objc/execute/exceptions/local-variables-1.m execution, -O3 -g -
fnext-runtime
FAIL: objc.dg/headers.m -fnext-runtime (test for excess errors)
FAIL: objc.dg/no-extra-load.m -fnext-runtime (test for excess errors)
ERROR: objc.dg/no-extra-load.m: error executing dg-final: couldn't
open "no-extra-load.s": no such file or directory
UNRESOLVED: objc.dg/no-extra-load.m: error executing dg-final:
couldn't open "no-extra-load.s": no such file or directory
=== objc Summary for unix/-m32 ===
# of expected passes 3744
# of unexpected failures 6
# of expected failures 7
# of unresolved testcases 1
# of unsupported tests 25
Running target unix/-m64
FAIL: objc.dg/headers.m -fnext-runtime (test for excess errors)
FAIL: objc.dg/no-extra-load.m -fnext-runtime (test for excess errors)
ERROR: objc.dg/no-extra-load.m: error executing dg-final: couldn't
open "no-extra-load.s": no such file or directory
UNRESOLVED: objc.dg/no-extra-load.m: error executing dg-final:
couldn't open "no-extra-load.s": no such file or directory
=== objc Summary for unix/-m64 ===
# of expected passes 2494
# of unexpected failures 2
# of expected failures 40
# of unresolved testcases 1
# of unsupported tests 28
=== objc Summary ===
# of expected passes 6238
# of unexpected failures 8
# of expected failures 47
# of unresolved testcases 2
# of unsupported tests 53
/Volumes/GCC/gcc-4-5-branch-build/gcc/xgcc version 4.5.1 20100610
(prerelease) [gcc-4_5-branch revision 160547] (GCC)
=== libgomp tests ===
Running target unix/-m32
=== libgomp Summary for unix/-m32 ===
# of expected passes 2490
# of unsupported tests 2
Running target unix/-m64
=== libgomp Summary for unix/-m64 ===
# of expected passes 2490
# of unsupported tests 2
=== libgomp Summary ===
# of expected passes 4980
# of unsupported tests 4
=== libstdc++ tests ===
Running target unix/-m32
=== libstdc++ Summary for unix/-m32 ===
# of expected passes 6469
# of expected failures 89
# of unsupported tests 546
Running target unix/-m64
=== libstdc++ Summary for unix/-m64 ===
# of expected passes 6467
# of expected failures 89
# of unsupported tests 547
=== libstdc++ Summary ===
# of expected passes 12936
# of expected failures 178
# of unsupported tests 1093
=== libstdc++ Summary ===
Compiler version: 4.5.1 20100610 (prerelease) [gcc-4_5-branch revision
160547] (GCC)
Platform: x86_64-apple-darwin10
configure flags: --prefix=/GCC/gcc-4-5-install --target=x86_64-apple-
darwin10 --host=x86_64-apple-darwin10 --build=x86_64-apple-darwin10 --
enable-languages=c,objc,c++,obj-c++,fortran --enable-version-specific-
runtime-libs --enable-threads --enable-checking=yes --program-
suffix=-4.5brnch --with-libiconv-prefix=/usr --with-system-zlib