This is the mail archive of the
gcc-testresults@gcc.gnu.org
mailing list for the GCC project.
Results for 4.6.0 20100607 (experimental) (GCC) testsuite on sparc-sun-solaris2.10
- From: Rainer Orth <ro at CeBiTec dot Uni-Bielefeld dot DE>
- To: gcc-testresults at gcc dot gnu dot org
- Date: Wed, 9 Jun 2010 20:32:02 +0200 (MEST)
- Subject: Results for 4.6.0 20100607 (experimental) (GCC) testsuite on sparc-sun-solaris2.10
=== acats tests ===
FAIL: c52103x
FAIL: c52104x
FAIL: c52104y
FAIL: cb1010a
FAIL: cb1010c
FAIL: cb1010d
=== acats Summary ===
# of expected passes 2315
# of unexpected failures 6
Native configuration is sparc-sun-solaris2.10
=== g++ tests ===
Running target unix
UNRESOLVED: pragma_plugin.c compilation, -I. -I/vol/gcc/src/hg/trunk/local/gcc/testsuite -I/vol/gcc/src/hg/trunk/local/gcc/testsuite/../../gcc -I/vol/gcc/obj/regression/trunk/10-gcc-gas/build/gcc/testsuite/g++/../../../gcc -I/vol/gcc/src/hg/trunk/local/gcc/testsuite/../../include -I/vol/gcc/src/hg/trunk/local/gcc/testsuite/../../libcpp/include -I/vol/gcc/include -I/vol/gcc/include -I/vol/gcc/include -DIN_GCC -fPIC -shared
UNRESOLVED: header_plugin.c compilation, -I. -I/vol/gcc/src/hg/trunk/local/gcc/testsuite -I/vol/gcc/src/hg/trunk/local/gcc/testsuite/../../gcc -I/vol/gcc/obj/regression/trunk/10-gcc-gas/build/gcc/testsuite/g++/../../../gcc -I/vol/gcc/src/hg/trunk/local/gcc/testsuite/../../include -I/vol/gcc/src/hg/trunk/local/gcc/testsuite/../../libcpp/include -I/vol/gcc/include -I/vol/gcc/include -I/vol/gcc/include -DIN_GCC -fPIC -shared
WARNING: program timed out.
FAIL: g++.dg/torture/pr42462.C -O2 -fwhopr (test for excess errors)
WARNING: program timed out.
FAIL: g++.dg/tree-prof/inline_mismatch_args.C compilation, -O3 -fprofile-generate
UNRESOLVED: g++.dg/tree-prof/inline_mismatch_args.C execution, -O3 -fprofile-generate
UNRESOLVED: g++.dg/tree-prof/inline_mismatch_args.C compilation, -O3 -fprofile-use
UNRESOLVED: g++.dg/tree-prof/inline_mismatch_args.C execution, -O3 -fprofile-use
XPASS: g++.old-deja/g++.other/init19.C execution test
=== g++ Summary for unix ===
# of expected passes 22724
# of unexpected failures 2
# of unexpected successes 1
# of expected failures 149
# of unresolved testcases 5
# of unsupported tests 221
Running target unix/-m64
WARNING: program timed out.
FAIL: tmpdir-g++.dg-struct-layout-1/t014 cp_compat_y_tst.o compile
UNRESOLVED: tmpdir-g++.dg-struct-layout-1/t014 cp_compat_x_tst.o-cp_compat_y_tst.o link
UNRESOLVED: tmpdir-g++.dg-struct-layout-1/t014 cp_compat_x_tst.o-cp_compat_y_tst.o execute
WARNING: program timed out.
FAIL: g++.dg/inherit/thunk10.C (test for excess errors)
WARNING: g++.dg/inherit/thunk10.C compilation failed to produce executable
WARNING: program timed out.
FAIL: g++.dg/inherit/using1.C (test for excess errors)
WARNING: program timed out.
FAIL: g++.dg/inherit/using2.C (test for excess errors)
WARNING: g++.dg/inherit/using2.C compilation failed to produce executable
WARNING: program timed out.
FAIL: g++.dg/other/friend2.C (test for excess errors)
UNRESOLVED: pragma_plugin.c compilation, -I. -I/vol/gcc/src/hg/trunk/local/gcc/testsuite -I/vol/gcc/src/hg/trunk/local/gcc/testsuite/../../gcc -I/vol/gcc/obj/regression/trunk/10-gcc-gas/build/gcc/testsuite/g++/../../../gcc -I/vol/gcc/src/hg/trunk/local/gcc/testsuite/../../include -I/vol/gcc/src/hg/trunk/local/gcc/testsuite/../../libcpp/include -I/vol/gcc/include -I/vol/gcc/include -I/vol/gcc/include -DIN_GCC -fPIC -shared
UNRESOLVED: header_plugin.c compilation, -I. -I/vol/gcc/src/hg/trunk/local/gcc/testsuite -I/vol/gcc/src/hg/trunk/local/gcc/testsuite/../../gcc -I/vol/gcc/obj/regression/trunk/10-gcc-gas/build/gcc/testsuite/g++/../../../gcc -I/vol/gcc/src/hg/trunk/local/gcc/testsuite/../../include -I/vol/gcc/src/hg/trunk/local/gcc/testsuite/../../libcpp/include -I/vol/gcc/include -I/vol/gcc/include -I/vol/gcc/include -DIN_GCC -fPIC -shared
WARNING: program timed out.
FAIL: g++.old-deja/g++.mike/eh2.C (test for excess errors)
WARNING: g++.old-deja/g++.mike/eh2.C compilation failed to produce executable
WARNING: program timed out.
FAIL: g++.old-deja/g++.mike/eh25.C (test for excess errors)
WARNING: program timed out.
FAIL: g++.old-deja/g++.mike/eh26.C (test for excess errors)
WARNING: g++.old-deja/g++.mike/eh26.C compilation failed to produce executable
WARNING: program timed out.
FAIL: g++.old-deja/g++.mike/eh27.C (test for excess errors)
WARNING: g++.old-deja/g++.mike/eh27.C compilation failed to produce executable
WARNING: program timed out.
FAIL: g++.old-deja/g++.mike/eh28.C (test for excess errors)
WARNING: g++.old-deja/g++.mike/eh28.C compilation failed to produce executable
WARNING: program timed out.
FAIL: g++.old-deja/g++.mike/eh3.C (test for excess errors)
WARNING: g++.old-deja/g++.mike/eh3.C compilation failed to produce executable
WARNING: program timed out.
FAIL: g++.old-deja/g++.other/dyncast3.C (test for excess errors)
XPASS: g++.old-deja/g++.other/init19.C execution test
=== g++ Summary for unix/-m64 ===
# of expected passes 23322
# of unexpected failures 12
# of unexpected successes 1
# of expected failures 149
# of unresolved testcases 4
# of unsupported tests 218
=== g++ Summary ===
# of expected passes 46046
# of unexpected failures 14
# of unexpected successes 2
# of expected failures 298
# of unresolved testcases 9
# of unsupported tests 439
/vol/gcc/obj/regression/trunk/10-gcc-gas/build/gcc/testsuite/g++/../../g++ version 4.6.0 20100607 (experimental) (GCC)
=== gcc tests ===
Running target unix
FAIL: gcc.c-torture/compile/limits-exprparen.c -O0 (internal compiler error)
FAIL: gcc.c-torture/compile/limits-exprparen.c -O0 (test for excess errors)
FAIL: gcc.c-torture/compile/limits-exprparen.c -O1 (internal compiler error)
FAIL: gcc.c-torture/compile/limits-exprparen.c -O1 (test for excess errors)
FAIL: gcc.c-torture/compile/limits-exprparen.c -O2 (internal compiler error)
FAIL: gcc.c-torture/compile/limits-exprparen.c -O2 (test for excess errors)
FAIL: gcc.c-torture/compile/limits-exprparen.c -O3 -fomit-frame-pointer (internal compiler error)
FAIL: gcc.c-torture/compile/limits-exprparen.c -O3 -fomit-frame-pointer (test for excess errors)
FAIL: gcc.c-torture/compile/limits-exprparen.c -O3 -g (internal compiler error)
FAIL: gcc.c-torture/compile/limits-exprparen.c -O3 -g (test for excess errors)
FAIL: gcc.c-torture/compile/limits-exprparen.c -Os (internal compiler error)
FAIL: gcc.c-torture/compile/limits-exprparen.c -Os (test for excess errors)
FAIL: gcc.c-torture/compile/limits-exprparen.c -O2 -flto (internal compiler error)
FAIL: gcc.c-torture/compile/limits-exprparen.c -O2 -flto (test for excess errors)
FAIL: gcc.c-torture/compile/limits-exprparen.c -O2 -fwhopr (internal compiler error)
FAIL: gcc.c-torture/compile/limits-exprparen.c -O2 -fwhopr (test for excess errors)
FAIL: gcc.c-torture/compile/sync-3.c -O2 (test for excess errors)
FAIL: gcc.c-torture/compile/sync-3.c -O3 -fomit-frame-pointer (test for excess errors)
FAIL: gcc.c-torture/compile/sync-3.c -O3 -g (test for excess errors)
FAIL: gcc.c-torture/compile/sync-3.c -O2 -flto (test for excess errors)
FAIL: gcc.c-torture/compile/sync-3.c -O2 -fwhopr (test for excess errors)
FAIL: gcc.c-torture/execute/20050131-1.c compilation, -O2 -fwhopr
UNRESOLVED: gcc.c-torture/execute/20050131-1.c execution, -O2 -fwhopr
FAIL: gcc.c-torture/execute/20050203-1.c compilation, -O3 -fomit-frame-pointer
UNRESOLVED: gcc.c-torture/execute/20050203-1.c execution, -O3 -fomit-frame-pointer
FAIL: gcc.c-torture/execute/20050203-1.c compilation, -O3 -g
UNRESOLVED: gcc.c-torture/execute/20050203-1.c execution, -O3 -g
FAIL: gcc.c-torture/execute/20050203-1.c compilation, -Os
UNRESOLVED: gcc.c-torture/execute/20050203-1.c execution, -Os
FAIL: gcc.c-torture/execute/20050203-1.c compilation, -O2 -flto
UNRESOLVED: gcc.c-torture/execute/20050203-1.c execution, -O2 -flto
FAIL: gcc.c-torture/execute/20050203-1.c compilation, -O2 -fwhopr
UNRESOLVED: gcc.c-torture/execute/20050203-1.c execution, -O2 -fwhopr
FAIL: gcc.c-torture/execute/20050929-1.c compilation, -O2 -flto
UNRESOLVED: gcc.c-torture/execute/20050929-1.c execution, -O2 -flto
FAIL: gcc.c-torture/execute/20070614-1.c compilation, -O2 -flto
UNRESOLVED: gcc.c-torture/execute/20070614-1.c execution, -O2 -flto
FAIL: gcc.c-torture/execute/dbra-1.c compilation, -O2 -flto
UNRESOLVED: gcc.c-torture/execute/dbra-1.c execution, -O2 -flto
FAIL: gcc.c-torture/execute/dbra-1.c compilation, -O2 -fwhopr
UNRESOLVED: gcc.c-torture/execute/dbra-1.c execution, -O2 -fwhopr
FAIL: gcc.c-torture/execute/divcmp-1.c compilation, -O0
UNRESOLVED: gcc.c-torture/execute/divcmp-1.c execution, -O0
FAIL: gcc.c-torture/execute/divcmp-1.c compilation, -O1
UNRESOLVED: gcc.c-torture/execute/divcmp-1.c execution, -O1
FAIL: gcc.c-torture/execute/divcmp-1.c compilation, -O2
UNRESOLVED: gcc.c-torture/execute/divcmp-1.c execution, -O2
FAIL: gcc.c-torture/execute/divcmp-1.c compilation, -Os
UNRESOLVED: gcc.c-torture/execute/divcmp-1.c execution, -Os
FAIL: gcc.c-torture/execute/loop-3.c compilation, -O2 -flto
UNRESOLVED: gcc.c-torture/execute/loop-3.c execution, -O2 -flto
FAIL: gcc.c-torture/execute/loop-3.c compilation, -O2 -fwhopr
UNRESOLVED: gcc.c-torture/execute/loop-3.c execution, -O2 -fwhopr
FAIL: gcc.c-torture/execute/mayalias-3.c compilation, -O2 -flto
UNRESOLVED: gcc.c-torture/execute/mayalias-3.c execution, -O2 -flto
WARNING: program timed out.
WARNING: program timed out.
WARNING: program timed out.
WARNING: program timed out.
WARNING: program timed out.
WARNING: program timed out.
WARNING: program timed out.
WARNING: program timed out.
WARNING: program timed out.
WARNING: program timed out.
WARNING: program timed out.
WARNING: program timed out.
WARNING: program timed out.
WARNING: program timed out.
WARNING: program timed out.
WARNING: program timed out.
WARNING: program timed out.
FAIL: gcc.dg/pr34668-1.c (internal compiler error)
FAIL: gcc.dg/pr34668-1.c (test for excess errors)
WARNING: program timed out.
FAIL: gcc.dg/pr43058.c (test for excess errors)
FAIL: gcc.dg/lto/20081201-2 c_lto_20081201-2_0.o-c_lto_20081201-2_1.o execute -O3 -fwhopr
FAIL: gcc.dg/lto/20100518 c_lto_20100518_0.o assemble, -O0 -fwhopr
UNRESOLVED: gcc.dg/lto/20100518 c_lto_20100518_0.o-c_lto_20100518_0.o link -O0 -fwhopr
UNRESOLVED: gcc.dg/lto/20100518 c_lto_20100518_0.o-c_lto_20100518_0.o execute -O0 -fwhopr
FAIL: gcc.dg/lto/20100518 c_lto_20100518_0.o assemble, -O2 -fwhopr
UNRESOLVED: gcc.dg/lto/20100518 c_lto_20100518_0.o-c_lto_20100518_0.o link -O2 -fwhopr
UNRESOLVED: gcc.dg/lto/20100518 c_lto_20100518_0.o-c_lto_20100518_0.o execute -O2 -fwhopr
FAIL: gcc.dg/lto/20100518 c_lto_20100518_0.o assemble, -O0 -flto
UNRESOLVED: gcc.dg/lto/20100518 c_lto_20100518_0.o-c_lto_20100518_0.o link -O0 -flto
UNRESOLVED: gcc.dg/lto/20100518 c_lto_20100518_0.o-c_lto_20100518_0.o execute -O0 -flto
FAIL: gcc.dg/lto/20100518 c_lto_20100518_0.o assemble, -O2 -flto
UNRESOLVED: gcc.dg/lto/20100518 c_lto_20100518_0.o-c_lto_20100518_0.o link -O2 -flto
UNRESOLVED: gcc.dg/lto/20100518 c_lto_20100518_0.o-c_lto_20100518_0.o execute -O2 -flto
FAIL: gcc.dg/lto/ipareference2 c_lto_ipareference2_0.o-c_lto_ipareference2_1.o execute -O1 -fwhopr -fwhole-program
WARNING: program timed out.
FAIL: gcc.dg/struct/w_ratio_cold_str.c compilation, -O3 -fwhole-program -combine -fprofile-use -fipa-struct-reorg -fdump-ipa-all --param struct-reorg-cold-struct-ratio=30
UNRESOLVED: gcc.dg/struct/w_ratio_cold_str.c execution, -O3 -fwhole-program -combine -fprofile-use -fipa-struct-reorg -fdump-ipa-all --param struct-reorg-cold-struct-ratio=30
WARNING: program timed out.
WARNING: program timed out.
WARNING: program timed out.
FAIL: gcc.dg/tls/opt-12.c (test for excess errors)
FAIL: gcc.dg/vect/pr43430-1.c scan-tree-dump-times vect "vectorized 1 loops" 1
FAIL: gcc.dg/vect/vect-109.c scan-tree-dump-times vect "vectorized 1 loops" 2
FAIL: gcc.dg/vect/slp-reduc-3.c scan-tree-dump-times vect "vectorizing stmts using SLP" 1
FAIL: gcc.dg/vect/slp-reduc-6.c scan-tree-dump-times vect "vectorized 1 loops" 2
FAIL: gcc.dg/vect/fast-math-vect-reduc-8.c scan-tree-dump-times vect "vectorized 1 loops" 1
=== gcc Summary for unix ===
# of expected passes 65110
# of unexpected failures 54
# of expected failures 201
# of unresolved testcases 26
# of unsupported tests 889
Running target unix/-m64
FAIL: gcc.c-torture/compile/limits-exprparen.c -O0 (internal compiler error)
FAIL: gcc.c-torture/compile/limits-exprparen.c -O0 (test for excess errors)
FAIL: gcc.c-torture/compile/limits-exprparen.c -O1 (internal compiler error)
FAIL: gcc.c-torture/compile/limits-exprparen.c -O1 (test for excess errors)
FAIL: gcc.c-torture/compile/limits-exprparen.c -O2 (internal compiler error)
FAIL: gcc.c-torture/compile/limits-exprparen.c -O2 (test for excess errors)
FAIL: gcc.c-torture/compile/limits-exprparen.c -O3 -fomit-frame-pointer (internal compiler error)
FAIL: gcc.c-torture/compile/limits-exprparen.c -O3 -fomit-frame-pointer (test for excess errors)
FAIL: gcc.c-torture/compile/limits-exprparen.c -O3 -g (internal compiler error)
FAIL: gcc.c-torture/compile/limits-exprparen.c -O3 -g (test for excess errors)
FAIL: gcc.c-torture/compile/limits-exprparen.c -Os (internal compiler error)
FAIL: gcc.c-torture/compile/limits-exprparen.c -Os (test for excess errors)
FAIL: gcc.c-torture/compile/limits-exprparen.c -O2 -flto (internal compiler error)
FAIL: gcc.c-torture/compile/limits-exprparen.c -O2 -flto (test for excess errors)
FAIL: gcc.c-torture/compile/limits-exprparen.c -O2 -fwhopr (internal compiler error)
FAIL: gcc.c-torture/compile/limits-exprparen.c -O2 -fwhopr (test for excess errors)
FAIL: gcc.c-torture/compile/sync-3.c -O2 (test for excess errors)
FAIL: gcc.c-torture/compile/sync-3.c -O3 -fomit-frame-pointer (test for excess errors)
FAIL: gcc.c-torture/compile/sync-3.c -O3 -g (test for excess errors)
FAIL: gcc.c-torture/compile/sync-3.c -O2 -flto (test for excess errors)
FAIL: gcc.c-torture/compile/sync-3.c -O2 -fwhopr (test for excess errors)
WARNING: program timed out.
FAIL: gcc.c-torture/execute/builtins/complex-1.c compilation, -O2 -flto
UNRESOLVED: gcc.c-torture/execute/builtins/complex-1.c execution, -O2 -flto
WARNING: program timed out.
FAIL: gcc.c-torture/execute/builtins/complex-1.c compilation, -O2 -fwhopr
UNRESOLVED: gcc.c-torture/execute/builtins/complex-1.c execution, -O2 -fwhopr
WARNING: program timed out.
FAIL: gcc.c-torture/execute/builtins/fprintf.c compilation, -O0
UNRESOLVED: gcc.c-torture/execute/builtins/fprintf.c execution, -O0
WARNING: program timed out.
FAIL: gcc.c-torture/execute/builtins/fprintf.c compilation, -O1
UNRESOLVED: gcc.c-torture/execute/builtins/fprintf.c execution, -O1
WARNING: program timed out.
FAIL: gcc.c-torture/execute/builtins/fprintf.c compilation, -O3 -fomit-frame-pointer
UNRESOLVED: gcc.c-torture/execute/builtins/fprintf.c execution, -O3 -fomit-frame-pointer
WARNING: program timed out.
FAIL: gcc.c-torture/execute/builtins/strlen-3.c compilation, -O2 -flto
UNRESOLVED: gcc.c-torture/execute/builtins/strlen-3.c execution, -O2 -flto
WARNING: program timed out.
FAIL: gcc.c-torture/execute/builtins/strlen-3.c compilation, -O2 -fwhopr
UNRESOLVED: gcc.c-torture/execute/builtins/strlen-3.c execution, -O2 -fwhopr
WARNING: program timed out.
FAIL: gcc.c-torture/unsorted/fq.c, -O2
FAIL: gcc.dg/cpp/trad/include.c (internal compiler error)
FAIL: gcc.dg/cpp/trad/include.c (test for excess errors)
FAIL: gcc.dg/pr34668-1.c (internal compiler error)
FAIL: gcc.dg/pr34668-1.c (test for excess errors)
WARNING: program timed out.
FAIL: gcc.dg/pr43058.c (test for excess errors)
FAIL: gcc.dg/lto/20081201-2 c_lto_20081201-2_0.o-c_lto_20081201-2_1.o execute -O3 -fwhopr
FAIL: gcc.dg/lto/20100518 c_lto_20100518_0.o assemble, -O0 -fwhopr
UNRESOLVED: gcc.dg/lto/20100518 c_lto_20100518_0.o-c_lto_20100518_0.o link -O0 -fwhopr
UNRESOLVED: gcc.dg/lto/20100518 c_lto_20100518_0.o-c_lto_20100518_0.o execute -O0 -fwhopr
FAIL: gcc.dg/lto/20100518 c_lto_20100518_0.o assemble, -O2 -fwhopr
UNRESOLVED: gcc.dg/lto/20100518 c_lto_20100518_0.o-c_lto_20100518_0.o link -O2 -fwhopr
UNRESOLVED: gcc.dg/lto/20100518 c_lto_20100518_0.o-c_lto_20100518_0.o execute -O2 -fwhopr
FAIL: gcc.dg/lto/20100518 c_lto_20100518_0.o assemble, -O0 -flto
UNRESOLVED: gcc.dg/lto/20100518 c_lto_20100518_0.o-c_lto_20100518_0.o link -O0 -flto
UNRESOLVED: gcc.dg/lto/20100518 c_lto_20100518_0.o-c_lto_20100518_0.o execute -O0 -flto
FAIL: gcc.dg/lto/20100518 c_lto_20100518_0.o assemble, -O2 -flto
UNRESOLVED: gcc.dg/lto/20100518 c_lto_20100518_0.o-c_lto_20100518_0.o link -O2 -flto
UNRESOLVED: gcc.dg/lto/20100518 c_lto_20100518_0.o-c_lto_20100518_0.o execute -O2 -flto
FAIL: gcc.dg/lto/ipareference2 c_lto_ipareference2_0.o-c_lto_ipareference2_1.o execute -O1 -fwhopr -fwhole-program
FAIL: gcc.dg/vect/pr43430-1.c scan-tree-dump-times vect "vectorized 1 loops" 1
FAIL: gcc.dg/vect/vect-109.c scan-tree-dump-times vect "vectorized 1 loops" 2
FAIL: gcc.dg/vect/slp-reduc-3.c scan-tree-dump-times vect "vectorizing stmts using SLP" 1
FAIL: gcc.dg/vect/slp-reduc-6.c scan-tree-dump-times vect "vectorized 1 loops" 2
FAIL: gcc.dg/vect/fast-math-vect-reduc-8.c scan-tree-dump-times vect "vectorized 1 loops" 1
=== gcc Summary for unix/-m64 ===
# of expected passes 65766
# of unexpected failures 45
# of expected failures 197
# of unresolved testcases 15
# of unsupported tests 892
=== gcc Summary ===
# of expected passes 130876
# of unexpected failures 99
# of expected failures 398
# of unresolved testcases 41
# of unsupported tests 1781
/vol/gcc/obj/regression/trunk/10-gcc-gas/build/gcc/xgcc version 4.6.0 20100607 (experimental) (GCC)
=== gfortran tests ===
Running target unix
FAIL: gfortran.dg/array_constructor_11.f90 -O3 -g (internal compiler error)
FAIL: gfortran.dg/array_constructor_11.f90 -O3 -g (test for excess errors)
WARNING: gfortran.dg/array_constructor_11.f90 -O3 -g compilation failed to produce executable
FAIL: gfortran.dg/c_loc_tests_2.f03 -O0 (test for excess errors)
FAIL: gfortran.dg/c_loc_tests_2.f03 -O1 (test for excess errors)
FAIL: gfortran.dg/c_loc_tests_2.f03 -O2 (test for excess errors)
WARNING: gfortran.dg/c_loc_tests_2.f03 -O2 compilation failed to produce executable
FAIL: gfortran.dg/c_loc_tests_2.f03 -O3 -fomit-frame-pointer (test for excess errors)
WARNING: gfortran.dg/c_loc_tests_2.f03 -O3 -fomit-frame-pointer compilation failed to produce executable
FAIL: gfortran.dg/c_loc_tests_2.f03 -O3 -fomit-frame-pointer -funroll-loops (test for excess errors)
WARNING: gfortran.dg/c_loc_tests_2.f03 -O3 -fomit-frame-pointer -funroll-loops compilation failed to produce executable
FAIL: gfortran.dg/char_pointer_comp_assign.f90 -O2 (test for excess errors)
WARNING: gfortran.dg/char_pointer_comp_assign.f90 -O2 compilation failed to produce executable
FAIL: gfortran.dg/interface_assignment_1.f90 -O3 -fomit-frame-pointer -funroll-all-loops -finline-functions (test for excess errors)
WARNING: gfortran.dg/interface_assignment_1.f90 -O3 -fomit-frame-pointer -funroll-all-loops -finline-functions compilation failed to produce executable
FAIL: gfortran.dg/interface_assignment_1.f90 -O3 -g (test for excess errors)
WARNING: gfortran.dg/interface_assignment_1.f90 -O3 -g compilation failed to produce executable
FAIL: gfortran.dg/interface_assignment_1.f90 -Os (test for excess errors)
WARNING: gfortran.dg/interface_assignment_1.f90 -Os compilation failed to produce executable
FAIL: gfortran.dg/interface_assignment_2.f90 -O0 (test for excess errors)
WARNING: gfortran.dg/interface_assignment_2.f90 -O0 compilation failed to produce executable
FAIL: gfortran.dg/interface_assignment_2.f90 -O1 (test for excess errors)
WARNING: gfortran.dg/interface_assignment_2.f90 -O1 compilation failed to produce executable
FAIL: gfortran.dg/iso_c_binding_rename_1.f03 -O3 -fomit-frame-pointer -funroll-all-loops -finline-functions (test for excess errors)
WARNING: gfortran.dg/iso_c_binding_rename_1.f03 -O3 -fomit-frame-pointer -funroll-all-loops -finline-functions compilation failed to produce executable
FAIL: gfortran.dg/repeat_2.f90 -Os (test for excess errors)
WARNING: gfortran.dg/repeat_2.f90 -Os compilation failed to produce executable
FAIL: gfortran.dg/repeat_3.f90 -O0 (test for excess errors)
FAIL: gfortran.dg/repeat_3.f90 -O1 (test for excess errors)
FAIL: gfortran.dg/repeat_3.f90 -O2 (test for excess errors)
WARNING: gfortran.dg/repeat_3.f90 -O2 compilation failed to produce executable
FAIL: gfortran.dg/repeat_3.f90 -O3 -fomit-frame-pointer -funroll-loops (test for excess errors)
FAIL: gfortran.dg/select_type_6.f03 -O0 (test for excess errors)
WARNING: program timed out.
WARNING: program timed out.
WARNING: program timed out.
WARNING: program timed out.
WARNING: program timed out.
WARNING: program timed out.
WARNING: program timed out.
WARNING: program timed out.
WARNING: program timed out.
WARNING: program timed out.
WARNING: program timed out.
WARNING: program timed out.
WARNING: program timed out.
WARNING: program timed out.
WARNING: program timed out.
WARNING: program timed out.
WARNING: program timed out.
WARNING: program timed out.
WARNING: program timed out.
WARNING: program timed out.
FAIL: gfortran.fortran-torture/execute/where_12.f90 compilation, -O0
WARNING: program timed out.
WARNING: program timed out.
FAIL: gfortran.fortran-torture/execute/where_12.f90 compilation, -O2
WARNING: program timed out.
FAIL: gfortran.fortran-torture/execute/where_12.f90 compilation, -O2 -fomit-frame-pointer -finline-functions
WARNING: program timed out.
=== gfortran Summary for unix ===
# of expected passes 34415
# of unexpected failures 23
# of expected failures 25
# of untested testcases 3
# of unsupported tests 163
Running target unix/-m64
FAIL: gfortran.dg/array_constructor_11.f90 -O3 -g (internal compiler error)
FAIL: gfortran.dg/array_constructor_11.f90 -O3 -g (test for excess errors)
WARNING: gfortran.dg/array_constructor_11.f90 -O3 -g compilation failed to produce executable
=== gfortran Summary for unix/-m64 ===
# of expected passes 34634
# of unexpected failures 2
# of expected failures 25
# of unsupported tests 74
=== gfortran Summary ===
# of expected passes 69049
# of unexpected failures 25
# of expected failures 50
# of untested testcases 3
# of unsupported tests 237
/vol/gcc/obj/regression/trunk/10-gcc-gas/build/gcc/testsuite/gfortran/../../gfortran version 4.6.0 20100607 (experimental) (GCC)
=== gnat tests ===
Running target unix
FAIL: gnat.dg/null_pointer_deref1.adb execution test
FAIL: gnat.dg/null_pointer_deref2.adb execution test
FAIL: gnat.dg/stack_check1.adb execution test
FAIL: gnat.dg/stack_check2.adb execution test
=== gnat Summary for unix ===
# of expected passes 801
# of unexpected failures 4
# of expected failures 11
# of unsupported tests 2
Running target unix/-m64
FAIL: gnat.dg/null_pointer_deref1.adb execution test
FAIL: gnat.dg/null_pointer_deref2.adb execution test
FAIL: gnat.dg/stack_check1.adb execution test
FAIL: gnat.dg/stack_check2.adb execution test
=== gnat Summary for unix/-m64 ===
# of expected passes 801
# of unexpected failures 4
# of expected failures 11
# of unsupported tests 2
=== gnat Summary ===
# of expected passes 1602
# of unexpected failures 8
# of expected failures 22
# of unsupported tests 4
=== objc tests ===
Running target unix
=== objc Summary for unix ===
# of expected passes 1971
# of expected failures 15
# of unsupported tests 28
Running target unix/-m64
=== objc Summary for unix/-m64 ===
# of expected passes 1971
# of expected failures 15
# of unsupported tests 28
=== objc Summary ===
# of expected passes 3942
# of expected failures 30
# of unsupported tests 56
/vol/gcc/obj/regression/trunk/10-gcc-gas/build/gcc/xgcc version 4.6.0 20100607 (experimental) (GCC)
=== libffi tests ===
Running target unix
=== libffi Summary for unix ===
# of expected passes 1624
# of expected failures 10
# of unsupported tests 15
Running target unix/-m64
=== libffi Summary for unix/-m64 ===
# of expected passes 1624
# of expected failures 10
# of unsupported tests 15
=== libffi Summary ===
# of expected passes 3248
# of expected failures 20
# of unsupported tests 30
=== libgomp tests ===
Running target unix
FAIL: libgomp.c/nestedfn-3.c (test for excess errors)
WARNING: libgomp.c/nestedfn-3.c compilation failed to produce executable
FAIL: libgomp.c/nestedfn-4.c (test for excess errors)
WARNING: libgomp.c/nestedfn-4.c compilation failed to produce executable
FAIL: libgomp.c/task-2.c (test for excess errors)
WARNING: libgomp.c/task-2.c compilation failed to produce executable
FAIL: libgomp.fortran/omp_atomic1.f90 -O1 (test for excess errors)
WARNING: libgomp.fortran/omp_atomic1.f90 -O1 compilation failed to produce executable
FAIL: libgomp.fortran/omp_atomic1.f90 -O2 (test for excess errors)
WARNING: libgomp.fortran/omp_atomic1.f90 -O2 compilation failed to produce executable
FAIL: libgomp.fortran/omp_atomic1.f90 -O3 -fomit-frame-pointer (test for excess errors)
WARNING: libgomp.fortran/omp_atomic1.f90 -O3 -fomit-frame-pointer compilation failed to produce executable
FAIL: libgomp.fortran/omp_atomic1.f90 -O3 -fomit-frame-pointer -funroll-loops (test for excess errors)
WARNING: libgomp.fortran/omp_atomic1.f90 -O3 -fomit-frame-pointer -funroll-loops compilation failed to produce executable
FAIL: libgomp.fortran/omp_atomic1.f90 -O3 -fomit-frame-pointer -funroll-all-loops -finline-functions (test for excess errors)
WARNING: libgomp.fortran/omp_atomic1.f90 -O3 -fomit-frame-pointer -funroll-all-loops -finline-functions compilation failed to produce executable
FAIL: libgomp.fortran/omp_atomic1.f90 -O3 -g (test for excess errors)
WARNING: libgomp.fortran/omp_atomic1.f90 -O3 -g compilation failed to produce executable
FAIL: libgomp.fortran/omp_atomic1.f90 -Os (test for excess errors)
WARNING: libgomp.fortran/omp_atomic1.f90 -Os compilation failed to produce executable
FAIL: libgomp.fortran/omp_atomic2.f90 -O1 (test for excess errors)
WARNING: libgomp.fortran/omp_atomic2.f90 -O1 compilation failed to produce executable
FAIL: libgomp.fortran/omp_atomic2.f90 -O2 (test for excess errors)
WARNING: libgomp.fortran/omp_atomic2.f90 -O2 compilation failed to produce executable
FAIL: libgomp.fortran/omp_atomic2.f90 -O3 -fomit-frame-pointer (test for excess errors)
WARNING: libgomp.fortran/omp_atomic2.f90 -O3 -fomit-frame-pointer compilation failed to produce executable
FAIL: libgomp.fortran/omp_atomic2.f90 -O3 -fomit-frame-pointer -funroll-loops (test for excess errors)
WARNING: libgomp.fortran/omp_atomic2.f90 -O3 -fomit-frame-pointer -funroll-loops compilation failed to produce executable
FAIL: libgomp.fortran/omp_atomic2.f90 -O3 -fomit-frame-pointer -funroll-all-loops -finline-functions (test for excess errors)
WARNING: libgomp.fortran/omp_atomic2.f90 -O3 -fomit-frame-pointer -funroll-all-loops -finline-functions compilation failed to produce executable
FAIL: libgomp.fortran/omp_atomic2.f90 -O3 -g (test for excess errors)
WARNING: libgomp.fortran/omp_atomic2.f90 -O3 -g compilation failed to produce executable
FAIL: libgomp.fortran/omp_atomic2.f90 -Os (test for excess errors)
WARNING: libgomp.fortran/omp_atomic2.f90 -Os compilation failed to produce executable
=== libgomp Summary for unix ===
# of expected passes 2442
# of unexpected failures 17
# of unsupported tests 9
Running target unix/-m64
FAIL: libgomp.c/nestedfn-3.c (test for excess errors)
WARNING: libgomp.c/nestedfn-3.c compilation failed to produce executable
FAIL: libgomp.c/nestedfn-4.c (test for excess errors)
WARNING: libgomp.c/nestedfn-4.c compilation failed to produce executable
FAIL: libgomp.c/task-2.c (test for excess errors)
WARNING: libgomp.c/task-2.c compilation failed to produce executable
WARNING: program timed out.
FAIL: libgomp.c++/for-1.C -Os (test for excess errors)
WARNING: libgomp.c++/for-1.C -Os compilation failed to produce executable
WARNING: program timed out.
FAIL: libgomp.c++/for-2.C -O0 (test for excess errors)
WARNING: libgomp.c++/for-2.C -O0 compilation failed to produce executable
WARNING: program timed out.
FAIL: libgomp.c++/for-2.C -O2 (test for excess errors)
WARNING: libgomp.c++/for-2.C -O2 compilation failed to produce executable
WARNING: program timed out.
FAIL: libgomp.c++/for-2.C -O3 -fomit-frame-pointer (test for excess errors)
WARNING: libgomp.c++/for-2.C -O3 -fomit-frame-pointer compilation failed to produce executable
WARNING: program timed out.
FAIL: libgomp.c++/for-2.C -O3 -fomit-frame-pointer -funroll-loops (test for excess errors)
WARNING: program timed out.
FAIL: libgomp.c++/for-2.C -O3 -fomit-frame-pointer -funroll-all-loops -finline-functions (test for excess errors)
WARNING: program timed out.
FAIL: libgomp.c++/for-2.C -Os (test for excess errors)
WARNING: libgomp.c++/for-2.C -Os compilation failed to produce executable
WARNING: program timed out.
FAIL: libgomp.c++/loop-6.C -O2 (test for excess errors)
WARNING: program timed out.
FAIL: libgomp.fortran/appendix-a/a.16.1.f90 -O1 (test for excess errors)
WARNING: libgomp.fortran/appendix-a/a.16.1.f90 -O1 compilation failed to produce executable
FAIL: libgomp.fortran/omp_atomic1.f90 -O1 (test for excess errors)
WARNING: libgomp.fortran/omp_atomic1.f90 -O1 compilation failed to produce executable
FAIL: libgomp.fortran/omp_atomic1.f90 -O2 (test for excess errors)
WARNING: libgomp.fortran/omp_atomic1.f90 -O2 compilation failed to produce executable
FAIL: libgomp.fortran/omp_atomic1.f90 -O3 -fomit-frame-pointer (test for excess errors)
WARNING: libgomp.fortran/omp_atomic1.f90 -O3 -fomit-frame-pointer compilation failed to produce executable
FAIL: libgomp.fortran/omp_atomic1.f90 -O3 -fomit-frame-pointer -funroll-loops (test for excess errors)
WARNING: libgomp.fortran/omp_atomic1.f90 -O3 -fomit-frame-pointer -funroll-loops compilation failed to produce executable
FAIL: libgomp.fortran/omp_atomic1.f90 -O3 -fomit-frame-pointer -funroll-all-loops -finline-functions (test for excess errors)
WARNING: libgomp.fortran/omp_atomic1.f90 -O3 -fomit-frame-pointer -funroll-all-loops -finline-functions compilation failed to produce executable
FAIL: libgomp.fortran/omp_atomic1.f90 -O3 -g (test for excess errors)
WARNING: libgomp.fortran/omp_atomic1.f90 -O3 -g compilation failed to produce executable
FAIL: libgomp.fortran/omp_atomic1.f90 -Os (test for excess errors)
WARNING: libgomp.fortran/omp_atomic1.f90 -Os compilation failed to produce executable
FAIL: libgomp.fortran/omp_atomic2.f90 -O1 (test for excess errors)
WARNING: libgomp.fortran/omp_atomic2.f90 -O1 compilation failed to produce executable
FAIL: libgomp.fortran/omp_atomic2.f90 -O2 (test for excess errors)
WARNING: libgomp.fortran/omp_atomic2.f90 -O2 compilation failed to produce executable
FAIL: libgomp.fortran/omp_atomic2.f90 -O3 -fomit-frame-pointer (test for excess errors)
WARNING: libgomp.fortran/omp_atomic2.f90 -O3 -fomit-frame-pointer compilation failed to produce executable
FAIL: libgomp.fortran/omp_atomic2.f90 -O3 -fomit-frame-pointer -funroll-loops (test for excess errors)
WARNING: libgomp.fortran/omp_atomic2.f90 -O3 -fomit-frame-pointer -funroll-loops compilation failed to produce executable
FAIL: libgomp.fortran/omp_atomic2.f90 -O3 -fomit-frame-pointer -funroll-all-loops -finline-functions (test for excess errors)
WARNING: libgomp.fortran/omp_atomic2.f90 -O3 -fomit-frame-pointer -funroll-all-loops -finline-functions compilation failed to produce executable
FAIL: libgomp.fortran/omp_atomic2.f90 -O3 -g (test for excess errors)
WARNING: libgomp.fortran/omp_atomic2.f90 -O3 -g compilation failed to produce executable
FAIL: libgomp.fortran/omp_atomic2.f90 -Os (test for excess errors)
WARNING: libgomp.fortran/omp_atomic2.f90 -Os compilation failed to produce executable
=== libgomp Summary for unix/-m64 ===
# of expected passes 2427
# of unexpected failures 26
# of unsupported tests 9
=== libgomp Summary ===
# of expected passes 4869
# of unexpected failures 43
# of unsupported tests 18
=== libjava tests ===
Running target unix
FAIL: TestClosureGC run
FAIL: Array_3 execution - source compiled test
FAIL: Array_3 -findirect-dispatch execution - source compiled test
FAIL: Array_3 -O3 execution - source compiled test
FAIL: Array_3 -O3 -findirect-dispatch execution - source compiled test
FAIL: Invoke_1 execution - source compiled test
FAIL: Invoke_1 -findirect-dispatch execution - source compiled test
FAIL: Invoke_1 -O3 execution - source compiled test
FAIL: Invoke_1 -O3 -findirect-dispatch execution - source compiled test
FAIL: PR218 execution - source compiled test
FAIL: PR218 -O3 execution - source compiled test
FAIL: StackTrace2 execution - source compiled test
FAIL: StackTrace2 -findirect-dispatch execution - source compiled test
FAIL: StackTrace2 -O3 execution - source compiled test
FAIL: StackTrace2 -O3 -findirect-dispatch execution - source compiled test
FAIL: Throw_2 execution - source compiled test
FAIL: Throw_2 -findirect-dispatch execution - source compiled test
FAIL: Throw_2 -O3 execution - source compiled test
FAIL: Throw_2 -O3 -findirect-dispatch execution - source compiled test
FAIL: Throw_3 execution - source compiled test
FAIL: Throw_3 -findirect-dispatch execution - source compiled test
FAIL: Throw_3 -O3 execution - source compiled test
FAIL: Throw_3 -O3 -findirect-dispatch execution - source compiled test
FAIL: pr83 -findirect-dispatch execution - source compiled test
FAIL: pr83 -O3 -findirect-dispatch execution - source compiled test
=== libjava Summary for unix ===
# of expected passes 2525
# of unexpected failures 25
# of untested testcases 25
Running target unix/-m64
FAIL: TestClosureGC run
FAIL: Array_3 execution - source compiled test
FAIL: Array_3 -findirect-dispatch execution - source compiled test
FAIL: Array_3 -O3 execution - source compiled test
FAIL: Array_3 -O3 -findirect-dispatch execution - source compiled test
WARNING: program timed out.
FAIL: Divide_1 -O3 compilation from source
WARNING: program timed out.
FAIL: Divide_1 -O3 -findirect-dispatch compilation from source
WARNING: program timed out.
FAIL: Divide_2 compilation from source
WARNING: program timed out.
FAIL: Divide_2 -findirect-dispatch compilation from source
WARNING: program timed out.
FAIL: Divide_2 -O3 compilation from source
WARNING: program timed out.
FAIL: Divide_2 -O3 -findirect-dispatch compilation from source
WARNING: program timed out.
FAIL: EvaluationOrder compilation from source
WARNING: program timed out.
FAIL: EvaluationOrder -findirect-dispatch compilation from source
WARNING: program timed out.
FAIL: EvaluationOrder -O3 compilation from source
WARNING: program timed out.
FAIL: EvaluationOrder -O3 -findirect-dispatch compilation from source
FAIL: Invoke_1 execution - source compiled test
FAIL: Invoke_1 -findirect-dispatch execution - source compiled test
FAIL: Invoke_1 -O3 execution - source compiled test
FAIL: Invoke_1 -O3 -findirect-dispatch execution - source compiled test
FAIL: PR218 execution - source compiled test
FAIL: PR218 -O3 execution - source compiled test
WARNING: program timed out.
FAIL: PR31264 -findirect-dispatch compilation from source
WARNING: program timed out.
FAIL: PR31264 -O3 -findirect-dispatch compilation from source
WARNING: program timed out.
FAIL: PR35020 compilation from source
WARNING: program timed out.
FAIL: Process_6 -findirect-dispatch compilation from source
FAIL: StackTrace2 execution - source compiled test
FAIL: StackTrace2 -findirect-dispatch execution - source compiled test
FAIL: StackTrace2 -O3 execution - source compiled test
FAIL: StackTrace2 -O3 -findirect-dispatch execution - source compiled test
FAIL: Throw_2 execution - source compiled test
FAIL: Throw_2 -findirect-dispatch execution - source compiled test
FAIL: Throw_2 -O3 execution - source compiled test
FAIL: Throw_2 -O3 -findirect-dispatch execution - source compiled test
FAIL: Throw_3 execution - source compiled test
FAIL: Throw_3 -findirect-dispatch execution - source compiled test
FAIL: Throw_3 -O3 execution - source compiled test
FAIL: Throw_3 -O3 -findirect-dispatch execution - source compiled test
FAIL: pr83 -findirect-dispatch execution - source compiled test
FAIL: pr83 -O3 -findirect-dispatch execution - source compiled test
=== libjava Summary for unix/-m64 ===
# of expected passes 2483
# of unexpected failures 39
# of untested testcases 53
=== libjava Summary ===
# of expected passes 5008
# of unexpected failures 64
# of untested testcases 78
=== libstdc++ tests ===
Running target unix
XPASS: 27_io/basic_istream/extractors_arithmetic/char/12.cc execution test
XPASS: 27_io/basic_istream/extractors_arithmetic/wchar_t/12.cc execution test
FAIL: 27_io/basic_ofstream/cons/char/1.cc execution test
FAIL: 27_io/basic_ostream/endl/char/1.cc (test for excess errors)
FAIL: ext/enc_filebuf/char/13598.cc execution test
WARNING: program timed out.
WARNING: program timed out.
WARNING: program timed out.
WARNING: program timed out.
FAIL: tr1/6_containers/array/iterators/end_is_one_past.cc (test for excess errors)
WARNING: tr1/6_containers/array/iterators/end_is_one_past.cc compilation failed to produce executable
FAIL: tr1/6_containers/array/requirements/assign.cc (test for excess errors)
WARNING: tr1/6_containers/array/requirements/assign.cc compilation failed to produce executable
=== libstdc++ Summary for unix ===
# of expected passes 6740
# of unexpected failures 5
# of unexpected successes 2
# of expected failures 94
# of unsupported tests 438
Running target unix/-m64
FAIL: 22_locale/money_put/put/char/6.cc (test for excess errors)
WARNING: 22_locale/money_put/put/char/6.cc compilation failed to produce executable
FAIL: 22_locale/money_put/put/wchar_t/39168.cc (test for excess errors)
XPASS: 27_io/basic_istream/extractors_arithmetic/char/12.cc execution test
XPASS: 27_io/basic_istream/extractors_arithmetic/wchar_t/12.cc execution test
FAIL: ext/enc_filebuf/char/13598.cc execution test
WARNING: program timed out.
WARNING: program timed out.
=== libstdc++ Summary for unix/-m64 ===
# of expected passes 6743
# of unexpected failures 3
# of unexpected successes 2
# of expected failures 94
# of unsupported tests 438
=== libstdc++ Summary ===
# of expected passes 13483
# of unexpected failures 8
# of unexpected successes 4
# of expected failures 188
# of unsupported tests 876
=== libstdc++ Summary ===
Compiler version: 4.6.0 20100607 (experimental) (GCC)
Platform: sparc-sun-solaris2.10
configure flags: --prefix=/vol/gcc --target=sparc-sun-solaris2.10 --with-as=/vol/gcc/bin/gas-2.20.1 --with-gnu-as --with-gmp=/vol/gcc --with-mpfr=/vol/gcc --with-mpc=/vol/gcc --enable-languages=all,ada
BOOT_CFLAGS=-g -O2