This is the mail archive of the
gcc-testresults@gcc.gnu.org
mailing list for the GCC project.
Results for 4.5.0 (GCC) testsuite on sparc-sun-solaris2.8
- From: "Tom G. Christensen" <tgc at starbug dot statsbiblioteket dot dk>
- To: gcc-testresults at gcc dot gnu dot org
- Date: Wed, 9 Jun 2010 19:15:10 +0200
- Subject: Results for 4.5.0 (GCC) testsuite on sparc-sun-solaris2.8
Built with:
native as (107357-02)
native ld (109147-34)
gmp 5.0.1
mpfr 2.4.2p2
mpc 0.8.1
Bootstrap compiler:
Reading specs from /usr/tgcware/gcc-3.4.6/lib/gcc/sparc-sun-solaris2.8/3.4.6/specs
Configured with: ../gcc-3.4.6/configure --prefix=/usr/tgcware/gcc-3.4.6 --with-local-prefix=/usr/tgcware/gcc-3.4.6 --disable-nls --enable-shared --enable-languages=c,c++,f77,objc,ada
Thread model: posix
gcc version 3.4.6
LAST_UPDATED: Obtained from SVN: tags/gcc_4_5_0_release revision 158339
=== acats tests ===
=== acats Summary ===
# of expected passes 2321
# of unexpected failures 0
Native configuration is sparc-sun-solaris2.8
=== g++ tests ===
Running target unix
FAIL: g++.dg/warn/miss-format-1.C (test for errors, line 25)
FAIL: g++.dg/warn/miss-format-1.C (test for excess errors)
XPASS: g++.old-deja/g++.other/init19.C execution test
=== g++ Summary for unix ===
# of expected passes 20935
# of unexpected failures 2
# of unexpected successes 1
# of expected failures 151
# of unsupported tests 294
Running target unix/-m64
FAIL: g++.dg/warn/miss-format-1.C (test for errors, line 25)
FAIL: g++.dg/warn/miss-format-1.C (test for excess errors)
XPASS: g++.old-deja/g++.other/init19.C execution test
=== g++ Summary for unix/-m64 ===
# of expected passes 20896
# of unexpected failures 2
# of unexpected successes 1
# of expected failures 151
# of unsupported tests 295
=== g++ Summary ===
# of expected passes 41831
# of unexpected failures 4
# of unexpected successes 2
# of expected failures 302
# of unsupported tests 589
/export/home/tgc/buildpkg/gcc45/src/all_native/gcc/testsuite/g++/../../g++ version 4.5.0 (GCC)
=== gcc tests ===
Running target unix
FAIL: gcc.c-torture/compile/limits-exprparen.c -O0 (test for excess errors)
FAIL: gcc.c-torture/compile/limits-exprparen.c -O1 (test for excess errors)
FAIL: gcc.c-torture/compile/limits-exprparen.c -O2 (test for excess errors)
FAIL: gcc.c-torture/compile/limits-exprparen.c -O3 -fomit-frame-pointer (test for excess errors)
FAIL: gcc.c-torture/compile/limits-exprparen.c -O3 -g (test for excess errors)
FAIL: gcc.c-torture/compile/limits-exprparen.c -Os (test for excess errors)
WARNING: program timed out.
FAIL: gcc.c-torture/compile/limits-fnargs.c -O2 (test for excess errors)
WARNING: program timed out.
FAIL: gcc.c-torture/compile/limits-fnargs.c -O3 -fomit-frame-pointer (test for excess errors)
WARNING: program timed out.
FAIL: gcc.c-torture/compile/limits-fnargs.c -O3 -g (test for excess errors)
WARNING: program timed out.
FAIL: gcc.c-torture/compile/limits-fndefn.c -O3 -g (test for excess errors)
FAIL: gcc.c-torture/execute/pr38819.c execution, -O2
FAIL: gcc.c-torture/execute/pr38819.c execution, -O3 -fomit-frame-pointer
FAIL: gcc.c-torture/execute/pr38819.c execution, -O3 -fomit-frame-pointer -funroll-loops
FAIL: gcc.c-torture/execute/pr38819.c execution, -O3 -fomit-frame-pointer -funroll-all-loops -finline-functions
FAIL: gcc.c-torture/execute/pr38819.c execution, -O3 -g
WARNING: program timed out.
FAIL: gcc.dg/pr28796-2.c execution test
FAIL: gcc.dg/pr42427.c (test for excess errors)
WARNING: program timed out.
FAIL: gcc.dg/pr43058.c (test for excess errors)
FAIL: gcc.dg/pthread-init-1.c (test for excess errors)
FAIL: gcc.dg/pthread-init-2.c (test for excess errors)
FAIL: gcc.dg/vect/pr43430-1.c scan-tree-dump-times vect "vectorized 1 loops" 1
FAIL: gcc.dg/vect/slp-multitypes-2.c execution test
=== gcc Summary for unix ===
# of expected passes 54329
# of unexpected failures 22
# of expected failures 195
# of unsupported tests 857
Running target unix/-m64
FAIL: gcc.c-torture/compile/limits-exprparen.c -O0 (test for excess errors)
FAIL: gcc.c-torture/compile/limits-exprparen.c -O1 (test for excess errors)
FAIL: gcc.c-torture/compile/limits-exprparen.c -O2 (test for excess errors)
FAIL: gcc.c-torture/compile/limits-exprparen.c -O3 -fomit-frame-pointer (test for excess errors)
FAIL: gcc.c-torture/compile/limits-exprparen.c -O3 -g (test for excess errors)
FAIL: gcc.c-torture/compile/limits-exprparen.c -Os (test for excess errors)
WARNING: program timed out.
FAIL: gcc.c-torture/compile/limits-fnargs.c -O2 (test for excess errors)
WARNING: program timed out.
FAIL: gcc.c-torture/compile/limits-fnargs.c -O3 -fomit-frame-pointer (test for excess errors)
WARNING: program timed out.
FAIL: gcc.c-torture/compile/limits-fnargs.c -O3 -g (test for excess errors)
WARNING: program timed out.
FAIL: gcc.c-torture/compile/limits-fndefn.c -O3 -g (test for excess errors)
FAIL: gcc.dg/cpp/trad/include.c (internal compiler error)
FAIL: gcc.dg/cpp/trad/include.c (test for excess errors)
FAIL: gcc.dg/builtins-1.c (internal compiler error)
FAIL: gcc.dg/builtins-1.c (test for excess errors)
ERROR: gcc.dg/builtins-1.c: error executing dg-final: couldn't open "builtins-1.s": no such file or directory
UNRESOLVED: gcc.dg/builtins-1.c: error executing dg-final: couldn't open "builtins-1.s": no such file or directory
WARNING: program timed out.
FAIL: gcc.dg/pr28796-2.c execution test
WARNING: program timed out.
FAIL: gcc.dg/pr43058.c (test for excess errors)
FAIL: gcc.dg/pthread-init-1.c (test for excess errors)
FAIL: gcc.dg/pthread-init-2.c (test for excess errors)
WARNING: program timed out.
FAIL: gcc.dg/torture/fp-int-convert-long-double.c -O3 -g (test for excess errors)
WARNING: gcc.dg/torture/fp-int-convert-long-double.c -O3 -g compilation failed to produce executable
FAIL: gcc.dg/vect/pr43430-1.c scan-tree-dump-times vect "vectorized 1 loops" 1
=== gcc Summary for unix/-m64 ===
# of expected passes 54317
# of unexpected failures 20
# of expected failures 191
# of unresolved testcases 1
# of unsupported tests 865
=== gcc Summary ===
# of expected passes 108646
# of unexpected failures 42
# of expected failures 386
# of unresolved testcases 1
# of unsupported tests 1722
/export/home/tgc/buildpkg/gcc45/src/all_native/gcc/xgcc version 4.5.0 (GCC)
=== gfortran tests ===
Running target unix
WARNING: program timed out.
FAIL: gfortran.dg/array_constructor_33.f90 -O (test for excess errors)
=== gfortran Summary for unix ===
# of expected passes 33376
# of unexpected failures 1
# of expected failures 24
# of unsupported tests 322
Running target unix/-m64
WARNING: program timed out.
FAIL: gfortran.dg/array_constructor_33.f90 -O (test for excess errors)
=== gfortran Summary for unix/-m64 ===
# of expected passes 33527
# of unexpected failures 1
# of expected failures 24
# of unsupported tests 249
=== gfortran Summary ===
# of expected passes 66903
# of unexpected failures 2
# of expected failures 48
# of unsupported tests 571
/export/home/tgc/buildpkg/gcc45/src/all_native/gcc/testsuite/gfortran/../../gfortran version 4.5.0 (GCC)
=== gnat tests ===
Running target unix
=== gnat Summary for unix ===
# of expected passes 755
# of expected failures 7
# of unsupported tests 2
Running target unix/-m64
=== gnat Summary for unix/-m64 ===
# of expected passes 755
# of expected failures 7
# of unsupported tests 2
=== gnat Summary ===
# of expected passes 1510
# of expected failures 14
# of unsupported tests 4
=== obj-c++ tests ===
Running target unix
XPASS: obj-c++.dg/comp-types-10.mm -fgnu-runtime (test for excess errors)
WARNING: obj-c++.dg/lookup-2.mm -fgnu-runtime compilation failed to produce executable
WARNING: obj-c++.dg/try-catch-2.mm -fgnu-runtime compilation failed to produce executable
WARNING: obj-c++.dg/try-catch-9.mm -fgnu-runtime compilation failed to produce executable
=== obj-c++ Summary for unix ===
# of expected passes 436
# of unexpected successes 1
# of expected failures 6
# of unsupported tests 13
Running target unix/-m64
XPASS: obj-c++.dg/comp-types-10.mm -fgnu-runtime (test for excess errors)
WARNING: obj-c++.dg/lookup-2.mm -fgnu-runtime compilation failed to produce executable
WARNING: obj-c++.dg/try-catch-2.mm -fgnu-runtime compilation failed to produce executable
WARNING: obj-c++.dg/try-catch-9.mm -fgnu-runtime compilation failed to produce executable
=== obj-c++ Summary for unix/-m64 ===
# of expected passes 428
# of unexpected successes 1
# of expected failures 14
# of unsupported tests 13
=== obj-c++ Summary ===
# of expected passes 864
# of unexpected successes 2
# of expected failures 20
# of unsupported tests 26
/export/home/tgc/buildpkg/gcc45/src/all_native/gcc/testsuite/obj-c++/../../g++ version 4.5.0 (GCC)
=== objc tests ===
Running target unix
=== objc Summary for unix ===
# of expected passes 1868
# of expected failures 15
# of unsupported tests 21
Running target unix/-m64
=== objc Summary for unix/-m64 ===
# of expected passes 1868
# of expected failures 15
# of unsupported tests 21
=== objc Summary ===
# of expected passes 3736
# of expected failures 30
# of unsupported tests 42
/export/home/tgc/buildpkg/gcc45/src/all_native/gcc/xgcc version 4.5.0 (GCC)
=== libffi tests ===
Running target unix
=== libffi Summary for unix ===
# of expected passes 1624
# of expected failures 10
# of unsupported tests 15
Running target unix/-m64
=== libffi Summary for unix/-m64 ===
# of expected passes 1624
# of expected failures 10
# of unsupported tests 15
=== libffi Summary ===
# of expected passes 3248
# of expected failures 20
# of unsupported tests 30
=== libgomp tests ===
Running target unix
=== libgomp Summary for unix ===
# of expected passes 2442
# of unsupported tests 9
Running target unix/-m64
=== libgomp Summary for unix/-m64 ===
# of expected passes 2442
# of unsupported tests 9
=== libgomp Summary ===
# of expected passes 4884
# of unsupported tests 18
=== libjava tests ===
Running target unix
WARNING: program timed out.
FAIL: getstacktrace run
WARNING: program timed out.
FAIL: getallthreads run
FAIL: InvokeInterface execution - source compiled test
FAIL: InvokeInterface -O3 execution - source compiled test
WARNING: program timed out.
FAIL: PR18699 -findirect-dispatch execution - source compiled test
WARNING: program timed out.
FAIL: PR18699 -O3 execution - source compiled test
WARNING: program timed out.
FAIL: PR18699 -O3 -findirect-dispatch execution - source compiled test
WARNING: program timed out.
FAIL: PR27908 execution - source compiled test
WARNING: program timed out.
FAIL: PR27908 -findirect-dispatch execution - source compiled test
WARNING: program timed out.
FAIL: PR27908 -O3 execution - source compiled test
WARNING: program timed out.
FAIL: PR27908 -O3 -findirect-dispatch execution - source compiled test
=== libjava Summary for unix ===
# of expected passes 2554
# of unexpected failures 11
# of untested testcases 11
Running target unix/-m64
FAIL: PR16923 run
WARNING: program timed out.
FAIL: getstacktrace run
WARNING: program timed out.
FAIL: getallthreads run
FAIL: InvokeInterface execution - source compiled test
FAIL: InvokeInterface -O3 execution - source compiled test
WARNING: program timed out.
FAIL: PR18699 execution - source compiled test
WARNING: program timed out.
FAIL: PR18699 -findirect-dispatch execution - source compiled test
WARNING: program timed out.
FAIL: PR18699 -O3 execution - source compiled test
WARNING: program timed out.
FAIL: PR18699 -O3 -findirect-dispatch execution - source compiled test
WARNING: program timed out.
FAIL: PR27908 execution - source compiled test
WARNING: program timed out.
FAIL: PR27908 -findirect-dispatch execution - source compiled test
WARNING: program timed out.
FAIL: PR27908 -O3 execution - source compiled test
WARNING: program timed out.
FAIL: PR27908 -O3 -findirect-dispatch execution - source compiled test
=== libjava Summary for unix/-m64 ===
# of expected passes 2551
# of unexpected failures 13
# of untested testcases 13
=== libjava Summary ===
# of expected passes 5105
# of unexpected failures 24
# of untested testcases 24
=== libstdc++ tests ===
Running target unix
WARNING: program timed out.
FAIL: 23_containers/vector/bool/modifiers/insert/31370.cc execution test
FAIL: ext/enc_filebuf/char/13598.cc execution test
FAIL: ext/profile/all.cc (test for excess errors)
=== libstdc++ Summary for unix ===
# of expected passes 6324
# of unexpected failures 3
# of expected failures 90
# of unsupported tests 622
Running target unix/-m64
FAIL: ext/enc_filebuf/char/13598.cc execution test
FAIL: ext/profile/all.cc (test for excess errors)
=== libstdc++ Summary for unix/-m64 ===
# of expected passes 6325
# of unexpected failures 2
# of expected failures 90
# of unsupported tests 622
=== libstdc++ Summary ===
# of expected passes 12649
# of unexpected failures 5
# of expected failures 180
# of unsupported tests 1244
Compiler version: 4.5.0 (GCC)
Platform: sparc-sun-solaris2.8
configure flags: --prefix=/usr/tgcware/gcc45 --with-local-prefix=/usr/tgcware/gcc45 --with-gmp=/opt/csw --with-mpfr=/opt/csw --with-mpc=/opt/csw --disable-nls --enable-shared --without-gnu-ld --with-ld=/usr/ccs/bin/ld --enable-languages=c,ada,c++,fortran,java,objc,obj-c++ --without-gnu-as --with-as=/usr/ccs/bin/as --with-x --with-java-awt=xlib --with-system-zlib