This is the mail archive of the
gcc-testresults@gcc.gnu.org
mailing list for the GCC project.
Results for 4.6.0 20100530 (experimental) [trunk revision 160059] (GCC) testsuite on m68k-unknown-rtems4.10
- From: "Joel Sherrill <joel dot sherrill at OARcorp dot com>" <joel at rtems dot org>
- To: gcc-testresults at gcc dot gnu dot org
- Date: Tue, 08 Jun 2010 08:15:53 -0500
- Subject: Results for 4.6.0 20100530 (experimental) [trunk revision 160059] (GCC) testsuite on m68k-unknown-rtems4.10
LAST_UPDATED: Sun May 30 20:49:18 UTC 2010 (revision 160059)
Target is m68k-unknown-rtems4.10
Host is x86_64-unknown-linux-gnu
=== gcc tests ===
Running target rtems-m68k-uC5282
FAIL: gcc.c-torture/compile/limits-exprparen.c -O0 (internal compiler error)
FAIL: gcc.c-torture/compile/limits-exprparen.c -O0 (test for excess errors)
FAIL: gcc.c-torture/compile/limits-exprparen.c -O1 (internal compiler error)
FAIL: gcc.c-torture/compile/limits-exprparen.c -O1 (test for excess errors)
FAIL: gcc.c-torture/compile/limits-exprparen.c -O2 (internal compiler error)
FAIL: gcc.c-torture/compile/limits-exprparen.c -O2 (test for excess errors)
FAIL: gcc.c-torture/compile/limits-exprparen.c -O3 -fomit-frame-pointer (internal compiler error)
FAIL: gcc.c-torture/compile/limits-exprparen.c -O3 -fomit-frame-pointer (test for excess errors)
FAIL: gcc.c-torture/compile/limits-exprparen.c -O3 -g (internal compiler error)
FAIL: gcc.c-torture/compile/limits-exprparen.c -O3 -g (test for excess errors)
FAIL: gcc.c-torture/compile/limits-exprparen.c -Os (internal compiler error)
FAIL: gcc.c-torture/compile/limits-exprparen.c -Os (test for excess errors)
FAIL: gcc.c-torture/compile/limits-exprparen.c -O2 -flto (internal compiler error)
FAIL: gcc.c-torture/compile/limits-exprparen.c -O2 -flto (test for excess errors)
FAIL: gcc.c-torture/compile/limits-exprparen.c -O2 -fwhopr (internal compiler error)
FAIL: gcc.c-torture/compile/limits-exprparen.c -O2 -fwhopr (test for excess errors)
FAIL: gcc.c-torture/compile/pr42956.c -O1 (internal compiler error)
FAIL: gcc.c-torture/compile/pr42956.c -O1 (test for excess errors)
FAIL: gcc.c-torture/compile/pr42956.c -O2 (internal compiler error)
FAIL: gcc.c-torture/compile/pr42956.c -O2 (test for excess errors)
FAIL: gcc.c-torture/compile/pr42956.c -O3 -fomit-frame-pointer (internal compiler error)
FAIL: gcc.c-torture/compile/pr42956.c -O3 -fomit-frame-pointer (test for excess errors)
FAIL: gcc.c-torture/compile/pr42956.c -O3 -fomit-frame-pointer -funroll-loops (internal compiler error)
FAIL: gcc.c-torture/compile/pr42956.c -O3 -fomit-frame-pointer -funroll-loops (test for excess errors)
FAIL: gcc.c-torture/compile/pr42956.c -O3 -fomit-frame-pointer -funroll-all-loops -finline-functions (internal compiler error)
FAIL: gcc.c-torture/compile/pr42956.c -O3 -fomit-frame-pointer -funroll-all-loops -finline-functions (test for excess errors)
FAIL: gcc.c-torture/compile/pr42956.c -O3 -g (internal compiler error)
FAIL: gcc.c-torture/compile/pr42956.c -O3 -g (test for excess errors)
FAIL: gcc.c-torture/compile/pr42956.c -Os (internal compiler error)
FAIL: gcc.c-torture/compile/pr42956.c -Os (test for excess errors)
FAIL: gcc.c-torture/compile/pr42956.c -O2 -flto (internal compiler error)
FAIL: gcc.c-torture/compile/pr42956.c -O2 -flto (test for excess errors)
FAIL: gcc.c-torture/compile/pr42956.c -O2 -fwhopr (internal compiler error)
FAIL: gcc.c-torture/compile/pr42956.c -O2 -fwhopr (test for excess errors)
WARNING: program timed out.
WARNING: program timed out.
WARNING: program timed out.
WARNING: program timed out.
WARNING: program timed out.
WARNING: program timed out.
WARNING: program timed out.
WARNING: program timed out.
FAIL: gcc.dg/20001012-1.c (test for excess errors)
WARNING: gcc.dg/20001012-1.c compilation failed to produce executable
FAIL: gcc.dg/20001012-2.c (test for excess errors)
WARNING: gcc.dg/20001012-2.c compilation failed to produce executable
FAIL: gcc.dg/20010912-1.c (test for excess errors)
WARNING: gcc.dg/20010912-1.c compilation failed to produce executable
FAIL: gcc.dg/20021018-1.c (test for excess errors)
WARNING: gcc.dg/20021018-1.c compilation failed to produce executable
FAIL: gcc.dg/20030213-1.c (test for excess errors)
FAIL: gcc.dg/20030225-1.c (test for excess errors)
WARNING: gcc.dg/20030225-1.c compilation failed to produce executable
FAIL: gcc.dg/20030708-1.c (test for excess errors)
FAIL: gcc.dg/20050321-2.c (test for excess errors)
FAIL: gcc.dg/20070507-1.c (test for excess errors)
WARNING: gcc.dg/20070507-1.c compilation failed to produce executable
FAIL: gcc.dg/980523-1.c (test for excess errors)
WARNING: gcc.dg/980523-1.c compilation failed to produce executable
FAIL: gcc.dg/initpri1.c (test for excess errors)
WARNING: gcc.dg/initpri1.c compilation failed to produce executable
FAIL: gcc.dg/pr27758.c (test for excess errors)
WARNING: gcc.dg/pr27758.c compilation failed to produce executable
FAIL: gcc.dg/pr28796-2.c execution test
FAIL: gcc.dg/pr34668-1.c (internal compiler error)
FAIL: gcc.dg/pr34668-1.c (test for excess errors)
FAIL: gcc.dg/pr42427.c (test for excess errors)
FAIL: gcc.dg/pr42629.c (internal compiler error)
FAIL: gcc.dg/pr42629.c (test for excess errors)
WARNING: program timed out.
FAIL: gcc.dg/pr43058.c (test for excess errors)
FAIL: gcc.dg/uninit-pred-7_a.c bogus warning (test for bogus messages, line 26)
FAIL: gcc.dg/uninit-pred-8_a.c bogus warning (test for bogus messages, line 26)
FAIL: gcc.dg/uninit-pred-9_b.c bogus warning (test for bogus messages, line 24)
FAIL: gcc.dg/lto/20090126-1 c_lto_20090126-1_0.o-c_lto_20090126-1_0.o link, (internal compiler error)
UNRESOLVED: gcc.dg/lto/20090126-1 c_lto_20090126-1_0.o-c_lto_20090126-1_0.o execute -O0 -fwhopr
FAIL: gcc.dg/lto/20090210 c_lto_20090210_0.o-c_lto_20090210_1.o link
UNRESOLVED: gcc.dg/lto/20090210 c_lto_20090210_0.o-c_lto_20090210_1.o execute -O0 -fwhopr
FAIL: gcc.dg/lto/20090210 c_lto_20090210_0.o-c_lto_20090210_1.o link
UNRESOLVED: gcc.dg/lto/20090210 c_lto_20090210_0.o-c_lto_20090210_1.o execute -O2 -fwhopr
FAIL: gcc.dg/lto/20090210 c_lto_20090210_0.o-c_lto_20090210_1.o link
UNRESOLVED: gcc.dg/lto/20090210 c_lto_20090210_0.o-c_lto_20090210_1.o execute -O0 -flto
FAIL: gcc.dg/lto/20090210 c_lto_20090210_0.o-c_lto_20090210_1.o link
UNRESOLVED: gcc.dg/lto/20090210 c_lto_20090210_0.o-c_lto_20090210_1.o execute -O2 -flto
FAIL: gcc.dg/lto/20090313 c_lto_20090313_0.o-c_lto_20090313_0.o link
UNRESOLVED: gcc.dg/lto/20090313 c_lto_20090313_0.o-c_lto_20090313_0.o execute -O0 -fwhopr
FAIL: gcc.dg/lto/20090313 c_lto_20090313_0.o-c_lto_20090313_0.o link
UNRESOLVED: gcc.dg/lto/20090313 c_lto_20090313_0.o-c_lto_20090313_0.o execute -O2 -fwhopr
FAIL: gcc.dg/lto/20090313 c_lto_20090313_0.o-c_lto_20090313_0.o link
UNRESOLVED: gcc.dg/lto/20090313 c_lto_20090313_0.o-c_lto_20090313_0.o execute -O0 -flto
FAIL: gcc.dg/lto/20090313 c_lto_20090313_0.o-c_lto_20090313_0.o link
UNRESOLVED: gcc.dg/lto/20090313 c_lto_20090313_0.o-c_lto_20090313_0.o execute -O2 -flto
FAIL: gcc.dg/lto/20100518 c_lto_20100518_0.o assemble, -O0 -fwhopr
UNRESOLVED: gcc.dg/lto/20100518 c_lto_20100518_0.o-c_lto_20100518_0.o link -O0 -fwhopr
UNRESOLVED: gcc.dg/lto/20100518 c_lto_20100518_0.o-c_lto_20100518_0.o execute -O0 -fwhopr
FAIL: gcc.dg/lto/20100518 c_lto_20100518_0.o assemble, -O2 -fwhopr
UNRESOLVED: gcc.dg/lto/20100518 c_lto_20100518_0.o-c_lto_20100518_0.o link -O2 -fwhopr
UNRESOLVED: gcc.dg/lto/20100518 c_lto_20100518_0.o-c_lto_20100518_0.o execute -O2 -fwhopr
FAIL: gcc.dg/lto/20100518 c_lto_20100518_0.o assemble, -O0 -flto
UNRESOLVED: gcc.dg/lto/20100518 c_lto_20100518_0.o-c_lto_20100518_0.o link -O0 -flto
UNRESOLVED: gcc.dg/lto/20100518 c_lto_20100518_0.o-c_lto_20100518_0.o execute -O0 -flto
FAIL: gcc.dg/lto/20100518 c_lto_20100518_0.o assemble, -O2 -flto
UNRESOLVED: gcc.dg/lto/20100518 c_lto_20100518_0.o-c_lto_20100518_0.o link -O2 -flto
UNRESOLVED: gcc.dg/lto/20100518 c_lto_20100518_0.o-c_lto_20100518_0.o execute -O2 -flto
FAIL: gcc.dg/torture/type-generic-1.c -O0 execution test
FAIL: gcc.dg/torture/type-generic-1.c -O1 execution test
FAIL: gcc.dg/torture/type-generic-1.c -O2 execution test
FAIL: gcc.dg/torture/type-generic-1.c -O3 -fomit-frame-pointer execution test
FAIL: gcc.dg/torture/type-generic-1.c -O3 -g execution test
FAIL: gcc.dg/torture/type-generic-1.c -Os execution test
FAIL: gcc.dg/torture/type-generic-1.c -O2 -flto execution test
FAIL: gcc.dg/torture/type-generic-1.c -O2 -fwhopr execution test
FAIL: gcc.dg/tree-ssa/loadpre6.c scan-tree-dump-times pre "Eliminated: 2" 1
FAIL: gcc.dg/tree-ssa/vrp47.c scan-tree-dump-times vrp1 "[xy][^ ]* !=" 0
FAIL: gcc.dg/tree-ssa/vrp47.c scan-tree-dump-times dom1 "x[^ ]* & y" 1
FAIL: gcc.dg/tree-ssa/vrp47.c scan-tree-dump-times vrp1 "x[^ ]* [|] y" 1
=== gcc Summary ===
# of expected passes 63047
# of unexpected failures 81
# of expected failures 80
# of unresolved testcases 17
# of unsupported tests 820
/users/joel/test-gcc/b-gcc1-m68k/gcc/xgcc version 4.6.0 20100530 (experimental) [trunk revision 160059] (GCC)
Host is x86_64-unknown-linux-gnu
=== g++ tests ===
Running target rtems-m68k-uC5282
FAIL: g++.dg/compat/eh/ctor1 cp_compat_x_tst.o-cp_compat_y_tst.o execute
FAIL: g++.dg/compat/eh/ctor2 cp_compat_x_tst.o-cp_compat_y_tst.o execute
FAIL: g++.dg/compat/eh/dtor1 cp_compat_x_tst.o-cp_compat_y_tst.o execute
FAIL: g++.dg/compat/eh/filter1 cp_compat_x_tst.o-cp_compat_y_tst.o execute
FAIL: g++.dg/compat/eh/filter2 cp_compat_x_tst.o-cp_compat_y_tst.o execute
FAIL: g++.dg/compat/eh/new1 cp_compat_x_tst.o-cp_compat_y_tst.o execute
FAIL: g++.dg/compat/eh/nrv1 cp_compat_x_tst.o-cp_compat_y_tst.o execute
FAIL: g++.dg/compat/eh/spec3 cp_compat_x_tst.o-cp_compat_y_tst.o execute
FAIL: g++.dg/compat/eh/template1 cp_compat_x_tst.o-cp_compat_y_tst.o execute
FAIL: g++.dg/compat/eh/unexpected1 cp_compat_x_tst.o-cp_compat_y_tst.o execute
FAIL: g++.dg/compat/init/array5 cp_compat_x_tst.o-cp_compat_y_tst.o execute
FAIL: g++.dg/compat/init/byval1 cp_compat_x_tst.o-cp_compat_y_tst.o execute
FAIL: g++.dg/compat/init/dtor1 cp_compat_x_tst.o-cp_compat_y_tst.o execute
FAIL: g++.dg/compat/init/elide1 cp_compat_x_tst.o-cp_compat_y_tst.o execute
FAIL: g++.dg/compat/init/init-ref2 cp_compat_x_tst.o-cp_compat_y_tst.o execute
FAIL: g++.dg/abi/covariant3.C execution test
FAIL: g++.dg/abi/covariant4.C execution test
FAIL: g++.dg/abi/local1.C execution test
FAIL: g++.dg/cpp0x/auto2.C execution test
FAIL: g++.dg/cpp0x/initlist18.C execution test
FAIL: g++.dg/cpp0x/initlist25.C execution test
FAIL: g++.dg/cpp0x/lambda/lambda-recursive.C execution test
FAIL: g++.dg/cpp0x/lambda/lambda-std-function.C execution test
FAIL: g++.dg/cpp0x/nullptr21.C execution test
FAIL: g++.dg/cpp0x/rvo.C execution test
FAIL: g++.dg/cpp0x/variadic-function.C execution test
FAIL: g++.dg/cpp0x/variadic-tuple.C execution test
FAIL: g++.dg/cpp0x/variadic73.C execution test
FAIL: g++.dg/eh/alias1.C execution test
FAIL: g++.dg/eh/cond1.C execution test
FAIL: g++.dg/eh/cond4.C execution test
FAIL: g++.dg/eh/crossjump1.C execution test
FAIL: g++.dg/eh/ctor1.C execution test
FAIL: g++.dg/eh/ctor2.C execution test
FAIL: g++.dg/eh/delayslot1.C execution test
FAIL: g++.dg/eh/dtor1.C execution test
FAIL: g++.dg/eh/ehopt1.C execution test
FAIL: g++.dg/eh/elide1.C execution test
FAIL: g++.dg/eh/elide2.C execution test
FAIL: g++.dg/eh/filter1.C execution test
FAIL: g++.dg/eh/filter2.C execution test
FAIL: g++.dg/eh/forced1.C execution test
FAIL: g++.dg/eh/forced2.C execution test
FAIL: g++.dg/eh/forced3.C execution test
FAIL: g++.dg/eh/forced4.C execution test
FAIL: g++.dg/eh/fp-regs.C execution test
FAIL: g++.dg/eh/ia64-2.C execution test
FAIL: g++.dg/eh/init-temp1.C execution test
FAIL: g++.dg/eh/loop1.C execution test
FAIL: g++.dg/eh/loop2.C execution test
FAIL: g++.dg/eh/new1.C execution test
FAIL: g++.dg/eh/omit-frame-pointer.C execution test
FAIL: g++.dg/eh/omit-frame-pointer2.C execution test
FAIL: g++.dg/eh/pr29166.C execution test
FAIL: g++.dg/eh/registers1.C execution test
FAIL: g++.dg/eh/scope1.C execution test
FAIL: g++.dg/eh/simd-1.C execution test
FAIL: g++.dg/eh/simd-2.C (test for excess errors)
WARNING: g++.dg/eh/simd-2.C compilation failed to produce executable
FAIL: g++.dg/eh/simd-3.C execution test
FAIL: g++.dg/eh/spbp.C execution test
FAIL: g++.dg/eh/spec10.C execution test
FAIL: g++.dg/eh/spec3.C execution test
FAIL: g++.dg/eh/spec7.C execution test
FAIL: g++.dg/eh/spec9.C execution test
FAIL: g++.dg/eh/synth2.C execution test
FAIL: g++.dg/eh/template1.C execution test
FAIL: g++.dg/eh/uncaught1.C execution test
FAIL: g++.dg/eh/unexpected1.C execution test
FAIL: g++.dg/eh/weak1.C execution test
FAIL: g++.dg/expr/pr29066.C execution test
FAIL: g++.dg/ext/cleanup-5.C execution test
FAIL: g++.dg/ext/label3.C execution test
FAIL: g++.dg/ext/pretty2.C execution test
FAIL: g++.dg/ext/stmtexpr1.C execution test
FAIL: g++.dg/ext/stmtexpr2.C execution test
FAIL: g++.dg/inherit/covariant1.C execution test
FAIL: g++.dg/inherit/covariant4.C execution test
FAIL: g++.dg/inherit/thunk10.C execution test
FAIL: g++.dg/init/array12.C execution test
FAIL: g++.dg/init/array16.C execution test
FAIL: g++.dg/init/array5.C execution test
FAIL: g++.dg/init/ctor1.C execution test
FAIL: g++.dg/init/ctor2.C execution test
FAIL: g++.dg/init/delete2.C execution test
FAIL: g++.dg/init/dtor1.C execution test
FAIL: g++.dg/init/init-ref2.C execution test
FAIL: g++.dg/init/new11.C execution test
FAIL: g++.dg/init/new23.C execution test
FAIL: g++.dg/init/new28.C execution test
FAIL: g++.dg/init/new29.C execution test
FAIL: g++.dg/init/new5.C execution test
FAIL: g++.dg/init/placement2.C execution test
FAIL: g++.dg/init/ref9.C execution test
FAIL: g++.dg/init/value3.C execution test
FAIL: g++.dg/init/vector1.C execution test
FAIL: g++.dg/opt/alias4.C execution test
FAIL: g++.dg/opt/anchor1.C execution test
FAIL: g++.dg/opt/cleanup1.C execution test
FAIL: g++.dg/opt/const1.C execution test
FAIL: g++.dg/opt/eh2.C execution test
FAIL: g++.dg/opt/eh3.C execution test
FAIL: g++.dg/opt/eh4.C execution test
FAIL: g++.dg/opt/enum2.C (test for excess errors)
WARNING: g++.dg/opt/enum2.C compilation failed to produce executable
FAIL: g++.dg/opt/nrv10.C execution test
FAIL: g++.dg/opt/pr15054-2.C execution test
FAIL: g++.dg/opt/pr15054.C execution test
FAIL: g++.dg/opt/pr15551.C execution test
FAIL: g++.dg/opt/pr22167.C execution test
FAIL: g++.dg/opt/pr23299.C execution test
FAIL: g++.dg/opt/pr23478.C execution test
FAIL: g++.dg/opt/pr36185.C execution test
FAIL: g++.dg/opt/pr36449.C execution test
FAIL: g++.dg/opt/pr42508.C execution test
FAIL: g++.dg/opt/preinc1.C execution test
FAIL: g++.dg/opt/reg-stack.C execution test
FAIL: g++.dg/opt/stack1.C execution test
FAIL: g++.dg/opt/static5.C execution test
FAIL: g++.dg/opt/thunk1.C execution test
FAIL: g++.dg/opt/thunk2.C execution test
FAIL: g++.dg/opt/tmp1.C execution test
FAIL: g++.dg/opt/unroll1.C execution test
FAIL: g++.dg/other/array4.C execution test
FAIL: g++.dg/rtti/dyncast2.C execution test
FAIL: g++.dg/rtti/dyncast3.C execution test
FAIL: g++.dg/rtti/dyncast4.C execution test
FAIL: g++.dg/rtti/typeid4.C execution test
FAIL: g++.dg/tc1/dr193.C execution test
FAIL: g++.dg/tc1/dr20.C execution test
FAIL: g++.dg/template/friend10.C execution test
FAIL: g++.dg/template/new1.C execution test
FAIL: g++.dg/template/overload7.C execution test
FAIL: g++.dg/tree-ssa/20040317-1.C execution test
FAIL: g++.dg/tree-ssa/pr19786.C execution test
FAIL: g++.dg/tree-ssa/pr20458.C execution test
FAIL: g++.dg/tree-ssa/pr21407.C execution test
FAIL: g++.dg/tree-ssa/pr41186.C scan-tree-dump fre "Replaced b1.b with 1"
FAIL: g++.dg/lto/20080904 cp_lto_20080904_0.o-cp_lto_20080904_0.o execute -O0 -fwhopr
FAIL: g++.dg/lto/20080904 cp_lto_20080904_0.o-cp_lto_20080904_0.o execute -O2 -fwhopr
FAIL: g++.dg/lto/20080904 cp_lto_20080904_0.o-cp_lto_20080904_0.o execute -O0 -flto
FAIL: g++.dg/lto/20080904 cp_lto_20080904_0.o-cp_lto_20080904_0.o execute -O2 -flto
FAIL: g++.dg/lto/20081109 cp_lto_20081109_0.o-cp_lto_20081109_1.o execute -O0 -fwhopr
FAIL: g++.dg/lto/20081109 cp_lto_20081109_0.o-cp_lto_20081109_1.o execute -O2 -fwhopr
FAIL: g++.dg/lto/20081109 cp_lto_20081109_0.o-cp_lto_20081109_1.o execute -O0 -flto
FAIL: g++.dg/lto/20081109 cp_lto_20081109_0.o-cp_lto_20081109_1.o execute -O2 -flto
FAIL: g++.dg/lto/20081211-1 cp_lto_20081211-1_0.o-cp_lto_20081211-1_1.o execute -O0 -fwhopr
FAIL: g++.dg/lto/20081211-1 cp_lto_20081211-1_0.o-cp_lto_20081211-1_1.o execute -O2 -fwhopr
FAIL: g++.dg/lto/20081211-1 cp_lto_20081211-1_0.o-cp_lto_20081211-1_1.o execute -O0 -flto
FAIL: g++.dg/lto/20081211-1 cp_lto_20081211-1_0.o-cp_lto_20081211-1_1.o execute -O2 -flto
FAIL: g++.dg/lto/20090303 cp_lto_20090303_0.o-cp_lto_20090303_0.o link
UNRESOLVED: g++.dg/lto/20090303 cp_lto_20090303_0.o-cp_lto_20090303_0.o execute -fwhopr
FAIL: g++.dg/lto/20091004-1 cp_lto_20091004-1_0.o-cp_lto_20091004-1_1.o link
UNRESOLVED: g++.dg/lto/20091004-1 cp_lto_20091004-1_0.o-cp_lto_20091004-1_1.o execute -fPIC -O -flto
FAIL: g++.dg/lto/20091004-2 cp_lto_20091004-2_0.o-cp_lto_20091004-2_1.o link
UNRESOLVED: g++.dg/lto/20091004-2 cp_lto_20091004-2_0.o-cp_lto_20091004-2_1.o execute -fPIC -O -flto
FAIL: g++.dg/lto/20091219 cp_lto_20091219_0.o-cp_lto_20091219_0.o execute -O3 -flto
FAIL: g++.dg/special/conpr-1.C (test for excess errors)
WARNING: g++.dg/special/conpr-1.C compilation failed to produce executable
FAIL: g++.dg/special/conpr-2.C (test for excess errors)
WARNING: g++.dg/special/conpr-2.C compilation failed to produce executable
FAIL: g++.dg/special/conpr-3.C (test for excess errors)
WARNING: g++.dg/special/conpr-3.C compilation failed to produce executable
FAIL: g++.dg/special/conpr-4.C (test for excess errors)
WARNING: g++.dg/special/conpr-4.C compilation failed to produce executable
FAIL: g++.dg/special/initp1.C (test for excess errors)
WARNING: g++.dg/special/initp1.C compilation failed to produce executable
FAIL: g++.dg/special/initpri1.C (test for excess errors)
WARNING: g++.dg/special/initpri1.C compilation failed to produce executable
FAIL: g++.dg/torture/pr30252.C -O0 execution test
FAIL: g++.dg/torture/pr30252.C -O1 execution test
FAIL: g++.dg/torture/pr30252.C -O2 execution test
FAIL: g++.dg/torture/pr30252.C -O3 -fomit-frame-pointer execution test
FAIL: g++.dg/torture/pr30252.C -O3 -g execution test
FAIL: g++.dg/torture/pr30252.C -Os execution test
FAIL: g++.dg/torture/pr30252.C -O2 -flto execution test
FAIL: g++.dg/torture/pr30252.C -O2 -fwhopr execution test
FAIL: g++.dg/torture/pr33572.C -O0 execution test
FAIL: g++.dg/torture/pr33572.C -O1 execution test
FAIL: g++.dg/torture/pr33572.C -O2 execution test
FAIL: g++.dg/torture/pr33572.C -O3 -fomit-frame-pointer execution test
FAIL: g++.dg/torture/pr33572.C -O3 -g execution test
FAIL: g++.dg/torture/pr33572.C -Os execution test
FAIL: g++.dg/torture/pr33572.C -O2 -flto execution test
FAIL: g++.dg/torture/pr33572.C -O2 -fwhopr execution test
FAIL: g++.dg/torture/pr37922.C -O0 (test for excess errors)
WARNING: g++.dg/torture/pr37922.C -O0 compilation failed to produce executable
FAIL: g++.dg/torture/pr37922.C -O1 (test for excess errors)
WARNING: g++.dg/torture/pr37922.C -O1 compilation failed to produce executable
FAIL: g++.dg/torture/pr37922.C -O2 (test for excess errors)
WARNING: g++.dg/torture/pr37922.C -O2 compilation failed to produce executable
FAIL: g++.dg/torture/pr37922.C -O3 -fomit-frame-pointer (test for excess errors)
WARNING: g++.dg/torture/pr37922.C -O3 -fomit-frame-pointer compilation failed to produce executable
FAIL: g++.dg/torture/pr37922.C -O3 -fomit-frame-pointer -funroll-loops (test for excess errors)
WARNING: g++.dg/torture/pr37922.C -O3 -fomit-frame-pointer -funroll-loops compilation failed to produce executable
FAIL: g++.dg/torture/pr37922.C -O3 -fomit-frame-pointer -funroll-all-loops -finline-functions (test for excess errors)
WARNING: g++.dg/torture/pr37922.C -O3 -fomit-frame-pointer -funroll-all-loops -finline-functions compilation failed to produce executable
FAIL: g++.dg/torture/pr37922.C -O3 -g (test for excess errors)
WARNING: g++.dg/torture/pr37922.C -O3 -g compilation failed to produce executable
FAIL: g++.dg/torture/pr37922.C -Os (test for excess errors)
WARNING: g++.dg/torture/pr37922.C -Os compilation failed to produce executable
FAIL: g++.dg/torture/pr37922.C -O2 -flto (test for excess errors)
WARNING: g++.dg/torture/pr37922.C -O2 -flto compilation failed to produce executable
FAIL: g++.dg/torture/pr37922.C -O2 -fwhopr (test for excess errors)
WARNING: g++.dg/torture/pr37922.C -O2 -fwhopr compilation failed to produce executable
FAIL: g++.dg/torture/pr39417.C -O0 execution test
FAIL: g++.dg/torture/pr39417.C -O1 execution test
FAIL: g++.dg/torture/pr39417.C -O2 execution test
FAIL: g++.dg/torture/pr39417.C -O3 -fomit-frame-pointer execution test
FAIL: g++.dg/torture/pr39417.C -O3 -fomit-frame-pointer -funroll-loops execution test
FAIL: g++.dg/torture/pr39417.C -O3 -fomit-frame-pointer -funroll-all-loops -finline-functions execution test
FAIL: g++.dg/torture/pr39417.C -O3 -g execution test
FAIL: g++.dg/torture/pr39417.C -Os execution test
FAIL: g++.dg/torture/pr39417.C -O2 -flto execution test
FAIL: g++.dg/torture/pr39417.C -O2 -fwhopr execution test
FAIL: g++.dg/torture/pr40389.C -O0 execution test
FAIL: g++.dg/torture/pr40389.C -O1 execution test
FAIL: g++.dg/torture/pr40389.C -O2 execution test
FAIL: g++.dg/torture/pr40389.C -O3 -fomit-frame-pointer execution test
FAIL: g++.dg/torture/pr40389.C -O3 -g execution test
FAIL: g++.dg/torture/pr40389.C -Os execution test
FAIL: g++.dg/torture/pr40389.C -O2 -flto execution test
FAIL: g++.dg/torture/pr40389.C -O2 -fwhopr execution test
FAIL: g++.dg/torture/type-generic-1.C -O0 execution test
FAIL: g++.dg/torture/type-generic-1.C -O1 execution test
FAIL: g++.dg/torture/type-generic-1.C -O2 execution test
FAIL: g++.dg/torture/type-generic-1.C -O3 -fomit-frame-pointer execution test
FAIL: g++.dg/torture/type-generic-1.C -O3 -g execution test
FAIL: g++.dg/torture/type-generic-1.C -Os execution test
FAIL: g++.dg/torture/type-generic-1.C -O2 -flto execution test
FAIL: g++.dg/torture/type-generic-1.C -O2 -fwhopr execution test
FAIL: g++.old-deja/g++.abi/cxa_vec.C execution test
FAIL: g++.old-deja/g++.abi/ptrflags.C execution test
FAIL: g++.old-deja/g++.abi/vbase1.C execution test
FAIL: g++.old-deja/g++.abi/vbase2.C execution test
FAIL: g++.old-deja/g++.abi/vmihint.C execution test
FAIL: g++.old-deja/g++.abi/vtable3a.C execution test
FAIL: g++.old-deja/g++.abi/vtable3b.C execution test
FAIL: g++.old-deja/g++.abi/vtable3c.C execution test
FAIL: g++.old-deja/g++.abi/vtable3d.C execution test
FAIL: g++.old-deja/g++.abi/vtable3e.C execution test
FAIL: g++.old-deja/g++.abi/vtable3f.C execution test
FAIL: g++.old-deja/g++.abi/vtable3g.C execution test
FAIL: g++.old-deja/g++.abi/vtable3h.C execution test
FAIL: g++.old-deja/g++.abi/vtable3i.C execution test
FAIL: g++.old-deja/g++.abi/vtable3j.C execution test
FAIL: g++.old-deja/g++.benjamin/15071.C execution test
FAIL: g++.old-deja/g++.brendan/copy2.C execution test
FAIL: g++.old-deja/g++.brendan/copy3.C execution test
FAIL: g++.old-deja/g++.brendan/copy4.C execution test
FAIL: g++.old-deja/g++.brendan/copy8.C execution test
FAIL: g++.old-deja/g++.brendan/copy9.C execution test
FAIL: g++.old-deja/g++.brendan/dtors2.C execution test
FAIL: g++.old-deja/g++.brendan/dtors3.C execution test
FAIL: g++.old-deja/g++.brendan/eh1.C execution test
FAIL: g++.old-deja/g++.brendan/groff1.C execution test
FAIL: g++.old-deja/g++.brendan/nest21.C execution test
FAIL: g++.old-deja/g++.brendan/new3.C execution test
FAIL: g++.old-deja/g++.brendan/ptolemy2.C execution test
FAIL: g++.old-deja/g++.brendan/vtables1.C execution test
FAIL: g++.old-deja/g++.bugs/900321_02.C execution test
FAIL: g++.old-deja/g++.bugs/900520_04.C execution test
FAIL: g++.old-deja/g++.bugs/900520_05.C execution test
FAIL: g++.old-deja/g++.eh/badalloc1.C execution test
FAIL: g++.old-deja/g++.eh/catch11.C execution test
FAIL: g++.old-deja/g++.eh/catch12.C execution test
FAIL: g++.old-deja/g++.eh/catch3.C execution test
FAIL: g++.old-deja/g++.eh/catch3p.C execution test
FAIL: g++.old-deja/g++.eh/catch4.C execution test
FAIL: g++.old-deja/g++.eh/catch4p.C execution test
FAIL: g++.old-deja/g++.eh/catch5.C execution test
FAIL: g++.old-deja/g++.eh/catch5p.C execution test
FAIL: g++.old-deja/g++.eh/catch6.C execution test
FAIL: g++.old-deja/g++.eh/catch6p.C execution test
FAIL: g++.old-deja/g++.eh/catch7.C execution test
FAIL: g++.old-deja/g++.eh/catch7p.C execution test
FAIL: g++.old-deja/g++.eh/catch8.C execution test
FAIL: g++.old-deja/g++.eh/catch8p.C execution test
FAIL: g++.old-deja/g++.eh/catch9.C execution test
FAIL: g++.old-deja/g++.eh/catch9p.C execution test
FAIL: g++.old-deja/g++.eh/catchptr1.C execution test
FAIL: g++.old-deja/g++.eh/cleanup1.C execution test
FAIL: g++.old-deja/g++.eh/cleanup2.C execution test
FAIL: g++.old-deja/g++.eh/flow1.C execution test
FAIL: g++.old-deja/g++.eh/fntry1.C execution test
FAIL: g++.old-deja/g++.eh/ia64-1.C execution test
FAIL: g++.old-deja/g++.eh/inline2.C execution test
FAIL: g++.old-deja/g++.eh/new1.C execution test
FAIL: g++.old-deja/g++.eh/new2.C execution test
FAIL: g++.old-deja/g++.eh/pdel1.C execution test
FAIL: g++.old-deja/g++.eh/pdel2.C execution test
FAIL: g++.old-deja/g++.eh/ptr1.C execution test
FAIL: g++.old-deja/g++.eh/ptrmem1.C execution test
FAIL: g++.old-deja/g++.eh/rethrow1.C execution test
FAIL: g++.old-deja/g++.eh/rethrow2.C execution test
FAIL: g++.old-deja/g++.eh/rethrow3.C execution test
FAIL: g++.old-deja/g++.eh/rethrow4.C execution test
FAIL: g++.old-deja/g++.eh/rethrow5.C execution test
FAIL: g++.old-deja/g++.eh/rethrow6.C execution test
FAIL: g++.old-deja/g++.eh/spec1.C execution test
FAIL: g++.old-deja/g++.eh/spec2.C execution test
FAIL: g++.old-deja/g++.eh/spec3.C execution test
FAIL: g++.old-deja/g++.eh/spec4.C execution test
FAIL: g++.old-deja/g++.eh/terminate1.C execution test
FAIL: g++.old-deja/g++.eh/terminate2.C execution test
FAIL: g++.old-deja/g++.eh/tmpl1.C execution test
FAIL: g++.old-deja/g++.eh/unwind1.C execution test
FAIL: g++.old-deja/g++.eh/vbase1.C execution test
FAIL: g++.old-deja/g++.eh/vbase2.C execution test
FAIL: g++.old-deja/g++.eh/vbase4.C execution test
FAIL: g++.old-deja/g++.ext/pretty2.C execution test
FAIL: g++.old-deja/g++.jason/2371.C execution test
FAIL: g++.old-deja/g++.jason/dcast3.C execution test
FAIL: g++.old-deja/g++.jason/dtor5.C execution test
FAIL: g++.old-deja/g++.jason/init3.C execution test
FAIL: g++.old-deja/g++.jason/inline3.C execution test
FAIL: g++.old-deja/g++.jason/mi.C execution test
FAIL: g++.old-deja/g++.jason/new2.C execution test
FAIL: g++.old-deja/g++.jason/new4.C execution test
FAIL: g++.old-deja/g++.jason/new5.C execution test
FAIL: g++.old-deja/g++.jason/parse12.C execution test
FAIL: g++.old-deja/g++.jason/pmf7.C execution test
FAIL: g++.old-deja/g++.jason/ref10.C execution test
FAIL: g++.old-deja/g++.jason/ref11.C execution test
FAIL: g++.old-deja/g++.jason/ref9.C execution test
FAIL: g++.old-deja/g++.jason/rvalue1.C execution test
FAIL: g++.old-deja/g++.jason/static1.C execution test
FAIL: g++.old-deja/g++.jason/synth5.C execution test
FAIL: g++.old-deja/g++.jason/synth7.C execution test
FAIL: g++.old-deja/g++.jason/template24.C execution test
FAIL: g++.old-deja/g++.jason/template31.C execution test
FAIL: g++.old-deja/g++.jason/template40.C execution test
FAIL: g++.old-deja/g++.jason/thunk1.C execution test
FAIL: g++.old-deja/g++.jason/thunk2.C (test for excess errors)
WARNING: g++.old-deja/g++.jason/thunk2.C compilation failed to produce executable
FAIL: g++.old-deja/g++.jason/thunk3.C execution test
FAIL: g++.old-deja/g++.jason/vecdel.C execution test
FAIL: g++.old-deja/g++.jason/virtual2.C execution test
FAIL: g++.old-deja/g++.law/arg8.C execution test
FAIL: g++.old-deja/g++.law/arm7.C execution test
FAIL: g++.old-deja/g++.law/array1.C execution test
FAIL: g++.old-deja/g++.law/code-gen5.C execution test
FAIL: g++.old-deja/g++.law/copy1.C execution test
FAIL: g++.old-deja/g++.law/ctors12.C execution test
FAIL: g++.old-deja/g++.law/ctors15.C execution test
FAIL: g++.old-deja/g++.law/ctors8.C execution test
FAIL: g++.old-deja/g++.law/cvt2.C execution test
FAIL: g++.old-deja/g++.law/cvt4.C execution test
FAIL: g++.old-deja/g++.law/dtors2.C execution test
FAIL: g++.old-deja/g++.law/dtors3.C execution test
FAIL: g++.old-deja/g++.law/dtors4.C execution test
FAIL: g++.old-deja/g++.law/operators15.C execution test
FAIL: g++.old-deja/g++.law/operators23.C execution test
FAIL: g++.old-deja/g++.law/operators27.C execution test
FAIL: g++.old-deja/g++.law/operators8.C execution test
FAIL: g++.old-deja/g++.law/scope2.C execution test
FAIL: g++.old-deja/g++.law/temps4.C execution test
FAIL: g++.old-deja/g++.law/virtual3.C execution test
FAIL: g++.old-deja/g++.law/virtual4.C execution test
FAIL: g++.old-deja/g++.martin/eval1.C execution test
FAIL: g++.old-deja/g++.martin/new1.C execution test
FAIL: g++.old-deja/g++.martin/pmf1.C execution test
FAIL: g++.old-deja/g++.mike/align1.C execution test
FAIL: g++.old-deja/g++.mike/dyncast1.C execution test
FAIL: g++.old-deja/g++.mike/dyncast2.C execution test
FAIL: g++.old-deja/g++.mike/dyncast3.C execution test
FAIL: g++.old-deja/g++.mike/dyncast5.C execution test
FAIL: g++.old-deja/g++.mike/dyncast7.C execution test
FAIL: g++.old-deja/g++.mike/dyncast8.C execution test
FAIL: g++.old-deja/g++.mike/dyncast9.C execution test
FAIL: g++.old-deja/g++.mike/eh10.C execution test
FAIL: g++.old-deja/g++.mike/eh12.C execution test
FAIL: g++.old-deja/g++.mike/eh14.C execution test
FAIL: g++.old-deja/g++.mike/eh16.C execution test
FAIL: g++.old-deja/g++.mike/eh17.C execution test
FAIL: g++.old-deja/g++.mike/eh18.C execution test
FAIL: g++.old-deja/g++.mike/eh2.C execution test
FAIL: g++.old-deja/g++.mike/eh21.C execution test
FAIL: g++.old-deja/g++.mike/eh23.C execution test
FAIL: g++.old-deja/g++.mike/eh24.C execution test
FAIL: g++.old-deja/g++.mike/eh25.C execution test
FAIL: g++.old-deja/g++.mike/eh26.C execution test
FAIL: g++.old-deja/g++.mike/eh27.C execution test
FAIL: g++.old-deja/g++.mike/eh28.C execution test
FAIL: g++.old-deja/g++.mike/eh29.C execution test
FAIL: g++.old-deja/g++.mike/eh3.C execution test
FAIL: g++.old-deja/g++.mike/eh31.C execution test
FAIL: g++.old-deja/g++.mike/eh33.C execution test
FAIL: g++.old-deja/g++.mike/eh34.C execution test
FAIL: g++.old-deja/g++.mike/eh35.C execution test
FAIL: g++.old-deja/g++.mike/eh36.C execution test
FAIL: g++.old-deja/g++.mike/eh37.C execution test
FAIL: g++.old-deja/g++.mike/eh38.C execution test
FAIL: g++.old-deja/g++.mike/eh39.C execution test
FAIL: g++.old-deja/g++.mike/eh40.C execution test
FAIL: g++.old-deja/g++.mike/eh41.C execution test
FAIL: g++.old-deja/g++.mike/eh42.C execution test
FAIL: g++.old-deja/g++.mike/eh44.C execution test
FAIL: g++.old-deja/g++.mike/eh47.C execution test
FAIL: g++.old-deja/g++.mike/eh48.C execution test
FAIL: g++.old-deja/g++.mike/eh49.C execution test
FAIL: g++.old-deja/g++.mike/eh5.C execution test
FAIL: g++.old-deja/g++.mike/eh50.C execution test
FAIL: g++.old-deja/g++.mike/eh51.C execution test
FAIL: g++.old-deja/g++.mike/eh55.C execution test
FAIL: g++.old-deja/g++.mike/eh6.C execution test
FAIL: g++.old-deja/g++.mike/eh8.C execution test
FAIL: g++.old-deja/g++.mike/init1.C execution test
FAIL: g++.old-deja/g++.mike/leak1.C execution test
FAIL: g++.old-deja/g++.mike/mi1.C execution test
FAIL: g++.old-deja/g++.mike/misc14.C execution test
FAIL: g++.old-deja/g++.mike/net15.C execution test
FAIL: g++.old-deja/g++.mike/net16.C execution test
FAIL: g++.old-deja/g++.mike/net21.C execution test
FAIL: g++.old-deja/g++.mike/net34.C execution test
FAIL: g++.old-deja/g++.mike/net40.C execution test
FAIL: g++.old-deja/g++.mike/net46.C execution test
FAIL: g++.old-deja/g++.mike/offset1.C execution test
FAIL: g++.old-deja/g++.mike/p11667.C execution test
FAIL: g++.old-deja/g++.mike/p1248.C execution test
FAIL: g++.old-deja/g++.mike/p1567.C execution test
FAIL: g++.old-deja/g++.mike/p16146.C execution test
FAIL: g++.old-deja/g++.mike/p1862.C execution test
FAIL: g++.old-deja/g++.mike/p2736.C execution test
FAIL: g++.old-deja/g++.mike/p2846.C execution test
FAIL: g++.old-deja/g++.mike/p3041.C execution test
FAIL: g++.old-deja/g++.mike/p3068.C execution test
FAIL: g++.old-deja/g++.mike/p3139.C execution test
FAIL: g++.old-deja/g++.mike/p3579.C execution test
FAIL: g++.old-deja/g++.mike/p3708.C execution test
FAIL: g++.old-deja/g++.mike/p3708a.C execution test
FAIL: g++.old-deja/g++.mike/p3708b.C execution test
FAIL: g++.old-deja/g++.mike/p4246.C execution test
FAIL: g++.old-deja/g++.mike/p4511.C execution test
FAIL: g++.old-deja/g++.mike/p4736c.C execution test
FAIL: g++.old-deja/g++.mike/p5571.C execution test
FAIL: g++.old-deja/g++.mike/p658.C execution test
FAIL: g++.old-deja/g++.mike/p6610a.C execution test
FAIL: g++.old-deja/g++.mike/p6610b.C execution test
FAIL: g++.old-deja/g++.mike/p6927.C execution test
FAIL: g++.old-deja/g++.mike/p755.C execution test
FAIL: g++.old-deja/g++.mike/p755a.C execution test
FAIL: g++.old-deja/g++.mike/p789a.C execution test
FAIL: g++.old-deja/g++.mike/p7912.C execution test
FAIL: g++.old-deja/g++.mike/p8018.C execution test
FAIL: g++.old-deja/g++.mike/p9706.C execution test
FAIL: g++.old-deja/g++.mike/pmf9.C execution test
FAIL: g++.old-deja/g++.mike/rtti3.C execution test
FAIL: g++.old-deja/g++.mike/thunk2.C execution test
FAIL: g++.old-deja/g++.mike/thunk3.C execution test
FAIL: g++.old-deja/g++.mike/virt2.C execution test
FAIL: g++.old-deja/g++.mike/virt4.C execution test
FAIL: g++.old-deja/g++.mike/virt5.C execution test
FAIL: g++.old-deja/g++.ns/template9.C execution test
FAIL: g++.old-deja/g++.oliva/delete2.C execution test
FAIL: g++.old-deja/g++.oliva/delete3.C execution test
FAIL: g++.old-deja/g++.oliva/new1.C execution test
FAIL: g++.old-deja/g++.oliva/thunk1.C execution test
FAIL: g++.old-deja/g++.other/array1.C execution test
FAIL: g++.old-deja/g++.other/badopt1.C execution test
FAIL: g++.old-deja/g++.other/comdat5.C (test for excess errors)
FAIL: g++.old-deja/g++.other/delete3.C execution test
FAIL: g++.old-deja/g++.other/delete7.C execution test
FAIL: g++.old-deja/g++.other/dtor10.C execution test
FAIL: g++.old-deja/g++.other/dtor11.C execution test
FAIL: g++.old-deja/g++.other/dtor6.C execution test
FAIL: g++.old-deja/g++.other/dyncast1.C execution test
FAIL: g++.old-deja/g++.other/dyncast2.C execution test
FAIL: g++.old-deja/g++.other/dyncast3.C execution test
FAIL: g++.old-deja/g++.other/dyncast4.C execution test
FAIL: g++.old-deja/g++.other/dyncast5.C execution test
FAIL: g++.old-deja/g++.other/dyncast6.C execution test
FAIL: g++.old-deja/g++.other/eh3.C execution test
FAIL: g++.old-deja/g++.other/headers1.C execution test
FAIL: g++.old-deja/g++.other/init7.C execution test
FAIL: g++.old-deja/g++.other/inline7.C execution test
FAIL: g++.old-deja/g++.other/inline8.C execution test
FAIL: g++.old-deja/g++.other/local3.C execution test
FAIL: g++.old-deja/g++.other/loop1.C execution test
FAIL: g++.old-deja/g++.other/new3.C execution test
FAIL: g++.old-deja/g++.other/new5.C execution test
FAIL: g++.old-deja/g++.other/new7.C execution test
FAIL: g++.old-deja/g++.other/optimize2.C execution test
FAIL: g++.old-deja/g++.other/overload9.C execution test
FAIL: g++.old-deja/g++.other/pmf4.C execution test
FAIL: g++.old-deja/g++.other/pmf5.C execution test
FAIL: g++.old-deja/g++.other/reload1.C execution test
FAIL: g++.old-deja/g++.other/rtti3.C execution test
FAIL: g++.old-deja/g++.other/rtti4.C execution test
FAIL: g++.old-deja/g++.other/rttid3.C execution test
FAIL: g++.old-deja/g++.other/rttid4.C execution test
FAIL: g++.old-deja/g++.other/sibcall1.C execution test
FAIL: g++.old-deja/g++.other/singleton.C execution test
FAIL: g++.old-deja/g++.other/static7.C execution test
FAIL: g++.old-deja/g++.other/temporary1.C execution test
FAIL: g++.old-deja/g++.other/thunk1.C execution test
FAIL: g++.old-deja/g++.other/unchanging1.C execution test
FAIL: g++.old-deja/g++.other/vbase2.C execution test
FAIL: g++.old-deja/g++.other/vbase5.C execution test
FAIL: g++.old-deja/g++.other/vtbl2.C execution test
FAIL: g++.old-deja/g++.pt/explicit55.C execution test
FAIL: g++.old-deja/g++.pt/explicit56.C execution test
FAIL: g++.old-deja/g++.pt/expr1.C execution test
FAIL: g++.old-deja/g++.pt/fntry1.C execution test
FAIL: g++.old-deja/g++.pt/local6.C execution test
FAIL: g++.old-deja/g++.pt/mi1.C execution test
FAIL: g++.old-deja/g++.pt/spec3.C execution test
FAIL: g++.old-deja/g++.pt/spec30.C execution test
FAIL: g++.old-deja/g++.pt/virtual4.C execution test
FAIL: g++.old-deja/g++.robertl/eb102.C execution test
FAIL: g++.old-deja/g++.robertl/eb104.C execution test
FAIL: g++.old-deja/g++.robertl/eb114.C execution test
FAIL: g++.old-deja/g++.robertl/eb115.C execution test
FAIL: g++.old-deja/g++.robertl/eb126.C execution test
FAIL: g++.old-deja/g++.robertl/eb17.C execution test
FAIL: g++.old-deja/g++.robertl/eb21.C execution test
FAIL: g++.old-deja/g++.robertl/eb31.C execution test
FAIL: g++.old-deja/g++.robertl/eb41.C execution test
FAIL: g++.old-deja/g++.robertl/eb46.C execution test
FAIL: g++.old-deja/g++.robertl/eb50.C execution test
FAIL: g++.old-deja/g++.robertl/eb54.C execution test
FAIL: g++.old-deja/g++.robertl/eb58.C execution test
FAIL: g++.old-deja/g++.robertl/eb59.C execution test
FAIL: g++.old-deja/g++.robertl/eb63.C execution test
FAIL: g++.old-deja/g++.robertl/eb66.C execution test
FAIL: g++.old-deja/g++.robertl/eb73.C execution test
FAIL: g++.old-deja/g++.robertl/eb77.C execution test
FAIL: g++.old-deja/g++.robertl/eb88.C execution test
FAIL: g++.old-deja/g++.robertl/eh990323-1.C execution test
FAIL: g++.old-deja/g++.robertl/eh990323-2.C execution test
FAIL: g++.old-deja/g++.robertl/eh990323-3.C execution test
FAIL: g++.old-deja/g++.robertl/eh990323-4.C execution test
FAIL: g++.old-deja/g++.robertl/eh990323-5.C execution test
FAIL: g++.old-deja/g++.robertl/ice990323-2.C execution test
=== g++ Summary ===
# of expected passes 21391
# of unexpected failures 512
# of expected failures 152
# of unresolved testcases 3
# of unsupported tests 235
/users/joel/test-gcc/b-gcc1-m68k/gcc/testsuite/g++/../../g++ version 4.6.0 20100530 (experimental) [trunk revision 160059] (GCC)
Compiler version: 4.6.0 20100530 (experimental) [trunk revision 160059] (GCC)
Platform: m68k-unknown-rtems4.10
configure flags: --enable-threads=rtems --with-gnu-as --enable-multilib --enable-newlib-mb --enable-newlib-iconv --with-gnu-ld --with-newlib --verbose --with-system-zlib --disable-nls --enable-version-specific-runtime-libs --enable-languages=c,c++ --target=m68k-rtems4.10 --prefix=/users/joel/test-gcc/install-svn