This is the mail archive of the
gcc-testresults@gcc.gnu.org
mailing list for the GCC project.
Results for 4.5.1 20100605 (prerelease) [gcc-4_5-branch revision 160329] (GCC) testsuite on hppa64-hp-hpux11.11
- From: John David Anglin <dave at hiauly3 dot hia dot nrc dot ca>
- To: dave at hiauly3 dot hia dot nrc dot ca, gcc-testresults at gcc dot gnu dot org
- Date: Mon, 7 Jun 2010 21:52:28 -0400 (EDT)
- Subject: Results for 4.5.1 20100605 (prerelease) [gcc-4_5-branch revision 160329] (GCC) testsuite on hppa64-hp-hpux11.11
Native configuration is hppa64-hp-hpux11.11
=== g++ tests ===
Running target unix
=== g++ Summary ===
# of expected passes 20389
# of expected failures 151
# of unsupported tests 237
/mnt/gnu/gcc/objdir-test/gcc/testsuite/g++/../../g++ version 4.5.1 20100605 (prerelease) [gcc-4_5-branch revision 160329] (GCC)
=== gcc tests ===
Running target unix
WARNING: program timed out.
FAIL: gcc.c-torture/compile/limits-fnargs.c -O3 -g (test for excess errors)
XPASS: gcc.dg/funcorder.c scan-assembler-not link_error,%r
WARNING: program timed out.
FAIL: gcc.dg/pr43058.c (test for excess errors)
FAIL: gcc.dg/pr43643.c (test for excess errors)
WARNING: gcc.dg/pr43643.c compilation failed to produce executable
WARNING: program timed out.
FAIL: gcc.dg/tree-prof/pr34999.c compilation, -fprofile-use -D_PROFILE_USE
UNRESOLVED: gcc.dg/tree-prof/pr34999.c execution, -fprofile-use -D_PROFILE_USE
FAIL: gcc.dg/tree-ssa/20031015-1.c (internal compiler error)
FAIL: gcc.dg/tree-ssa/20031015-1.c (test for excess errors)
FAIL: gcc.dg/tree-ssa/asm-1.c (internal compiler error)
FAIL: gcc.dg/tree-ssa/asm-1.c (test for excess errors)
FAIL: gcc.dg/tree-ssa/asm-1.c scan-tree-dump-times optimized "63" 1
FAIL: gcc.dg/tree-ssa/asm-2.c (internal compiler error)
FAIL: gcc.dg/tree-ssa/asm-2.c (test for excess errors)
FAIL: gcc.dg/tree-ssa/asm-2.c scan-tree-dump-times optimized "asm[^\\r\\n]*xyzzy" 1
FAIL: gcc.dg/tree-ssa/asmgoto-1.c (internal compiler error)
FAIL: gcc.dg/tree-ssa/asmgoto-1.c (test for excess errors)
FAIL: gcc.dg/tree-ssa/asmgoto-1.c scan-tree-dump-times optimized "XYZZY" 1
FAIL: gcc.dg/tree-ssa/inline_asm-1.c (internal compiler error)
FAIL: gcc.dg/tree-ssa/inline_asm-1.c (test for excess errors)
FAIL: gcc.dg/tree-ssa/inline_asm-1.c scan-tree-dump-times optimized "test_function" 2: dump file does not exist
FAIL: gcc.dg/tree-ssa/pr23848-4.c (internal compiler error)
FAIL: gcc.dg/tree-ssa/pr23848-4.c (test for excess errors)
FAIL: gcc.dg/tree-ssa/pr38533.c (internal compiler error)
FAIL: gcc.dg/tree-ssa/pr38533.c (test for excess errors)
FAIL: gcc.dg/tree-ssa/pr38533.c scan-tree-dump-times reassoc1 "__asm__[^;
FAIL: gcc.dg/tree-ssa/stdarg-2.c (internal compiler error)
FAIL: gcc.dg/tree-ssa/stdarg-2.c (test for excess errors)
=== gcc Summary ===
# of expected passes 52256
# of unexpected failures 25
# of unexpected successes 1
# of expected failures 89
# of unresolved testcases 1
# of unsupported tests 690
/mnt/gnu/gcc/objdir-test/gcc/xgcc version 4.5.1 20100605 (prerelease) [gcc-4_5-branch revision 160329] (GCC)
=== gfortran tests ===
Running target unix
=== gfortran Summary ===
# of expected passes 32889
# of expected failures 21
# of unsupported tests 286
/mnt/gnu/gcc/objdir-test/gcc/testsuite/gfortran/../../gfortran version 4.5.1 20100605 (prerelease) [gcc-4_5-branch revision 160329] (GCC)
=== obj-c++ tests ===
Running target unix
XPASS: obj-c++.dg/comp-types-10.mm -fgnu-runtime (test for excess errors)
WARNING: obj-c++.dg/lookup-2.mm -fgnu-runtime compilation failed to produce executable
WARNING: obj-c++.dg/try-catch-2.mm -fgnu-runtime compilation failed to produce executable
WARNING: obj-c++.dg/try-catch-9.mm -fgnu-runtime compilation failed to produce executable
=== obj-c++ Summary ===
# of expected passes 428
# of unexpected successes 1
# of expected failures 14
# of unsupported tests 13
/mnt/gnu/gcc/objdir-test/gcc/testsuite/obj-c++/../../g++ version 4.5.1 20100605 (prerelease) [gcc-4_5-branch revision 160329] (GCC)
=== objc tests ===
Running target unix
=== objc Summary ===
# of expected passes 1866
# of expected failures 15
# of unsupported tests 22
/mnt/gnu/gcc/objdir-test/gcc/xgcc version 4.5.1 20100605 (prerelease) [gcc-4_5-branch revision 160329] (GCC)
=== libgomp tests ===
Running target unix
=== libgomp Summary ===
# of expected passes 2476
# of unsupported tests 9
=== libstdc++ tests ===
Running target unix
=== libstdc++ Summary ===
# of expected passes 6330
# of expected failures 89
# of unsupported tests 616
Compiler version: 4.5.1 20100605 (prerelease) [gcc-4_5-branch revision 160329] (GCC)
Platform: hppa64-hp-hpux11.11
configure flags:Test Run By dave on Sun Jun 6 06:09:39 2010