This is the mail archive of the gcc-testresults@gcc.gnu.org mailing list for the GCC project.


Index Nav: [Date Index] [Subject Index] [Author Index] [Thread Index]
Message Nav: [Date Prev] [Date Next] [Thread Prev] [Thread Next]
Other format: [Raw text]

Results for 4.6.0 20100601 (experimental) [trunk revision 160092] (GCC) testsuite on hppa2.0w-hp-hpux11.11


		=== acats tests ===
FAIL:	c9a011b

		=== acats Summary ===
# of expected passes		2320
# of unexpected failures	1
Native configuration is hppa2.0w-hp-hpux11.11

		=== g++ tests ===


Running target unix
WARNING: g++.dg/ext/label13.C compilation failed to produce executable

		=== g++ Summary ===

# of expected passes		20560
# of expected failures		152
# of unsupported tests		296
/test/gnu/gcc/objdir/gcc/testsuite/g++/../../g++  version 4.6.0 20100601 (experimental) [trunk revision 160092] (GCC) 

		=== gcc tests ===


Running target unix
FAIL: gcc.dg/pr34668-1.c (internal compiler error)
FAIL: gcc.dg/pr34668-1.c (test for excess errors)
WARNING: program timed out.
FAIL: gcc.dg/ipa/ipa-pta-10.c scan-ipa-dump pta "ESCAPED = { }"
FAIL: gcc.dg/tree-ssa/loadpre6.c scan-tree-dump-times pre "Eliminated: 2" 1

		=== gcc Summary ===

# of expected passes		52873
# of unexpected failures	4
# of expected failures		89
# of unsupported tests		777
/test/gnu/gcc/objdir/gcc/xgcc  version 4.6.0 20100601 (experimental) [trunk revision 160092] (GCC) 

		=== gfortran tests ===


Running target unix
FAIL: gfortran.dg/pr41928.f90  -O  (internal compiler error)
FAIL: gfortran.dg/pr41928.f90  -O  (test for excess errors)

		=== gfortran Summary ===

# of expected passes		33346
# of unexpected failures	2
# of expected failures		22
# of unsupported tests		306
/test/gnu/gcc/objdir/gcc/testsuite/gfortran/../../gfortran  version 4.6.0 20100601 (experimental) [trunk revision 160092] (GCC) 

		=== gnat tests ===


Running target unix

		=== gnat Summary ===

# of expected passes		807
# of expected failures		11
# of unsupported tests		1
		=== obj-c++ tests ===


Running target unix
WARNING: obj-c++.dg/lookup-2.mm -fgnu-runtime compilation failed to produce executable
WARNING: obj-c++.dg/try-catch-2.mm -fgnu-runtime compilation failed to produce executable
FAIL: obj-c++.dg/try-catch-5.mm -fgnu-runtime (test for excess errors)
WARNING: obj-c++.dg/try-catch-9.mm -fgnu-runtime compilation failed to produce executable

		=== obj-c++ Summary ===

# of expected passes		531
# of unexpected failures	1
# of expected failures		3
# of unsupported tests		16
/test/gnu/gcc/objdir/gcc/testsuite/obj-c++/../../g++  version 4.6.0 20100601 (experimental) [trunk revision 160092] (GCC) 

		=== objc tests ===


Running target unix

		=== objc Summary ===

# of expected passes		1961
# of expected failures		15
# of unsupported tests		23
/test/gnu/gcc/objdir/gcc/xgcc  version 4.6.0 20100601 (experimental) [trunk revision 160092] (GCC) 

		=== libffi tests ===


Running target unix

		=== libffi Summary ===

# of expected passes		1624
# of expected failures		10
# of unsupported tests		15
		=== libgomp tests ===


Running target unix

		=== libgomp Summary ===

# of expected passes		2476
# of unsupported tests		9
		=== libjava tests ===


Running target unix
FAIL: LargeFile execution - source compiled test
FAIL: LargeFile -findirect-dispatch execution - source compiled test
FAIL: LargeFile -O3 execution - source compiled test
FAIL: LargeFile -O3 -findirect-dispatch execution - source compiled test

		=== libjava Summary ===

# of expected passes		2566
# of unexpected failures	4
# of untested testcases		4
		=== libstdc++ tests ===


Running target unix

		=== libstdc++ Summary ===

# of expected passes		6373
# of expected failures		91
# of unsupported tests		619

Compiler version: 4.6.0 20100601 (experimental) [trunk revision 160092] (GCC) 
Platform: hppa2.0w-hp-hpux11.11
configure flags:Test Run By dave on Tue Jun  1 11:53:23 EDT 2010


Index Nav: [Date Index] [Subject Index] [Author Index] [Thread Index]
Message Nav: [Date Prev] [Date Next] [Thread Prev] [Thread Next]