This is the mail archive of the
gcc-testresults@gcc.gnu.org
mailing list for the GCC project.
Results for 4.6.0 20100530 (experimental) (GCC) testsuite on s390-ibm-linux-gnu
- From: Andreas Krebbel <Andreas dot Krebbel at de dot ibm dot com>
- To: gcc-testresults at gcc dot gnu dot org
- Date: Sun, 30 May 2010 11:17:42 +0200
- Subject: Results for 4.6.0 20100530 (experimental) (GCC) testsuite on s390-ibm-linux-gnu
LAST_UPDATED: Sun May 30 05:56:59 UTC 2010 (revision 160045M)
Native configuration is s390-ibm-linux-gnu
=== g++ tests ===
Running target unix
FAIL: g++.dg/debug/nullptr01.C -gdwarf-2 -g1 (internal compiler error)
FAIL: g++.dg/debug/nullptr01.C -gdwarf-2 -g1 (test for excess errors)
ERROR: g++.dg/debug/nullptr01.C: error executing dg-final: couldn't open "nullptr01.s": no such file or directory
UNRESOLVED: g++.dg/debug/nullptr01.C: error executing dg-final: couldn't open "nullptr01.s": no such file or directory
FAIL: g++.dg/debug/nullptr01.C -gdwarf-2 -g1 -O2 (internal compiler error)
FAIL: g++.dg/debug/nullptr01.C -gdwarf-2 -g1 -O2 (test for excess errors)
ERROR: g++.dg/debug/nullptr01.C: error executing dg-final: couldn't open "nullptr01.s": no such file or directory
UNRESOLVED: g++.dg/debug/nullptr01.C: error executing dg-final: couldn't open "nullptr01.s": no such file or directory
FAIL: g++.dg/debug/nullptr01.C -gdwarf-2 -g1 -O3 (internal compiler error)
FAIL: g++.dg/debug/nullptr01.C -gdwarf-2 -g1 -O3 (test for excess errors)
ERROR: g++.dg/debug/nullptr01.C: error executing dg-final: couldn't open "nullptr01.s": no such file or directory
UNRESOLVED: g++.dg/debug/nullptr01.C: error executing dg-final: couldn't open "nullptr01.s": no such file or directory
FAIL: g++.dg/debug/nullptr01.C -gdwarf-2 (internal compiler error)
FAIL: g++.dg/debug/nullptr01.C -gdwarf-2 (test for excess errors)
ERROR: g++.dg/debug/nullptr01.C: error executing dg-final: couldn't open "nullptr01.s": no such file or directory
UNRESOLVED: g++.dg/debug/nullptr01.C: error executing dg-final: couldn't open "nullptr01.s": no such file or directory
FAIL: g++.dg/debug/nullptr01.C -gdwarf-2 -O2 (internal compiler error)
FAIL: g++.dg/debug/nullptr01.C -gdwarf-2 -O2 (test for excess errors)
ERROR: g++.dg/debug/nullptr01.C: error executing dg-final: couldn't open "nullptr01.s": no such file or directory
UNRESOLVED: g++.dg/debug/nullptr01.C: error executing dg-final: couldn't open "nullptr01.s": no such file or directory
FAIL: g++.dg/debug/nullptr01.C -gdwarf-2 -O3 (internal compiler error)
FAIL: g++.dg/debug/nullptr01.C -gdwarf-2 -O3 (test for excess errors)
ERROR: g++.dg/debug/nullptr01.C: error executing dg-final: couldn't open "nullptr01.s": no such file or directory
UNRESOLVED: g++.dg/debug/nullptr01.C: error executing dg-final: couldn't open "nullptr01.s": no such file or directory
FAIL: g++.dg/debug/nullptr01.C -gdwarf-2 -g3 (internal compiler error)
FAIL: g++.dg/debug/nullptr01.C -gdwarf-2 -g3 (test for excess errors)
ERROR: g++.dg/debug/nullptr01.C: error executing dg-final: couldn't open "nullptr01.s": no such file or directory
UNRESOLVED: g++.dg/debug/nullptr01.C: error executing dg-final: couldn't open "nullptr01.s": no such file or directory
FAIL: g++.dg/debug/nullptr01.C -gdwarf-2 -g3 -O2 (internal compiler error)
FAIL: g++.dg/debug/nullptr01.C -gdwarf-2 -g3 -O2 (test for excess errors)
ERROR: g++.dg/debug/nullptr01.C: error executing dg-final: couldn't open "nullptr01.s": no such file or directory
UNRESOLVED: g++.dg/debug/nullptr01.C: error executing dg-final: couldn't open "nullptr01.s": no such file or directory
FAIL: g++.dg/debug/nullptr01.C -gdwarf-2 -g3 -O3 (internal compiler error)
FAIL: g++.dg/debug/nullptr01.C -gdwarf-2 -g3 -O3 (test for excess errors)
ERROR: g++.dg/debug/nullptr01.C: error executing dg-final: couldn't open "nullptr01.s": no such file or directory
UNRESOLVED: g++.dg/debug/nullptr01.C: error executing dg-final: couldn't open "nullptr01.s": no such file or directory
FAIL: g++.dg/debug/nullptr01.C -gstabs1 (internal compiler error)
FAIL: g++.dg/debug/nullptr01.C -gstabs1 (test for excess errors)
ERROR: g++.dg/debug/nullptr01.C: error executing dg-final: couldn't open "nullptr01.s": no such file or directory
UNRESOLVED: g++.dg/debug/nullptr01.C: error executing dg-final: couldn't open "nullptr01.s": no such file or directory
FAIL: g++.dg/debug/nullptr01.C -gstabs1 -O2 (internal compiler error)
FAIL: g++.dg/debug/nullptr01.C -gstabs1 -O2 (test for excess errors)
ERROR: g++.dg/debug/nullptr01.C: error executing dg-final: couldn't open "nullptr01.s": no such file or directory
UNRESOLVED: g++.dg/debug/nullptr01.C: error executing dg-final: couldn't open "nullptr01.s": no such file or directory
FAIL: g++.dg/debug/nullptr01.C -gstabs1 -O3 (internal compiler error)
FAIL: g++.dg/debug/nullptr01.C -gstabs1 -O3 (test for excess errors)
ERROR: g++.dg/debug/nullptr01.C: error executing dg-final: couldn't open "nullptr01.s": no such file or directory
UNRESOLVED: g++.dg/debug/nullptr01.C: error executing dg-final: couldn't open "nullptr01.s": no such file or directory
FAIL: g++.dg/debug/nullptr01.C -gstabs (internal compiler error)
FAIL: g++.dg/debug/nullptr01.C -gstabs (test for excess errors)
ERROR: g++.dg/debug/nullptr01.C: error executing dg-final: couldn't open "nullptr01.s": no such file or directory
UNRESOLVED: g++.dg/debug/nullptr01.C: error executing dg-final: couldn't open "nullptr01.s": no such file or directory
FAIL: g++.dg/debug/nullptr01.C -gstabs -O2 (internal compiler error)
FAIL: g++.dg/debug/nullptr01.C -gstabs -O2 (test for excess errors)
ERROR: g++.dg/debug/nullptr01.C: error executing dg-final: couldn't open "nullptr01.s": no such file or directory
UNRESOLVED: g++.dg/debug/nullptr01.C: error executing dg-final: couldn't open "nullptr01.s": no such file or directory
FAIL: g++.dg/debug/nullptr01.C -gstabs -O3 (internal compiler error)
FAIL: g++.dg/debug/nullptr01.C -gstabs -O3 (test for excess errors)
ERROR: g++.dg/debug/nullptr01.C: error executing dg-final: couldn't open "nullptr01.s": no such file or directory
UNRESOLVED: g++.dg/debug/nullptr01.C: error executing dg-final: couldn't open "nullptr01.s": no such file or directory
FAIL: g++.dg/debug/nullptr01.C -gstabs3 (internal compiler error)
FAIL: g++.dg/debug/nullptr01.C -gstabs3 (test for excess errors)
ERROR: g++.dg/debug/nullptr01.C: error executing dg-final: couldn't open "nullptr01.s": no such file or directory
UNRESOLVED: g++.dg/debug/nullptr01.C: error executing dg-final: couldn't open "nullptr01.s": no such file or directory
FAIL: g++.dg/debug/nullptr01.C -gstabs3 -O2 (internal compiler error)
FAIL: g++.dg/debug/nullptr01.C -gstabs3 -O2 (test for excess errors)
ERROR: g++.dg/debug/nullptr01.C: error executing dg-final: couldn't open "nullptr01.s": no such file or directory
UNRESOLVED: g++.dg/debug/nullptr01.C: error executing dg-final: couldn't open "nullptr01.s": no such file or directory
FAIL: g++.dg/debug/nullptr01.C -gstabs3 -O3 (internal compiler error)
FAIL: g++.dg/debug/nullptr01.C -gstabs3 -O3 (test for excess errors)
ERROR: g++.dg/debug/nullptr01.C: error executing dg-final: couldn't open "nullptr01.s": no such file or directory
UNRESOLVED: g++.dg/debug/nullptr01.C: error executing dg-final: couldn't open "nullptr01.s": no such file or directory
FAIL: g++.dg/debug/nullptr01.C -gstabs+1 (internal compiler error)
FAIL: g++.dg/debug/nullptr01.C -gstabs+1 (test for excess errors)
ERROR: g++.dg/debug/nullptr01.C: error executing dg-final: couldn't open "nullptr01.s": no such file or directory
UNRESOLVED: g++.dg/debug/nullptr01.C: error executing dg-final: couldn't open "nullptr01.s": no such file or directory
FAIL: g++.dg/debug/nullptr01.C -gstabs+1 -O2 (internal compiler error)
FAIL: g++.dg/debug/nullptr01.C -gstabs+1 -O2 (test for excess errors)
ERROR: g++.dg/debug/nullptr01.C: error executing dg-final: couldn't open "nullptr01.s": no such file or directory
UNRESOLVED: g++.dg/debug/nullptr01.C: error executing dg-final: couldn't open "nullptr01.s": no such file or directory
FAIL: g++.dg/debug/nullptr01.C -gstabs+1 -O3 (internal compiler error)
FAIL: g++.dg/debug/nullptr01.C -gstabs+1 -O3 (test for excess errors)
ERROR: g++.dg/debug/nullptr01.C: error executing dg-final: couldn't open "nullptr01.s": no such file or directory
UNRESOLVED: g++.dg/debug/nullptr01.C: error executing dg-final: couldn't open "nullptr01.s": no such file or directory
FAIL: g++.dg/debug/nullptr01.C -gstabs+ (internal compiler error)
FAIL: g++.dg/debug/nullptr01.C -gstabs+ (test for excess errors)
ERROR: g++.dg/debug/nullptr01.C: error executing dg-final: couldn't open "nullptr01.s": no such file or directory
UNRESOLVED: g++.dg/debug/nullptr01.C: error executing dg-final: couldn't open "nullptr01.s": no such file or directory
FAIL: g++.dg/debug/nullptr01.C -gstabs+ -O2 (internal compiler error)
FAIL: g++.dg/debug/nullptr01.C -gstabs+ -O2 (test for excess errors)
ERROR: g++.dg/debug/nullptr01.C: error executing dg-final: couldn't open "nullptr01.s": no such file or directory
UNRESOLVED: g++.dg/debug/nullptr01.C: error executing dg-final: couldn't open "nullptr01.s": no such file or directory
FAIL: g++.dg/debug/nullptr01.C -gstabs+ -O3 (internal compiler error)
FAIL: g++.dg/debug/nullptr01.C -gstabs+ -O3 (test for excess errors)
ERROR: g++.dg/debug/nullptr01.C: error executing dg-final: couldn't open "nullptr01.s": no such file or directory
UNRESOLVED: g++.dg/debug/nullptr01.C: error executing dg-final: couldn't open "nullptr01.s": no such file or directory
FAIL: g++.dg/debug/nullptr01.C -gstabs+3 (internal compiler error)
FAIL: g++.dg/debug/nullptr01.C -gstabs+3 (test for excess errors)
ERROR: g++.dg/debug/nullptr01.C: error executing dg-final: couldn't open "nullptr01.s": no such file or directory
UNRESOLVED: g++.dg/debug/nullptr01.C: error executing dg-final: couldn't open "nullptr01.s": no such file or directory
FAIL: g++.dg/debug/nullptr01.C -gstabs+3 -O2 (internal compiler error)
FAIL: g++.dg/debug/nullptr01.C -gstabs+3 -O2 (test for excess errors)
ERROR: g++.dg/debug/nullptr01.C: error executing dg-final: couldn't open "nullptr01.s": no such file or directory
UNRESOLVED: g++.dg/debug/nullptr01.C: error executing dg-final: couldn't open "nullptr01.s": no such file or directory
FAIL: g++.dg/debug/nullptr01.C -gstabs+3 -O3 (internal compiler error)
FAIL: g++.dg/debug/nullptr01.C -gstabs+3 -O3 (test for excess errors)
ERROR: g++.dg/debug/nullptr01.C: error executing dg-final: couldn't open "nullptr01.s": no such file or directory
UNRESOLVED: g++.dg/debug/nullptr01.C: error executing dg-final: couldn't open "nullptr01.s": no such file or directory
FAIL: g++.dg/debug/dwarf2/icf.C scan-assembler \\\\.section.*.debug_dcall
FAIL: g++.dg/debug/dwarf2/icf.C scan-assembler New caller
FAIL: g++.dg/debug/dwarf2/icf.C scan-assembler Caller DIE offset
FAIL: g++.dg/debug/dwarf2/icf.C scan-assembler Callee DIE offset
FAIL: g++.dg/cpp0x/nullptr16.C (internal compiler error)
FAIL: g++.dg/cpp0x/nullptr16.C (test for excess errors)
UNRESOLVED: header_plugin.c compilation, -I. -I/build-extralong/BUILD/gcc/gcc/testsuite -I/build-extralong/BUILD/gcc/gcc/testsuite/../../gcc -I/build-extralong/BUILD/gcc/obj-s390-redhat-linux/gcc/testsuite/g++/../../../gcc -I/build-extralong/BUILD/gcc/gcc/testsuite/../../include -I/build-extralong/BUILD/gcc/gcc/testsuite/../../libcpp/include -DIN_GCC -fPIC -shared
=== g++ Summary ===
# of expected passes 22609
# of unexpected failures 60
# of expected failures 151
# of unresolved testcases 28
# of unsupported tests 195
/build-extralong/BUILD/gcc/obj-s390-redhat-linux/gcc/testsuite/g++/../../g++ version 4.6.0 20100530 (experimental) (GCC)
=== gcc tests ===
Running target unix
FAIL: gcc.dg/c99-stdint-1.c (test for excess errors)
FAIL: gcc.dg/cproj-fails-with-broken-glibc.c execution test
FAIL: gcc.dg/falign-labels-1.c execution test
FAIL: gcc.dg/optimize-bswapsi-1.c scan-tree-dump-times bswap "32 bit bswap implementation found at" 3
FAIL: gcc.dg/pr34668-1.c (internal compiler error)
FAIL: gcc.dg/pr34668-1.c (test for excess errors)
FAIL: gcc.dg/uninit-13.c unconditional (test for warnings, line 8)
FAIL: gcc.dg/uninit-13.c (test for excess errors)
FAIL: gcc.dg/uninit-pred-7_a.c bogus warning (test for bogus messages, line 26)
FAIL: gcc.dg/uninit-pred-8_a.c bogus warning (test for bogus messages, line 26)
FAIL: gcc.dg/uninit-pred-9_b.c bogus warning (test for bogus messages, line 24)
XPASS: gcc.dg/guality/example.c -O0 execution test
XPASS: gcc.dg/guality/example.c -O1 execution test
XPASS: gcc.dg/guality/example.c -Os execution test
XPASS: gcc.dg/guality/guality.c -O0 execution test
XPASS: gcc.dg/guality/guality.c -O1 execution test
XPASS: gcc.dg/guality/guality.c -Os execution test
FAIL: gcc.dg/guality/inline-params.c -O0 execution test
FAIL: gcc.dg/guality/inline-params.c -O1 execution test
FAIL: gcc.dg/guality/pr36728-1.c -O1 line 12 arg1 == 1
FAIL: gcc.dg/guality/pr36728-1.c -O1 line 12 arg4 == 4
FAIL: gcc.dg/guality/pr36728-1.c -O1 line 14 arg1 == 1
FAIL: gcc.dg/guality/pr36728-1.c -O1 line 14 arg4 == 4
FAIL: gcc.dg/guality/pr36728-1.c -O2 line 12 arg4 == 4
FAIL: gcc.dg/guality/pr36728-1.c -O2 line 14 arg4 == 4
FAIL: gcc.dg/guality/pr36728-1.c -O3 -fomit-frame-pointer line 12 arg4 == 4
FAIL: gcc.dg/guality/pr36728-1.c -O3 -fomit-frame-pointer line 14 arg4 == 4
FAIL: gcc.dg/guality/pr36728-1.c -O3 -g line 12 arg4 == 4
FAIL: gcc.dg/guality/pr36728-1.c -O3 -g line 14 arg4 == 4
FAIL: gcc.dg/guality/pr36728-1.c -Os line 12 arg1 == 1
FAIL: gcc.dg/guality/pr36728-1.c -Os line 12 arg4 == 4
FAIL: gcc.dg/guality/pr36728-1.c -Os line 14 arg1 == 1
FAIL: gcc.dg/guality/pr36728-1.c -Os line 14 arg4 == 4
FAIL: gcc.dg/guality/pr36728-1.c -O2 -flto line 12 arg4 == 4
FAIL: gcc.dg/guality/pr36728-1.c -O2 -flto line 14 arg4 == 4
FAIL: gcc.dg/guality/pr36728-1.c -O2 -fwhopr line 12 arg4 == 4
FAIL: gcc.dg/guality/pr36728-1.c -O2 -fwhopr line 14 arg4 == 4
FAIL: gcc.dg/guality/pr36728-2.c -O1 line 12 arg4 == 4
FAIL: gcc.dg/guality/pr36728-2.c -O1 line 14 arg4 == 4
FAIL: gcc.dg/guality/pr36728-2.c -O2 line 12 arg4 == 4
FAIL: gcc.dg/guality/pr36728-2.c -O2 line 14 arg4 == 4
FAIL: gcc.dg/guality/pr36728-2.c -O3 -fomit-frame-pointer line 12 arg4 == 4
FAIL: gcc.dg/guality/pr36728-2.c -O3 -fomit-frame-pointer line 14 arg4 == 4
FAIL: gcc.dg/guality/pr36728-2.c -O3 -g line 12 arg4 == 4
FAIL: gcc.dg/guality/pr36728-2.c -O3 -g line 14 arg4 == 4
FAIL: gcc.dg/guality/pr36728-2.c -Os line 12 arg4 == 4
FAIL: gcc.dg/guality/pr36728-2.c -Os line 14 arg4 == 4
FAIL: gcc.dg/guality/pr36728-2.c -O2 -flto line 12 arg4 == 4
FAIL: gcc.dg/guality/pr36728-2.c -O2 -flto line 14 arg4 == 4
FAIL: gcc.dg/guality/pr36728-2.c -O2 -fwhopr line 12 arg4 == 4
FAIL: gcc.dg/guality/pr36728-2.c -O2 -fwhopr line 14 arg4 == 4
XPASS: gcc.dg/guality/pr41353-1.c -O0 line 28 j == 28 + 37
FAIL: gcc.dg/guality/pr41353-1.c -O2 -flto line 28 i == 37
FAIL: gcc.dg/guality/pr41353-1.c -O2 -fwhopr line 28 i == 37
XPASS: gcc.dg/guality/pr41447-1.c -O0 execution test
XPASS: gcc.dg/guality/pr41447-1.c -O1 execution test
XPASS: gcc.dg/guality/pr41447-1.c -O2 execution test
XPASS: gcc.dg/guality/pr41447-1.c -O3 -fomit-frame-pointer execution test
XPASS: gcc.dg/guality/pr41447-1.c -O3 -g execution test
XPASS: gcc.dg/guality/pr41447-1.c -Os execution test
XPASS: gcc.dg/guality/pr41447-1.c -O2 -flto execution test
XPASS: gcc.dg/guality/pr41447-1.c -O2 -fwhopr execution test
XPASS: gcc.dg/guality/pr41616-1.c -O0 execution test
FAIL: gcc.dg/guality/pr43329-1.c -O0 (test for excess errors)
WARNING: gcc.dg/guality/pr43329-1.c -O0 compilation failed to produce executable
FAIL: gcc.dg/guality/pr43329-1.c -O1 (test for excess errors)
WARNING: gcc.dg/guality/pr43329-1.c -O1 compilation failed to produce executable
FAIL: gcc.dg/guality/pr43329-1.c -O2 (test for excess errors)
WARNING: gcc.dg/guality/pr43329-1.c -O2 compilation failed to produce executable
FAIL: gcc.dg/guality/pr43329-1.c -O3 -fomit-frame-pointer (test for excess errors)
WARNING: gcc.dg/guality/pr43329-1.c -O3 -fomit-frame-pointer compilation failed to produce executable
FAIL: gcc.dg/guality/pr43329-1.c -O3 -g (test for excess errors)
WARNING: gcc.dg/guality/pr43329-1.c -O3 -g compilation failed to produce executable
FAIL: gcc.dg/guality/pr43329-1.c -Os (test for excess errors)
WARNING: gcc.dg/guality/pr43329-1.c -Os compilation failed to produce executable
FAIL: gcc.dg/guality/pr43329-1.c -O2 -flto (test for excess errors)
WARNING: gcc.dg/guality/pr43329-1.c -O2 -flto compilation failed to produce executable
FAIL: gcc.dg/guality/pr43329-1.c -O2 -fwhopr (test for excess errors)
WARNING: gcc.dg/guality/pr43329-1.c -O2 -fwhopr compilation failed to produce executable
FAIL: gcc.dg/guality/vla-1.c -O0 line 17 sizeof (a) == 6
FAIL: gcc.dg/guality/vla-1.c -O0 line 24 sizeof (a) == 17 * sizeof (short)
FAIL: gcc.dg/guality/vla-1.c -O1 line 17 i == 5
FAIL: gcc.dg/guality/vla-1.c -O1 line 17 sizeof (a) == 6
FAIL: gcc.dg/guality/vla-1.c -O1 line 24 sizeof (a) == 17 * sizeof (short)
FAIL: gcc.dg/guality/vla-1.c -O2 line 17 i == 5
FAIL: gcc.dg/guality/vla-1.c -O2 line 17 sizeof (a) == 6
FAIL: gcc.dg/guality/vla-1.c -O2 line 24 sizeof (a) == 17 * sizeof (short)
FAIL: gcc.dg/guality/vla-1.c -O3 -fomit-frame-pointer line 17 i == 5
FAIL: gcc.dg/guality/vla-1.c -O3 -fomit-frame-pointer line 17 sizeof (a) == 6
FAIL: gcc.dg/guality/vla-1.c -O3 -fomit-frame-pointer line 24 sizeof (a) == 17 * sizeof (short)
FAIL: gcc.dg/guality/vla-1.c -O3 -g line 17 i == 5
FAIL: gcc.dg/guality/vla-1.c -O3 -g line 17 sizeof (a) == 6
FAIL: gcc.dg/guality/vla-1.c -O3 -g line 24 sizeof (a) == 17 * sizeof (short)
FAIL: gcc.dg/guality/vla-1.c -Os line 17 i == 5
FAIL: gcc.dg/guality/vla-1.c -Os line 17 sizeof (a) == 6
FAIL: gcc.dg/guality/vla-1.c -Os line 24 sizeof (a) == 17 * sizeof (short)
FAIL: gcc.dg/guality/vla-1.c -O2 -flto line 17 sizeof (a) == 6
FAIL: gcc.dg/guality/vla-1.c -O2 -flto line 24 sizeof (a) == 17 * sizeof (short)
FAIL: gcc.dg/guality/vla-1.c -O2 -fwhopr line 17 sizeof (a) == 6
FAIL: gcc.dg/guality/vla-1.c -O2 -fwhopr line 24 sizeof (a) == 17 * sizeof (short)
FAIL: gcc.dg/guality/vla-2.c -O0 line 16 sizeof (a) == 5 * sizeof (int)
FAIL: gcc.dg/guality/vla-2.c -O0 line 25 sizeof (a) == 6 * sizeof (int)
FAIL: gcc.dg/guality/vla-2.c -O1 line 16 sizeof (a) == 5 * sizeof (int)
FAIL: gcc.dg/guality/vla-2.c -O2 line 16 sizeof (a) == 5 * sizeof (int)
FAIL: gcc.dg/guality/vla-2.c -O3 -fomit-frame-pointer line 16 sizeof (a) == 5 * sizeof (int)
FAIL: gcc.dg/guality/vla-2.c -O3 -g line 16 sizeof (a) == 5 * sizeof (int)
FAIL: gcc.dg/guality/vla-2.c -Os line 16 sizeof (a) == 5 * sizeof (int)
FAIL: gcc.dg/guality/vla-2.c -O2 -flto line 16 sizeof (a) == 5 * sizeof (int)
FAIL: gcc.dg/guality/vla-2.c -O2 -fwhopr line 16 sizeof (a) == 5 * sizeof (int)
FAIL: gcc.dg/lto/20090126-1 c_lto_20090126-1_0.o-c_lto_20090126-1_0.o link, (internal compiler error)
UNRESOLVED: gcc.dg/lto/20090126-1 c_lto_20090126-1_0.o-c_lto_20090126-1_0.o execute -O0 -fwhopr
FAIL: gcc.dg/lto/20091216-1 c_lto_20091216-1_0.o assemble, -O0 -fwhopr
UNRESOLVED: gcc.dg/lto/20091216-1 c_lto_20091216-1_0.o-c_lto_20091216-1_0.o link -O0 -fwhopr
UNRESOLVED: gcc.dg/lto/20091216-1 c_lto_20091216-1_0.o-c_lto_20091216-1_0.o execute -O0 -fwhopr
FAIL: gcc.dg/lto/20091216-1 c_lto_20091216-1_0.o assemble, -O2 -fwhopr
UNRESOLVED: gcc.dg/lto/20091216-1 c_lto_20091216-1_0.o-c_lto_20091216-1_0.o link -O2 -fwhopr
UNRESOLVED: gcc.dg/lto/20091216-1 c_lto_20091216-1_0.o-c_lto_20091216-1_0.o execute -O2 -fwhopr
FAIL: gcc.dg/lto/20091216-1 c_lto_20091216-1_0.o assemble, -O0 -flto
UNRESOLVED: gcc.dg/lto/20091216-1 c_lto_20091216-1_0.o-c_lto_20091216-1_0.o link -O0 -flto
UNRESOLVED: gcc.dg/lto/20091216-1 c_lto_20091216-1_0.o-c_lto_20091216-1_0.o execute -O0 -flto
FAIL: gcc.dg/lto/20091216-1 c_lto_20091216-1_0.o assemble, -O2 -flto
UNRESOLVED: gcc.dg/lto/20091216-1 c_lto_20091216-1_0.o-c_lto_20091216-1_0.o link -O2 -flto
UNRESOLVED: gcc.dg/lto/20091216-1 c_lto_20091216-1_0.o-c_lto_20091216-1_0.o execute -O2 -flto
FAIL: gcc.dg/lto/20100518 c_lto_20100518_0.o assemble, -O0 -fwhopr
UNRESOLVED: gcc.dg/lto/20100518 c_lto_20100518_0.o-c_lto_20100518_0.o link -O0 -fwhopr
UNRESOLVED: gcc.dg/lto/20100518 c_lto_20100518_0.o-c_lto_20100518_0.o execute -O0 -fwhopr
FAIL: gcc.dg/lto/20100518 c_lto_20100518_0.o assemble, -O2 -fwhopr
UNRESOLVED: gcc.dg/lto/20100518 c_lto_20100518_0.o-c_lto_20100518_0.o link -O2 -fwhopr
UNRESOLVED: gcc.dg/lto/20100518 c_lto_20100518_0.o-c_lto_20100518_0.o execute -O2 -fwhopr
FAIL: gcc.dg/lto/20100518 c_lto_20100518_0.o assemble, -O0 -flto
UNRESOLVED: gcc.dg/lto/20100518 c_lto_20100518_0.o-c_lto_20100518_0.o link -O0 -flto
UNRESOLVED: gcc.dg/lto/20100518 c_lto_20100518_0.o-c_lto_20100518_0.o execute -O0 -flto
FAIL: gcc.dg/lto/20100518 c_lto_20100518_0.o assemble, -O2 -flto
UNRESOLVED: gcc.dg/lto/20100518 c_lto_20100518_0.o-c_lto_20100518_0.o link -O2 -flto
UNRESOLVED: gcc.dg/lto/20100518 c_lto_20100518_0.o-c_lto_20100518_0.o execute -O2 -flto
XPASS: gcc.dg/tree-ssa/20040204-1.c scan-tree-dump-times optimized "link_error" 0
=== gcc Summary ===
# of expected passes 64816
# of unexpected failures 94
# of unexpected successes 17
# of expected failures 111
# of unresolved testcases 17
# of unsupported tests 995
/build-extralong/BUILD/gcc/obj-s390-redhat-linux/gcc/xgcc version 4.6.0 20100530 (experimental) (GCC)
=== gfortran tests ===
Running target unix
FAIL: gfortran.dg/allocatable_scalar_5.f90 -O0 execution test
FAIL: gfortran.dg/array_constructor_11.f90 -O3 -g (internal compiler error)
FAIL: gfortran.dg/array_constructor_11.f90 -O3 -g (test for excess errors)
WARNING: gfortran.dg/array_constructor_11.f90 -O3 -g compilation failed to produce executable
=== gfortran Summary ===
# of expected passes 33854
# of unexpected failures 3
# of expected failures 22
# of unsupported tests 143
/build-extralong/BUILD/gcc/obj-s390-redhat-linux/gcc/testsuite/gfortran/../../gfortran version 4.6.0 20100530 (experimental) (GCC)
=== obj-c++ tests ===
Running target unix
FAIL: obj-c++.dg/encode-2.mm scan-assembler {?={Vec<double>=ddi}{Vec<float>=ffi}fd{Vec<char>=cci}i}
FAIL: obj-c++.dg/encode-3.mm -fgnu-runtime execution test
WARNING: obj-c++.dg/lookup-2.mm -fgnu-runtime compilation failed to produce executable
WARNING: obj-c++.dg/try-catch-2.mm -fgnu-runtime compilation failed to produce executable
WARNING: obj-c++.dg/try-catch-9.mm -fgnu-runtime compilation failed to produce executable
=== obj-c++ Summary ===
# of expected passes 536
# of unexpected failures 2
# of expected failures 3
# of unsupported tests 23
/build-extralong/BUILD/gcc/obj-s390-redhat-linux/gcc/testsuite/obj-c++/../../g++ version 4.6.0 20100530 (experimental) (GCC)
=== objc tests ===
Running target unix
FAIL: objc/execute/forward-1.m execution, -O0 -fgnu-runtime
FAIL: objc/execute/forward-1.m execution, -O1 -fgnu-runtime
FAIL: objc/execute/forward-1.m execution, -O2 -fgnu-runtime
FAIL: objc/execute/forward-1.m execution, -O3 -fomit-frame-pointer -fgnu-runtime
FAIL: objc/execute/forward-1.m execution, -O3 -fomit-frame-pointer -funroll-loops -fgnu-runtime
FAIL: objc/execute/forward-1.m execution, -O3 -fomit-frame-pointer -funroll-all-loops -finline-functions -fgnu-runtime
FAIL: objc/execute/forward-1.m execution, -O3 -g -fgnu-runtime
FAIL: objc/execute/forward-1.m execution, -Os -fgnu-runtime
=== objc Summary ===
# of expected passes 1971
# of unexpected failures 8
# of expected failures 7
# of unsupported tests 28
/build-extralong/BUILD/gcc/obj-s390-redhat-linux/gcc/xgcc version 4.6.0 20100530 (experimental) (GCC)
=== libffi tests ===
Running target unix
=== libffi Summary ===
# of expected passes 1624
# of expected failures 10
# of unsupported tests 15
=== libgomp tests ===
Running target unix
=== libgomp Summary ===
# of expected passes 2494
=== libjava tests ===
Running target unix
FAIL: Divide_1 execution - source compiled test
FAIL: Divide_1 -findirect-dispatch execution - source compiled test
FAIL: Divide_1 -O3 execution - source compiled test
FAIL: Divide_1 -O3 -findirect-dispatch execution - source compiled test
=== libjava Summary ===
# of expected passes 2566
# of unexpected failures 4
# of untested testcases 4
=== libmudflap tests ===
Running target unix
FAIL: libmudflap.c++/pass58-frag.cxx (test for excess errors)
FAIL: libmudflap.c++/pass58-frag.cxx (-static) (test for excess errors)
FAIL: libmudflap.c++/pass58-frag.cxx ( -O) (test for excess errors)
FAIL: libmudflap.c++/pass58-frag.cxx (-O2) (test for excess errors)
FAIL: libmudflap.c++/pass58-frag.cxx (-O3) (test for excess errors)
=== libmudflap Summary ===
# of expected passes 1889
# of unexpected failures 5
=== libstdc++ tests ===
Running target unix
FAIL: 18_support/exception_ptr/make_exception_ptr.cc (test for excess errors)
FAIL: 18_support/numeric_limits/specialization_default_values.cc (test for excess errors)
FAIL: 19_diagnostics/logic_error/what-3.cc (test for excess errors)
FAIL: 19_diagnostics/runtime_error/what-3.cc (test for excess errors)
FAIL: 19_diagnostics/system_error/what-3.cc (test for excess errors)
FAIL: 20_util/clocks/1.cc (test for excess errors)
FAIL: 20_util/ratio/cons/cons1.cc (test for excess errors)
FAIL: 20_util/ratio/operations/ops1.cc (test for excess errors)
FAIL: 20_util/ratio/operations/ops2.cc (test for excess errors)
FAIL: 20_util/ratio/operations/ops3.cc (test for excess errors)
FAIL: 21_strings/basic_string/requirements/exception/basic.cc (test for excess errors)
FAIL: 21_strings/basic_string/requirements/exception/propagation_consistent.cc (test for excess errors)
FAIL: 21_strings/c_strings/char/1.cc (test for excess errors)
FAIL: 21_strings/c_strings/char/2.cc (test for excess errors)
FAIL: 21_strings/c_strings/wchar_t/1.cc (test for excess errors)
FAIL: 21_strings/c_strings/wchar_t/2.cc (test for excess errors)
FAIL: 22_locale/ctype_base/mask.cc (test for excess errors)
FAIL: 22_locale/money_put/put/char/1.cc (test for excess errors)
FAIL: 22_locale/money_put/put/char/12971.cc (test for excess errors)
FAIL: 22_locale/money_put/put/char/2.cc (test for excess errors)
FAIL: 22_locale/money_put/put/char/3.cc (test for excess errors)
FAIL: 22_locale/money_put/put/char/wrapped_env.cc (test for excess errors)
FAIL: 22_locale/money_put/put/char/wrapped_locale.cc (test for excess errors)
FAIL: 22_locale/money_put/put/wchar_t/1.cc (test for excess errors)
FAIL: 22_locale/money_put/put/wchar_t/12971.cc (test for excess errors)
FAIL: 22_locale/money_put/put/wchar_t/2.cc (test for excess errors)
FAIL: 22_locale/money_put/put/wchar_t/3.cc (test for excess errors)
FAIL: 22_locale/money_put/put/wchar_t/wrapped_env.cc (test for excess errors)
FAIL: 22_locale/money_put/put/wchar_t/wrapped_locale.cc (test for excess errors)
FAIL: 22_locale/moneypunct/members/char/1.cc (test for excess errors)
FAIL: 22_locale/moneypunct/members/char/wrapped_env.cc (test for excess errors)
FAIL: 22_locale/moneypunct/members/char/wrapped_locale.cc (test for excess errors)
FAIL: 22_locale/moneypunct/members/wchar_t/1.cc (test for excess errors)
FAIL: 22_locale/moneypunct/members/wchar_t/wrapped_env.cc (test for excess errors)
FAIL: 22_locale/moneypunct/members/wchar_t/wrapped_locale.cc (test for excess errors)
FAIL: 22_locale/num_get/get/char/1.cc (test for excess errors)
FAIL: 22_locale/num_get/get/char/wrapped_env.cc (test for excess errors)
FAIL: 22_locale/num_get/get/char/wrapped_locale.cc (test for excess errors)
FAIL: 22_locale/num_get/get/wchar_t/1.cc (test for excess errors)
FAIL: 22_locale/num_get/get/wchar_t/wrapped_env.cc (test for excess errors)
FAIL: 22_locale/num_get/get/wchar_t/wrapped_locale.cc (test for excess errors)
FAIL: 22_locale/num_put/put/char/1.cc (test for excess errors)
FAIL: 22_locale/num_put/put/char/wrapped_env.cc (test for excess errors)
FAIL: 22_locale/num_put/put/char/wrapped_locale.cc (test for excess errors)
FAIL: 22_locale/num_put/put/wchar_t/1.cc (test for excess errors)
FAIL: 22_locale/num_put/put/wchar_t/wrapped_env.cc (test for excess errors)
FAIL: 22_locale/num_put/put/wchar_t/wrapped_locale.cc (test for excess errors)
FAIL: 22_locale/time_get/get_date/char/5.cc (test for excess errors)
FAIL: 22_locale/time_get/get_date/wchar_t/5.cc (test for excess errors)
FAIL: 22_locale/time_get/get_monthname/char/5.cc (test for excess errors)
FAIL: 22_locale/time_get/get_monthname/wchar_t/5.cc (test for excess errors)
FAIL: 22_locale/time_get/get_time/char/5.cc (test for excess errors)
FAIL: 22_locale/time_get/get_time/wchar_t/5.cc (test for excess errors)
FAIL: 22_locale/time_get/get_weekday/char/5.cc (test for excess errors)
FAIL: 22_locale/time_get/get_weekday/wchar_t/5.cc (test for excess errors)
FAIL: 22_locale/time_get/get_year/char/5.cc (test for excess errors)
FAIL: 22_locale/time_get/get_year/wchar_t/5.cc (test for excess errors)
FAIL: 22_locale/time_put/put/char/1.cc (test for excess errors)
FAIL: 22_locale/time_put/put/char/17038.cc (test for excess errors)
FAIL: 22_locale/time_put/put/char/2.cc (test for excess errors)
FAIL: 22_locale/time_put/put/char/3.cc (test for excess errors)
FAIL: 22_locale/time_put/put/char/4.cc (test for excess errors)
FAIL: 22_locale/time_put/put/char/5.cc (test for excess errors)
FAIL: 22_locale/time_put/put/char/6.cc (test for excess errors)
FAIL: 22_locale/time_put/put/char/7.cc (test for excess errors)
FAIL: 22_locale/time_put/put/char/8.cc (test for excess errors)
FAIL: 22_locale/time_put/put/char/wrapped_env.cc (test for excess errors)
FAIL: 22_locale/time_put/put/char/wrapped_locale.cc (test for excess errors)
FAIL: 22_locale/time_put/put/wchar_t/1.cc (test for excess errors)
FAIL: 22_locale/time_put/put/wchar_t/17038.cc (test for excess errors)
FAIL: 22_locale/time_put/put/wchar_t/2.cc (test for excess errors)
FAIL: 22_locale/time_put/put/wchar_t/3.cc (test for excess errors)
FAIL: 22_locale/time_put/put/wchar_t/4.cc (test for excess errors)
FAIL: 22_locale/time_put/put/wchar_t/5.cc (test for excess errors)
FAIL: 22_locale/time_put/put/wchar_t/6.cc (test for excess errors)
FAIL: 22_locale/time_put/put/wchar_t/7.cc (test for excess errors)
FAIL: 22_locale/time_put/put/wchar_t/8.cc (test for excess errors)
FAIL: 22_locale/time_put/put/wchar_t/wrapped_env.cc (test for excess errors)
FAIL: 22_locale/time_put/put/wchar_t/wrapped_locale.cc (test for excess errors)
FAIL: 23_containers/deque/requirements/exception/basic.cc (test for excess errors)
FAIL: 23_containers/deque/requirements/exception/propagation_consistent.cc (test for excess errors)
FAIL: 23_containers/forward_list/requirements/exception/basic.cc (test for excess errors)
FAIL: 23_containers/forward_list/requirements/exception/propagation_consistent.cc (test for excess errors)
FAIL: 23_containers/list/pthread5.cc (test for excess errors)
FAIL: 23_containers/list/requirements/exception/basic.cc (test for excess errors)
FAIL: 23_containers/list/requirements/exception/propagation_consistent.cc (test for excess errors)
FAIL: 23_containers/map/dr130.cc (test for excess errors)
FAIL: 23_containers/map/requirements/exception/basic.cc (test for excess errors)
FAIL: 23_containers/map/requirements/exception/propagation_consistent.cc (test for excess errors)
FAIL: 23_containers/multimap/requirements/exception/basic.cc (test for excess errors)
FAIL: 23_containers/multimap/requirements/exception/propagation_consistent.cc (test for excess errors)
FAIL: 23_containers/multiset/requirements/exception/basic.cc (test for excess errors)
FAIL: 23_containers/multiset/requirements/exception/propagation_consistent.cc (test for excess errors)
FAIL: 23_containers/priority_queue/members/7161.cc (test for excess errors)
FAIL: 23_containers/set/dr130.cc (test for excess errors)
FAIL: 23_containers/set/requirements/exception/basic.cc (test for excess errors)
FAIL: 23_containers/set/requirements/exception/propagation_consistent.cc (test for excess errors)
FAIL: 23_containers/unordered_map/requirements/exception/basic.cc (test for excess errors)
FAIL: 23_containers/unordered_map/requirements/exception/propagation_consistent.cc (test for excess errors)
FAIL: 23_containers/unordered_multimap/requirements/exception/basic.cc (test for excess errors)
FAIL: 23_containers/unordered_multimap/requirements/exception/propagation_consistent.cc (test for excess errors)
FAIL: 23_containers/unordered_multiset/requirements/exception/basic.cc (test for excess errors)
FAIL: 23_containers/unordered_multiset/requirements/exception/propagation_consistent.cc (test for excess errors)
FAIL: 23_containers/unordered_set/requirements/exception/basic.cc (test for excess errors)
FAIL: 23_containers/unordered_set/requirements/exception/propagation_consistent.cc (test for excess errors)
FAIL: 23_containers/vector/requirements/exception/basic.cc (test for excess errors)
FAIL: 23_containers/vector/requirements/exception/propagation_consistent.cc (test for excess errors)
FAIL: 24_iterators/back_insert_iterator/2.cc (test for excess errors)
FAIL: 24_iterators/front_insert_iterator/2.cc (test for excess errors)
FAIL: 24_iterators/insert_iterator/2.cc (test for excess errors)
FAIL: 25_algorithms/minmax/1.cc (test for excess errors)
FAIL: 25_algorithms/minmax/3.cc (test for excess errors)
FAIL: 26_numerics/complex/complex_value.cc (test for excess errors)
FAIL: 26_numerics/headers/cmath/c99_classification_macros_c++.cc (test for excess errors)
FAIL: 26_numerics/headers/cmath/overloads.cc (test for excess errors)
FAIL: 26_numerics/random/discard_block_engine/cons/copy.cc (test for excess errors)
FAIL: 26_numerics/random/independent_bits_engine/cons/copy.cc (test for excess errors)
FAIL: 26_numerics/random/linear_congruential_engine/cons/copy.cc (test for excess errors)
FAIL: 26_numerics/random/linear_congruential_engine/requirements/constants.cc (test for excess errors)
FAIL: 26_numerics/random/mersenne_twister_engine/cons/copy.cc (test for excess errors)
FAIL: 26_numerics/random/mersenne_twister_engine/requirements/constants.cc (test for excess errors)
FAIL: 26_numerics/random/shuffle_order_engine/cons/copy.cc (test for excess errors)
FAIL: 26_numerics/random/shuffle_order_engine/requirements/constants.cc (test for excess errors)
FAIL: 26_numerics/random/subtract_with_carry_engine/cons/copy.cc (test for excess errors)
FAIL: 26_numerics/random/subtract_with_carry_engine/requirements/constants.cc (test for excess errors)
FAIL: 26_numerics/slice_array/array_assignment.cc (test for excess errors)
FAIL: 27_io/basic_filebuf/seekoff/12790-4.cc (test for excess errors)
FAIL: 27_io/basic_filebuf/seekoff/char/1-in.cc (test for excess errors)
FAIL: 27_io/basic_filebuf/seekoff/char/1-io.cc (test for excess errors)
FAIL: 27_io/basic_filebuf/seekoff/char/1-out.cc (test for excess errors)
FAIL: 27_io/basic_filebuf/seekoff/char/2-in.cc (test for excess errors)
FAIL: 27_io/basic_filebuf/seekoff/char/2-io.cc (test for excess errors)
FAIL: 27_io/basic_filebuf/seekoff/char/2-out.cc (test for excess errors)
FAIL: 27_io/basic_filebuf/sgetn/char/2-out.cc (test for excess errors)
FAIL: 27_io/basic_filebuf/sungetc/char/1-io.cc (test for excess errors)
FAIL: 27_io/basic_filebuf/sungetc/char/2-io.cc (test for excess errors)
FAIL: 27_io/basic_istream/extractors_arithmetic/char/01.cc (test for excess errors)
FAIL: 27_io/basic_istream/extractors_arithmetic/wchar_t/01.cc (test for excess errors)
FAIL: 27_io/basic_istream/ignore/char/1.cc (test for excess errors)
FAIL: 27_io/basic_istream/ignore/wchar_t/1.cc (test for excess errors)
FAIL: 27_io/basic_istream/peek/char/1.cc (test for excess errors)
FAIL: 27_io/basic_istream/peek/wchar_t/1.cc (test for excess errors)
FAIL: 27_io/basic_istream/seekg/char/8348-2.cc (test for excess errors)
FAIL: 27_io/basic_istream/seekg/wchar_t/8348-2.cc (test for excess errors)
FAIL: 27_io/basic_istream/tellg/char/8348.cc (test for excess errors)
FAIL: 27_io/basic_istream/tellg/wchar_t/8348.cc (test for excess errors)
FAIL: 27_io/basic_istream/ws/char/1.cc (test for excess errors)
FAIL: 27_io/basic_istream/ws/wchar_t/1.cc (test for excess errors)
FAIL: 27_io/basic_ostream/inserters_character/char/4.cc (test for excess errors)
FAIL: 27_io/basic_ostream/inserters_character/wchar_t/4.cc (test for excess errors)
FAIL: 27_io/basic_ostringstream/str/char/1.cc (test for excess errors)
FAIL: 27_io/basic_ostringstream/str/wchar_t/1.cc (test for excess errors)
FAIL: 27_io/basic_stringbuf/sbumpc/char/1.cc (test for excess errors)
FAIL: 27_io/basic_stringbuf/sbumpc/wchar_t/1.cc (test for excess errors)
FAIL: 27_io/basic_stringbuf/seekoff/char/1.cc (test for excess errors)
FAIL: 27_io/basic_stringbuf/seekoff/wchar_t/1.cc (test for excess errors)
FAIL: 27_io/basic_stringbuf/seekpos/char/1.cc (test for excess errors)
FAIL: 27_io/basic_stringbuf/seekpos/wchar_t/1.cc (test for excess errors)
FAIL: 27_io/basic_stringbuf/sgetc/char/1.cc (test for excess errors)
FAIL: 27_io/basic_stringbuf/sgetc/wchar_t/1.cc (test for excess errors)
FAIL: 27_io/basic_stringbuf/sgetn/char/1.cc (test for excess errors)
FAIL: 27_io/basic_stringbuf/sgetn/wchar_t/1.cc (test for excess errors)
FAIL: 27_io/basic_stringbuf/snextc/char/1.cc (test for excess errors)
FAIL: 27_io/basic_stringbuf/snextc/wchar_t/1.cc (test for excess errors)
FAIL: 27_io/basic_stringbuf/sputbackc/char/1.cc (test for excess errors)
FAIL: 27_io/basic_stringbuf/sputbackc/wchar_t/1.cc (test for excess errors)
FAIL: 27_io/basic_stringbuf/sungetc/char/1.cc (test for excess errors)
FAIL: 27_io/basic_stringbuf/sungetc/wchar_t/1.cc (test for excess errors)
FAIL: 27_io/fpos/mbstate_t/2.cc (test for excess errors)
FAIL: 27_io/fpos/mbstate_t/3.cc (test for excess errors)
FAIL: 27_io/fpos/mbstate_t/4_neg.cc (test for excess errors)
FAIL: 27_io/fpos/mbstate_t/5.cc (test for excess errors)
FAIL: 27_io/ios_base/failure/what-3.cc (test for excess errors)
FAIL: 27_io/types/2.cc (test for excess errors)
FAIL: 29_atomics/atomic/cons/copy_list.cc (test for excess errors)
FAIL: 29_atomics/atomic_address/cons/aggregate.cc (test for excess errors)
FAIL: 29_atomics/atomic_flag/cons/1.cc (test for excess errors)
FAIL: 29_atomics/atomic_integral/cons/copy_list.cc (test for excess errors)
FAIL: ext/pb_ds/regression/trie_data_map_rand.cc (test for excess errors)
FAIL: ext/pb_ds/regression/trie_no_data_map_rand.cc (test for excess errors)
FAIL: ext/vstring/requirements/exception/basic.cc (test for excess errors)
FAIL: ext/vstring/requirements/exception/propagation_consistent.cc (test for excess errors)
FAIL: tr1/5_numerical_facilities/random/discard_block/requirements/constants.cc (test for excess errors)
FAIL: tr1/5_numerical_facilities/random/linear_congruential/requirements/constants.cc (test for excess errors)
FAIL: tr1/5_numerical_facilities/random/mersenne_twister/requirements/constants.cc (test for excess errors)
FAIL: tr1/5_numerical_facilities/random/subtract_with_carry/requirements/constants.cc (test for excess errors)
FAIL: tr1/5_numerical_facilities/random/subtract_with_carry_01/requirements/constants.cc (test for excess errors)
FAIL: tr1/5_numerical_facilities/random/xor_combine/requirements/constants.cc (test for excess errors)
FAIL: tr1/6_containers/utility/pair.cc (test for excess errors)
FAIL: tr1/8_c_compatibility/cctype/functions.cc (test for excess errors)
FAIL: tr1/8_c_compatibility/cfenv/functions.cc (test for excess errors)
FAIL: tr1/8_c_compatibility/cinttypes/functions.cc (test for excess errors)
FAIL: tr1/8_c_compatibility/cmath/functions.cc (test for excess errors)
FAIL: tr1/8_c_compatibility/cmath/templates.cc (test for excess errors)
FAIL: tr1/8_c_compatibility/cstdio/functions.cc (test for excess errors)
FAIL: tr1/8_c_compatibility/cstdlib/functions.cc (test for excess errors)
FAIL: tr1/8_c_compatibility/cwchar/functions.cc (test for excess errors)
FAIL: tr1/8_c_compatibility/cwctype/functions.cc (test for excess errors)
=== libstdc++ Summary ===
# of expected passes 7327
# of unexpected failures 198
# of expected failures 93
# of unsupported tests 29
Compiler version: 4.6.0 20100530 (experimental) (GCC)
Platform: s390-ibm-linux-gnu
configure flags: --prefix=/usr --mandir=/usr/share/man --infodir=/usr/share/info --enable-shared --enable-threads=posix --enable-checking --with-system-zlib --enable-__cxa_atexit --with-long-double-128 --host=s390-redhat-linux --build=s390-redhat-linux --target=s390-redhat-linux --enable-languages=c,c++,objc,obj-c++,java,fortran