This is the mail archive of the
gcc-testresults@gcc.gnu.org
mailing list for the GCC project.
Results for 4.5.1 20100528 (prerelease) [gcc-4_5-branch revision 160000] (GCC) gcc testsuite on sh-unknown-elf
- From: Mike Stein <mstein dot lists at googlemail dot com>
- To: gcc-testresults at gcc dot gnu dot org
- Date: Sat, 29 May 2010 23:55:19 +0200
- Subject: Results for 4.5.1 20100528 (prerelease) [gcc-4_5-branch revision 160000] (GCC) gcc testsuite on sh-unknown-elf
- Reply-to: gcc at gcc dot gnu dot org
Debian 5 on x86_64
cross tool versions:
GNU assembler (GNU Binutils) 2.18.50.20080419
GNU gdb 6.8.50.20080419-cvs
GNU ld (GNU Binutils) 2.18.50.20080419
GNU Make 3.81
expect version 5.43.0
host gcc version: gcc (GCC) 4.6.0 20100528 (experimental) [trunk revision 160000]
LAST_UPDATED: Fri May 28 22:13:10 UTC 2010 (revision 160000)
Target is sh-unknown-elf
Host is x86_64-unknown-linux-gnu
=== gcc tests ===
Running target sh-sim
FAIL: gcc.c-torture/execute/pr42248.c compilation, -O0
UNRESOLVED: gcc.c-torture/execute/pr42248.c execution, -O0
FAIL: gcc.c-torture/execute/pr42248.c compilation, -O1
UNRESOLVED: gcc.c-torture/execute/pr42248.c execution, -O1
FAIL: gcc.c-torture/execute/pr42248.c compilation, -O2
UNRESOLVED: gcc.c-torture/execute/pr42248.c execution, -O2
FAIL: gcc.c-torture/execute/pr42248.c compilation, -O3 -fomit-frame-pointer
UNRESOLVED: gcc.c-torture/execute/pr42248.c execution, -O3 -fomit-frame-pointer
FAIL: gcc.c-torture/execute/pr42248.c compilation, -O3 -g
UNRESOLVED: gcc.c-torture/execute/pr42248.c execution, -O3 -g
FAIL: gcc.c-torture/execute/pr42248.c compilation, -Os
UNRESOLVED: gcc.c-torture/execute/pr42248.c execution, -Os
FAIL: gcc.c-torture/execute/pr42248.c compilation, -O2 -flto
UNRESOLVED: gcc.c-torture/execute/pr42248.c execution, -O2 -flto
FAIL: gcc.c-torture/execute/pr42248.c compilation, -O2 -fwhopr
UNRESOLVED: gcc.c-torture/execute/pr42248.c execution, -O2 -fwhopr
FAIL: gcc.c-torture/execute/pr42614.c compilation, -O0
UNRESOLVED: gcc.c-torture/execute/pr42614.c execution, -O0
FAIL: gcc.c-torture/execute/pr42614.c compilation, -O1
UNRESOLVED: gcc.c-torture/execute/pr42614.c execution, -O1
FAIL: gcc.c-torture/execute/pr42614.c compilation, -O2
UNRESOLVED: gcc.c-torture/execute/pr42614.c execution, -O2
FAIL: gcc.c-torture/execute/pr42614.c compilation, -O3 -fomit-frame-pointer
UNRESOLVED: gcc.c-torture/execute/pr42614.c execution, -O3 -fomit-frame-pointer
FAIL: gcc.c-torture/execute/pr42614.c compilation, -O3 -fomit-frame-pointer -funroll-loops
UNRESOLVED: gcc.c-torture/execute/pr42614.c execution, -O3 -fomit-frame-pointer -funroll-loops
FAIL: gcc.c-torture/execute/pr42614.c compilation, -O3 -fomit-frame-pointer -funroll-all-loops -finline-functions
UNRESOLVED: gcc.c-torture/execute/pr42614.c execution, -O3 -fomit-frame-pointer -funroll-all-loops -finline-functions
FAIL: gcc.c-torture/execute/pr42614.c compilation, -O3 -g
UNRESOLVED: gcc.c-torture/execute/pr42614.c execution, -O3 -g
FAIL: gcc.c-torture/execute/pr42614.c compilation, -Os
UNRESOLVED: gcc.c-torture/execute/pr42614.c execution, -Os
FAIL: gcc.c-torture/execute/pr42614.c compilation, -O2 -flto
UNRESOLVED: gcc.c-torture/execute/pr42614.c execution, -O2 -flto
FAIL: gcc.c-torture/execute/pr42614.c compilation, -O2 -fwhopr
UNRESOLVED: gcc.c-torture/execute/pr42614.c execution, -O2 -fwhopr
FAIL: gcc.dg/c99-stdint-7.c (test for excess errors)
FAIL: gcc.dg/pr42427.c (test for excess errors)
FAIL: gcc.dg/lto/20081201-2 c_lto_20081201-2_0.o-c_lto_20081201-2_1.o execute -O3 -fwhopr
FAIL: gcc.dg/lto/20081222 c_lto_20081222_1.o assemble, -O0 -fwhopr
UNRESOLVED: gcc.dg/lto/20081222 c_lto_20081222_0.o-c_lto_20081222_1.o link -O0 -fwhopr
UNRESOLVED: gcc.dg/lto/20081222 c_lto_20081222_0.o-c_lto_20081222_1.o execute -O0 -fwhopr
FAIL: gcc.dg/lto/20081222 c_lto_20081222_1.o assemble, -O2 -fwhopr
UNRESOLVED: gcc.dg/lto/20081222 c_lto_20081222_0.o-c_lto_20081222_1.o link -O2 -fwhopr
UNRESOLVED: gcc.dg/lto/20081222 c_lto_20081222_0.o-c_lto_20081222_1.o execute -O2 -fwhopr
FAIL: gcc.dg/lto/20081222 c_lto_20081222_1.o assemble, -O0 -flto
UNRESOLVED: gcc.dg/lto/20081222 c_lto_20081222_0.o-c_lto_20081222_1.o link -O0 -flto
UNRESOLVED: gcc.dg/lto/20081222 c_lto_20081222_0.o-c_lto_20081222_1.o execute -O0 -flto
FAIL: gcc.dg/lto/20081222 c_lto_20081222_1.o assemble, -O2 -flto
UNRESOLVED: gcc.dg/lto/20081222 c_lto_20081222_0.o-c_lto_20081222_1.o link -O2 -flto
UNRESOLVED: gcc.dg/lto/20081222 c_lto_20081222_0.o-c_lto_20081222_1.o execute -O2 -flto
FAIL: gcc.dg/lto/20090210 c_lto_20090210_0.o-c_lto_20090210_1.o link
UNRESOLVED: gcc.dg/lto/20090210 c_lto_20090210_0.o-c_lto_20090210_1.o execute -O0 -fwhopr
FAIL: gcc.dg/lto/20090210 c_lto_20090210_0.o-c_lto_20090210_1.o link
UNRESOLVED: gcc.dg/lto/20090210 c_lto_20090210_0.o-c_lto_20090210_1.o execute -O2 -fwhopr
FAIL: gcc.dg/lto/20090210 c_lto_20090210_0.o-c_lto_20090210_1.o link
UNRESOLVED: gcc.dg/lto/20090210 c_lto_20090210_0.o-c_lto_20090210_1.o execute -O0 -flto
FAIL: gcc.dg/lto/20090210 c_lto_20090210_0.o-c_lto_20090210_1.o link
UNRESOLVED: gcc.dg/lto/20090210 c_lto_20090210_0.o-c_lto_20090210_1.o execute -O2 -flto
FAIL: gcc.dg/lto/20090313 c_lto_20090313_0.o-c_lto_20090313_0.o link
UNRESOLVED: gcc.dg/lto/20090313 c_lto_20090313_0.o-c_lto_20090313_0.o execute -O0 -fwhopr
FAIL: gcc.dg/lto/20090313 c_lto_20090313_0.o-c_lto_20090313_0.o link
UNRESOLVED: gcc.dg/lto/20090313 c_lto_20090313_0.o-c_lto_20090313_0.o execute -O2 -fwhopr
FAIL: gcc.dg/lto/20090313 c_lto_20090313_0.o-c_lto_20090313_0.o link
UNRESOLVED: gcc.dg/lto/20090313 c_lto_20090313_0.o-c_lto_20090313_0.o execute -O0 -flto
FAIL: gcc.dg/lto/20090313 c_lto_20090313_0.o-c_lto_20090313_0.o link
UNRESOLVED: gcc.dg/lto/20090313 c_lto_20090313_0.o-c_lto_20090313_0.o execute -O2 -flto
FAIL: gcc.dg/lto/20091216-1 c_lto_20091216-1_0.o-c_lto_20091216-1_0.o link
UNRESOLVED: gcc.dg/lto/20091216-1 c_lto_20091216-1_0.o-c_lto_20091216-1_0.o execute -O0 -fwhopr
FAIL: gcc.dg/lto/20091216-1 c_lto_20091216-1_0.o-c_lto_20091216-1_0.o link
UNRESOLVED: gcc.dg/lto/20091216-1 c_lto_20091216-1_0.o-c_lto_20091216-1_0.o execute -O2 -fwhopr
FAIL: gcc.dg/lto/20091216-1 c_lto_20091216-1_0.o-c_lto_20091216-1_0.o link
UNRESOLVED: gcc.dg/lto/20091216-1 c_lto_20091216-1_0.o-c_lto_20091216-1_0.o execute -O0 -flto
FAIL: gcc.dg/lto/20091216-1 c_lto_20091216-1_0.o-c_lto_20091216-1_0.o link
UNRESOLVED: gcc.dg/lto/20091216-1 c_lto_20091216-1_0.o-c_lto_20091216-1_0.o execute -O2 -flto
FAIL: gcc.dg/lto/20100518 c_lto_20100518_0.o assemble, -O0 -fwhopr
UNRESOLVED: gcc.dg/lto/20100518 c_lto_20100518_0.o-c_lto_20100518_0.o link -O0 -fwhopr
UNRESOLVED: gcc.dg/lto/20100518 c_lto_20100518_0.o-c_lto_20100518_0.o execute -O0 -fwhopr
FAIL: gcc.dg/lto/20100518 c_lto_20100518_0.o assemble, -O2 -fwhopr
UNRESOLVED: gcc.dg/lto/20100518 c_lto_20100518_0.o-c_lto_20100518_0.o link -O2 -fwhopr
UNRESOLVED: gcc.dg/lto/20100518 c_lto_20100518_0.o-c_lto_20100518_0.o execute -O2 -fwhopr
FAIL: gcc.dg/lto/20100518 c_lto_20100518_0.o assemble, -O0 -flto
UNRESOLVED: gcc.dg/lto/20100518 c_lto_20100518_0.o-c_lto_20100518_0.o link -O0 -flto
UNRESOLVED: gcc.dg/lto/20100518 c_lto_20100518_0.o-c_lto_20100518_0.o execute -O0 -flto
FAIL: gcc.dg/lto/20100518 c_lto_20100518_0.o assemble, -O2 -flto
UNRESOLVED: gcc.dg/lto/20100518 c_lto_20100518_0.o-c_lto_20100518_0.o link -O2 -flto
UNRESOLVED: gcc.dg/lto/20100518 c_lto_20100518_0.o-c_lto_20100518_0.o execute -O2 -flto
FAIL: gcc.dg/tls/opt-12.c (test for excess errors)
UNRESOLVED: gcc.dg/tls/opt-12.c compilation failed to produce executable
FAIL: gcc.dg/torture/pr37868.c -O0 execution test
FAIL: gcc.dg/torture/pr37868.c -O1 execution test
FAIL: gcc.dg/torture/pr37868.c -O2 execution test
FAIL: gcc.dg/torture/pr37868.c -O3 -fomit-frame-pointer execution test
FAIL: gcc.dg/torture/pr37868.c -O3 -g execution test
FAIL: gcc.dg/torture/pr37868.c -Os execution test
FAIL: gcc.dg/torture/pr37868.c -O2 -flto execution test
FAIL: gcc.dg/torture/pr37868.c -O2 -fwhopr execution test
FAIL: gcc.dg/tree-ssa/pr42585.c scan-tree-dump-times optimized "struct _fat_ptr _ans" 0
FAIL: gcc.dg/tree-ssa/pr42585.c scan-tree-dump-times optimized "struct _fat_ptr _T2" 0
FAIL: gcc.target/sh/mfmovd.c scan-assembler fmov.d
=== gcc Summary ===
# of expected passes 62698
# of unexpected failures 53
# of expected failures 79
# of unresolved testcases 47
# of unsupported tests 803
/home/mstein/sim/gcc-4_5-branch/sh-elf/build/gcc/xgcc version 4.5.1 20100528 (prerelease) [gcc-4_5-branch revision 160000] (GCC)
Compiler version: 4.5.1 20100528 (prerelease) [gcc-4_5-branch revision 160000] (GCC) gcc
Platform: sh-unknown-elf
configure flags: --target=sh-elf --prefix=/home/mstein/cross-local/sh-elf --enable-languages=c --disable-nls --disable-build-warnings --with-sysroot=/home/mstein/cross-local/sh-elf --with-build-sysroot=/home/mstein/cross-local/sh-elf --with-ld=/home/mstein/cross-local/sh-elf/usr/bin/ld --with-as=/home/mstein/cross-local/sh-elf/usr/bin/as --disable-libssp --with-mpfr=/opt/cfarm/mpfr-2.4.1 --with-gmp=/opt/cfarm/gmp-4.2.4 --with-libelf=/opt/cfarm/libelf-0.8.12 --with-mpc=/opt/cfarm/mpc-0.8