This is the mail archive of the
gcc-testresults@gcc.gnu.org
mailing list for the GCC project.
Results for 4.6.0 20100430 (experimental) (GCC) testsuite on sparc-sun-solaris2.8
- From: Rainer Orth <ro at CeBiTec dot Uni-Bielefeld dot DE>
- To: gcc-testresults at gcc dot gnu dot org
- Date: Thu, 27 May 2010 20:30:07 +0200 (MEST)
- Subject: Results for 4.6.0 20100430 (experimental) (GCC) testsuite on sparc-sun-solaris2.8
=== acats tests ===
FAIL: ce3908a
=== acats Summary ===
# of expected passes 2320
# of unexpected failures 1
Native configuration is sparc-sun-solaris2.8
=== g++ tests ===
Running target unix
FAIL: g++.dg/warn/miss-format-1.C (test for errors, line 25)
FAIL: g++.dg/warn/miss-format-1.C (test for excess errors)
XPASS: g++.old-deja/g++.other/init19.C execution test
=== g++ Summary for unix ===
# of expected passes 21895
# of unexpected failures 2
# of unexpected successes 1
# of expected failures 153
# of unsupported tests 296
Running target unix/-m64
FAIL: g++.dg/warn/miss-format-1.C (test for errors, line 25)
FAIL: g++.dg/warn/miss-format-1.C (test for excess errors)
XPASS: g++.old-deja/g++.other/init19.C execution test
=== g++ Summary for unix/-m64 ===
# of expected passes 21856
# of unexpected failures 2
# of unexpected successes 1
# of expected failures 153
# of unsupported tests 297
=== g++ Summary ===
# of expected passes 43751
# of unexpected failures 4
# of unexpected successes 2
# of expected failures 306
# of unsupported tests 593
/vol/gcc/obj/regression/trunk/8-gcc-gas/build/gcc/testsuite/g++/../../g++ version 4.6.0 20100430 (experimental) (GCC)
=== gcc tests ===
Running target unix
FAIL: gcc.c-torture/compile/limits-exprparen.c -O0 (test for excess errors)
FAIL: gcc.c-torture/compile/limits-exprparen.c -O1 (test for excess errors)
FAIL: gcc.c-torture/compile/limits-exprparen.c -O2 (test for excess errors)
FAIL: gcc.c-torture/compile/limits-exprparen.c -O3 -fomit-frame-pointer (test for excess errors)
FAIL: gcc.c-torture/compile/limits-exprparen.c -O3 -g (test for excess errors)
FAIL: gcc.c-torture/compile/limits-exprparen.c -Os (test for excess errors)
FAIL: gcc.c-torture/compile/limits-exprparen.c -O2 -flto (test for excess errors)
FAIL: gcc.c-torture/compile/limits-exprparen.c -O2 -fwhopr (test for excess errors)
FAIL: gcc.c-torture/compile/limits-externalid.c -O0 (test for excess errors)
FAIL: gcc.c-torture/compile/limits-externalid.c -O1 (test for excess errors)
FAIL: gcc.c-torture/compile/limits-externalid.c -O2 (test for excess errors)
FAIL: gcc.c-torture/compile/limits-externalid.c -O3 -fomit-frame-pointer (test for excess errors)
FAIL: gcc.c-torture/compile/limits-externalid.c -O3 -g (test for excess errors)
FAIL: gcc.c-torture/compile/limits-externalid.c -Os (test for excess errors)
FAIL: gcc.c-torture/compile/limits-externalid.c -O2 -flto (test for excess errors)
FAIL: gcc.c-torture/compile/limits-externalid.c -O2 -fwhopr (test for excess errors)
WARNING: program timed out.
FAIL: gcc.c-torture/compile/limits-fnargs.c -O2 (test for excess errors)
WARNING: program timed out.
FAIL: gcc.c-torture/compile/limits-fnargs.c -O3 -g (test for excess errors)
FAIL: gcc.c-torture/execute/pr38819.c execution, -O2
FAIL: gcc.c-torture/execute/pr38819.c execution, -O3 -fomit-frame-pointer
FAIL: gcc.c-torture/execute/pr38819.c execution, -O3 -fomit-frame-pointer -funroll-loops
FAIL: gcc.c-torture/execute/pr38819.c execution, -O3 -fomit-frame-pointer -funroll-all-loops -finline-functions
FAIL: gcc.c-torture/execute/pr38819.c execution, -O3 -g
FAIL: gcc.c-torture/execute/pr38819.c execution, -O2 -flto
FAIL: gcc.c-torture/execute/pr38819.c execution, -O2 -fwhopr
WARNING: program timed out.
FAIL: gcc.dg/pr28796-2.c execution test
FAIL: gcc.dg/pr34668-1.c (internal compiler error)
FAIL: gcc.dg/pr34668-1.c (test for excess errors)
FAIL: gcc.dg/pr42427.c (test for excess errors)
WARNING: program timed out.
FAIL: gcc.dg/pr43058.c (test for excess errors)
FAIL: gcc.dg/pthread-init-1.c (test for excess errors)
FAIL: gcc.dg/pthread-init-2.c (test for excess errors)
FAIL: gcc.dg/lto/20081201-2 c_lto_20081201-2_0.o-c_lto_20081201-2_1.o execute -O3 -fwhopr
FAIL: gcc.dg/lto/20081222 c_lto_20081222_1.o assemble, -O0 -fwhopr
FAIL: gcc.dg/lto/20081222 c_lto_20081222_1.o assemble, -O2 -fwhopr
FAIL: gcc.dg/lto/20081222 c_lto_20081222_1.o assemble, -O0 -flto
FAIL: gcc.dg/lto/20081222 c_lto_20081222_1.o assemble, -O2 -flto
FAIL: gcc.dg/lto/20090729 c_lto_20090729_0.o-c_lto_20090729_1.o link
UNRESOLVED: gcc.dg/lto/20090729 c_lto_20090729_0.o-c_lto_20090729_1.o execute -w
FAIL: gcc.dg/lto/20100423-2 c_lto_20100423-2_0.o-c_lto_20100423-2_1.o link
UNRESOLVED: gcc.dg/lto/20100423-2 c_lto_20100423-2_0.o-c_lto_20100423-2_1.o execute -O2 -flto
FAIL: gcc.dg/lto/20100423-2 c_lto_20100423-2_0.o-c_lto_20100423-2_1.o link
UNRESOLVED: gcc.dg/lto/20100423-2 c_lto_20100423-2_0.o-c_lto_20100423-2_1.o execute -O2 -fwhopr
FAIL: gcc.dg/lto/20100423-2 c_lto_20100423-2_0.o-c_lto_20100423-2_1.o link
UNRESOLVED: gcc.dg/lto/20100423-2 c_lto_20100423-2_0.o-c_lto_20100423-2_1.o execute -O3 -flto
FAIL: gcc.dg/lto/20100423-2 c_lto_20100423-2_0.o-c_lto_20100423-2_1.o link
UNRESOLVED: gcc.dg/lto/20100423-2 c_lto_20100423-2_0.o-c_lto_20100423-2_1.o execute -O3 -fwhopr
FAIL: gcc.dg/vect/pr43430-1.c scan-tree-dump-times vect "vectorized 1 loops" 1
FAIL: gcc.dg/vect/slp-multitypes-2.c execution test
FAIL: gcc.dg/vect/slp-reduc-3.c scan-tree-dump-times vect "vectorizing stmts using SLP" 1
FAIL: gcc.dg/vect/slp-reduc-6.c scan-tree-dump-times vect "vectorized 1 loops" 2
=== gcc Summary for unix ===
# of expected passes 64478
# of unexpected failures 46
# of expected failures 202
# of unresolved testcases 5
# of unsupported tests 943
Running target unix/-m64
FAIL: gcc.c-torture/compile/limits-exprparen.c -O0 (test for excess errors)
FAIL: gcc.c-torture/compile/limits-exprparen.c -O1 (test for excess errors)
FAIL: gcc.c-torture/compile/limits-exprparen.c -O2 (test for excess errors)
FAIL: gcc.c-torture/compile/limits-exprparen.c -O3 -fomit-frame-pointer (test for excess errors)
FAIL: gcc.c-torture/compile/limits-exprparen.c -O3 -g (test for excess errors)
FAIL: gcc.c-torture/compile/limits-exprparen.c -Os (test for excess errors)
FAIL: gcc.c-torture/compile/limits-exprparen.c -O2 -flto (test for excess errors)
FAIL: gcc.c-torture/compile/limits-exprparen.c -O2 -fwhopr (test for excess errors)
FAIL: gcc.c-torture/compile/limits-externalid.c -O0 (test for excess errors)
FAIL: gcc.c-torture/compile/limits-externalid.c -O1 (test for excess errors)
FAIL: gcc.c-torture/compile/limits-externalid.c -O2 (test for excess errors)
FAIL: gcc.c-torture/compile/limits-externalid.c -O3 -fomit-frame-pointer (test for excess errors)
FAIL: gcc.c-torture/compile/limits-externalid.c -O3 -g (test for excess errors)
FAIL: gcc.c-torture/compile/limits-externalid.c -Os (test for excess errors)
FAIL: gcc.c-torture/compile/limits-externalid.c -O2 -flto (test for excess errors)
FAIL: gcc.c-torture/compile/limits-externalid.c -O2 -fwhopr (test for excess errors)
FAIL: gcc.dg/cpp/trad/include.c (internal compiler error)
FAIL: gcc.dg/cpp/trad/include.c (test for excess errors)
FAIL: gcc.dg/builtins-1.c (internal compiler error)
FAIL: gcc.dg/builtins-1.c (test for excess errors)
ERROR: gcc.dg/builtins-1.c: error executing dg-final: couldn't open "builtins-1.s": no such file or directory
UNRESOLVED: gcc.dg/builtins-1.c: error executing dg-final: couldn't open "builtins-1.s": no such file or directory
WARNING: program timed out.
FAIL: gcc.dg/pr28796-2.c execution test
FAIL: gcc.dg/pr34668-1.c (internal compiler error)
FAIL: gcc.dg/pr34668-1.c (test for excess errors)
WARNING: program timed out.
FAIL: gcc.dg/pr43058.c (test for excess errors)
FAIL: gcc.dg/pthread-init-1.c (test for excess errors)
FAIL: gcc.dg/pthread-init-2.c (test for excess errors)
FAIL: gcc.dg/lto/20081201-2 c_lto_20081201-2_0.o-c_lto_20081201-2_1.o execute -O3 -fwhopr
FAIL: gcc.dg/lto/20081222 c_lto_20081222_1.o assemble, -O0 -fwhopr
FAIL: gcc.dg/lto/20081222 c_lto_20081222_1.o assemble, -O2 -fwhopr
FAIL: gcc.dg/lto/20081222 c_lto_20081222_1.o assemble, -O0 -flto
FAIL: gcc.dg/lto/20081222 c_lto_20081222_1.o assemble, -O2 -flto
FAIL: gcc.dg/lto/20090729 c_lto_20090729_0.o-c_lto_20090729_1.o link
UNRESOLVED: gcc.dg/lto/20090729 c_lto_20090729_0.o-c_lto_20090729_1.o execute -w
FAIL: gcc.dg/lto/20100423-2 c_lto_20100423-2_0.o-c_lto_20100423-2_1.o link
UNRESOLVED: gcc.dg/lto/20100423-2 c_lto_20100423-2_0.o-c_lto_20100423-2_1.o execute -O2 -flto
FAIL: gcc.dg/lto/20100423-2 c_lto_20100423-2_0.o-c_lto_20100423-2_1.o link
UNRESOLVED: gcc.dg/lto/20100423-2 c_lto_20100423-2_0.o-c_lto_20100423-2_1.o execute -O2 -fwhopr
FAIL: gcc.dg/lto/20100423-2 c_lto_20100423-2_0.o-c_lto_20100423-2_1.o link
UNRESOLVED: gcc.dg/lto/20100423-2 c_lto_20100423-2_0.o-c_lto_20100423-2_1.o execute -O3 -flto
FAIL: gcc.dg/lto/20100423-2 c_lto_20100423-2_0.o-c_lto_20100423-2_1.o link
UNRESOLVED: gcc.dg/lto/20100423-2 c_lto_20100423-2_0.o-c_lto_20100423-2_1.o execute -O3 -fwhopr
FAIL: gcc.dg/vect/pr43430-1.c scan-tree-dump-times vect "vectorized 1 loops" 1
FAIL: gcc.dg/vect/slp-reduc-3.c scan-tree-dump-times vect "vectorizing stmts using SLP" 1
FAIL: gcc.dg/vect/slp-reduc-6.c scan-tree-dump-times vect "vectorized 1 loops" 2
=== gcc Summary for unix/-m64 ===
# of expected passes 64476
# of unexpected failures 39
# of expected failures 198
# of unresolved testcases 6
# of unsupported tests 949
=== gcc Summary ===
# of expected passes 128954
# of unexpected failures 85
# of expected failures 400
# of unresolved testcases 11
# of unsupported tests 1892
/vol/gcc/obj/regression/trunk/8-gcc-gas/build/gcc/xgcc version 4.6.0 20100430 (experimental) (GCC)
=== gfortran tests ===
Running target unix
FAIL: gfortran.dg/array_constructor_11.f90 -O3 -g (internal compiler error)
FAIL: gfortran.dg/array_constructor_11.f90 -O3 -g (test for excess errors)
WARNING: gfortran.dg/array_constructor_11.f90 -O3 -g compilation failed to produce executable
FAIL: gfortran.dg/array_constructor_33.f90 -O (test for excess errors)
WARNING: program timed out.
FAIL: gfortran.dg/lto/20091015-1 f_lto_20091015-1_0.o-f_lto_20091015-1_2.o link
UNRESOLVED: gfortran.dg/lto/20091015-1 f_lto_20091015-1_0.o-f_lto_20091015-1_2.o execute -O0 -fwhopr
FAIL: gfortran.dg/lto/20091015-1 f_lto_20091015-1_0.o-f_lto_20091015-1_2.o link
UNRESOLVED: gfortran.dg/lto/20091015-1 f_lto_20091015-1_0.o-f_lto_20091015-1_2.o execute -O2 -fwhopr
FAIL: gfortran.dg/lto/20091015-1 f_lto_20091015-1_0.o-f_lto_20091015-1_2.o link
UNRESOLVED: gfortran.dg/lto/20091015-1 f_lto_20091015-1_0.o-f_lto_20091015-1_2.o execute -O0 -flto
FAIL: gfortran.dg/lto/20091015-1 f_lto_20091015-1_0.o-f_lto_20091015-1_2.o link
UNRESOLVED: gfortran.dg/lto/20091015-1 f_lto_20091015-1_0.o-f_lto_20091015-1_2.o execute -O2 -flto
=== gfortran Summary for unix ===
# of expected passes 33794
# of unexpected failures 7
# of expected failures 23
# of unresolved testcases 4
# of unsupported tests 322
Running target unix/-m64
FAIL: gfortran.dg/array_constructor_11.f90 -O3 -g (internal compiler error)
FAIL: gfortran.dg/array_constructor_11.f90 -O3 -g (test for excess errors)
WARNING: gfortran.dg/array_constructor_11.f90 -O3 -g compilation failed to produce executable
FAIL: gfortran.dg/array_constructor_33.f90 -O (test for excess errors)
WARNING: program timed out.
FAIL: gfortran.dg/lto/20091015-1 f_lto_20091015-1_0.o-f_lto_20091015-1_2.o link
UNRESOLVED: gfortran.dg/lto/20091015-1 f_lto_20091015-1_0.o-f_lto_20091015-1_2.o execute -O0 -fwhopr
FAIL: gfortran.dg/lto/20091015-1 f_lto_20091015-1_0.o-f_lto_20091015-1_2.o link
UNRESOLVED: gfortran.dg/lto/20091015-1 f_lto_20091015-1_0.o-f_lto_20091015-1_2.o execute -O2 -fwhopr
FAIL: gfortran.dg/lto/20091015-1 f_lto_20091015-1_0.o-f_lto_20091015-1_2.o link
UNRESOLVED: gfortran.dg/lto/20091015-1 f_lto_20091015-1_0.o-f_lto_20091015-1_2.o execute -O0 -flto
FAIL: gfortran.dg/lto/20091015-1 f_lto_20091015-1_0.o-f_lto_20091015-1_2.o link
UNRESOLVED: gfortran.dg/lto/20091015-1 f_lto_20091015-1_0.o-f_lto_20091015-1_2.o execute -O2 -flto
=== gfortran Summary for unix/-m64 ===
# of expected passes 33945
# of unexpected failures 7
# of expected failures 23
# of unresolved testcases 4
# of unsupported tests 249
=== gfortran Summary ===
# of expected passes 67739
# of unexpected failures 14
# of expected failures 46
# of unresolved testcases 8
# of unsupported tests 571
/vol/gcc/obj/regression/trunk/8-gcc-gas/build/gcc/testsuite/gfortran/../../gfortran version 4.6.0 20100430 (experimental) (GCC)
=== gnat tests ===
Running target unix
=== gnat Summary for unix ===
# of expected passes 778
# of expected failures 8
# of unsupported tests 2
Running target unix/-m64
=== gnat Summary for unix/-m64 ===
# of expected passes 778
# of expected failures 8
# of unsupported tests 2
=== gnat Summary ===
# of expected passes 1556
# of expected failures 16
# of unsupported tests 4
=== objc tests ===
Running target unix
=== objc Summary for unix ===
# of expected passes 1869
# of expected failures 15
# of unsupported tests 20
Running target unix/-m64
=== objc Summary for unix/-m64 ===
# of expected passes 1869
# of expected failures 15
# of unsupported tests 20
=== objc Summary ===
# of expected passes 3738
# of expected failures 30
# of unsupported tests 40
/vol/gcc/obj/regression/trunk/8-gcc-gas/build/gcc/xgcc version 4.6.0 20100430 (experimental) (GCC)
=== libffi tests ===
Running target unix
=== libffi Summary for unix ===
# of expected passes 1624
# of expected failures 10
# of unsupported tests 15
Running target unix/-m64
=== libffi Summary for unix/-m64 ===
# of expected passes 1624
# of expected failures 10
# of unsupported tests 15
=== libffi Summary ===
# of expected passes 3248
# of expected failures 20
# of unsupported tests 30
=== libgomp tests ===
Running target unix
=== libgomp Summary for unix ===
# of expected passes 2476
# of unsupported tests 9
Running target unix/-m64
=== libgomp Summary for unix/-m64 ===
# of expected passes 2476
# of unsupported tests 9
=== libgomp Summary ===
# of expected passes 4952
# of unsupported tests 18
=== libjava tests ===
Running target unix
FAIL: InvokeInterface execution - source compiled test
FAIL: InvokeInterface -O3 execution - source compiled test
=== libjava Summary for unix ===
# of expected passes 2570
# of unexpected failures 2
# of untested testcases 2
Running target unix/-m64
FAIL: InvokeInterface execution - source compiled test
FAIL: InvokeInterface -O3 execution - source compiled test
=== libjava Summary for unix/-m64 ===
# of expected passes 2570
# of unexpected failures 2
# of untested testcases 2
=== libjava Summary ===
# of expected passes 5140
# of unexpected failures 4
# of untested testcases 4
=== libstdc++ tests ===
Running target unix
FAIL: ext/enc_filebuf/char/13598.cc execution test
FAIL: ext/profile/all.cc (test for excess errors)
=== libstdc++ Summary for unix ===
# of expected passes 6330
# of unexpected failures 2
# of expected failures 90
# of unsupported tests 622
Running target unix/-m64
FAIL: ext/enc_filebuf/char/13598.cc execution test
FAIL: ext/profile/all.cc (test for excess errors)
=== libstdc++ Summary for unix/-m64 ===
# of expected passes 6330
# of unexpected failures 2
# of expected failures 90
# of unsupported tests 622
=== libstdc++ Summary ===
# of expected passes 12660
# of unexpected failures 4
# of expected failures 180
# of unsupported tests 1244
=== libstdc++ Summary ===
Compiler version: 4.6.0 20100430 (experimental) (GCC)
Platform: sparc-sun-solaris2.8
configure flags: --prefix=/vol/gcc --target=sparc-sun-solaris2.8 --with-as=/vol/gcc/bin/gas-2.20.1 --with-gnu-as --with-gmp=/vol/gcc --with-mpfr=/vol/gcc --with-mpc=/vol/gcc --enable-languages=all,ada
BOOT_CFLAGS=-g -O2