This is the mail archive of the
gcc-testresults@gcc.gnu.org
mailing list for the GCC project.
Results for 4.4.5 20100521 (prerelease) (GCC) testsuite on sparc-sun-solaris2.9
- From: Rainer Orth <ro at CeBiTec dot Uni-Bielefeld dot DE>
- To: gcc-testresults at gcc dot gnu dot org
- Date: Thu, 27 May 2010 20:19:05 +0200 (MEST)
- Subject: Results for 4.4.5 20100521 (prerelease) (GCC) testsuite on sparc-sun-solaris2.9
=== acats tests ===
=== acats Summary ===
# of expected passes 2315
# of unexpected failures 0
Native configuration is sparc-sun-solaris2.9
=== g++ tests ===
Running target unix
FAIL: g++.dg/debug/dwarf2/pubnames-1.C scan-assembler-times "main".*external name 1
FAIL: g++.dg/debug/dwarf2/typedef1.C scan-assembler-times DW_AT_name: "foo<1u>" 1
FAIL: g++.dg/debug/dwarf2/typedef1.C scan-assembler-times DW_AT_name: "typedef foo<1u>::type type" 1
WARNING: g++.dg/other/ucnid-1.C compilation failed to produce executable
XPASS: g++.old-deja/g++.other/init19.C execution test
=== g++ Summary for unix ===
# of expected passes 19314
# of unexpected successes 1
# of unexpected failures 3
# of expected failures 159
# of unsupported tests 262
Running target unix/-m64
FAIL: g++.dg/debug/dwarf2/pubnames-1.C scan-assembler-times "main".*external name 1
FAIL: g++.dg/debug/dwarf2/typedef1.C scan-assembler-times DW_AT_name: "foo<1u>" 1
FAIL: g++.dg/debug/dwarf2/typedef1.C scan-assembler-times DW_AT_name: "typedef foo<1u>::type type" 1
WARNING: g++.dg/other/ucnid-1.C compilation failed to produce executable
XPASS: g++.old-deja/g++.other/init19.C execution test
=== g++ Summary for unix/-m64 ===
# of expected passes 19281
# of unexpected successes 1
# of unexpected failures 3
# of expected failures 159
# of unsupported tests 263
=== g++ Summary ===
# of expected passes 38595
# of unexpected failures 6
# of unexpected successes 2
# of expected failures 318
# of unsupported tests 525
/vol/gcc/obj/regression/gcc-4.4-branch/9-gcc/build/gcc/testsuite/g++/../../g++ version 4.4.5 20100521 (prerelease) (GCC)
=== gcc tests ===
Running target unix
FAIL: gcc.c-torture/compile/limits-exprparen.c -O0 (test for excess errors)
FAIL: gcc.c-torture/compile/limits-exprparen.c -O1 (test for excess errors)
FAIL: gcc.c-torture/compile/limits-exprparen.c -O2 (test for excess errors)
FAIL: gcc.c-torture/compile/limits-exprparen.c -O3 -fomit-frame-pointer (test for excess errors)
FAIL: gcc.c-torture/compile/limits-exprparen.c -O3 -g (test for excess errors)
FAIL: gcc.c-torture/compile/limits-exprparen.c -Os (test for excess errors)
FAIL: gcc.c-torture/compile/pr38789.c -O0 (test for excess errors)
FAIL: gcc.c-torture/compile/pr38789.c -O1 (test for excess errors)
FAIL: gcc.c-torture/compile/pr38789.c -O2 (test for excess errors)
FAIL: gcc.c-torture/compile/pr38789.c -O3 -fomit-frame-pointer (test for excess errors)
FAIL: gcc.c-torture/compile/pr38789.c -O3 -g (test for excess errors)
FAIL: gcc.c-torture/compile/pr38789.c -Os (test for excess errors)
FAIL: gcc.c-torture/execute/pr38819.c execution, -O2
FAIL: gcc.c-torture/execute/pr38819.c execution, -O3 -fomit-frame-pointer
FAIL: gcc.c-torture/execute/pr38819.c execution, -O3 -fomit-frame-pointer -funroll-loops
FAIL: gcc.c-torture/execute/pr38819.c execution, -O3 -fomit-frame-pointer -funroll-all-loops -finline-functions
FAIL: gcc.c-torture/execute/pr38819.c execution, -O3 -g
FAIL: gcc.dg/debug/dwarf2/inline2.c scan-assembler-times \\(DIE \\(.*?\\) DW_TAG_inlined_subroutine 6
FAIL: gcc.dg/debug/dwarf2/inline2.c scan-assembler-times \\(DIE \\(.*?\\) DW_TAG_lexical_block 6
FAIL: gcc.dg/pr42427.c (test for excess errors)
WARNING: gcc.dg/ucnid-2.c compilation failed to produce executable
WARNING: gcc.dg/ucnid-3.c compilation failed to produce executable
WARNING: gcc.dg/ucnid-4.c compilation failed to produce executable
FAIL: gcc.dg/torture/pr41555.c -O0 (test for excess errors)
WARNING: gcc.dg/torture/pr41555.c -O0 compilation failed to produce executable
FAIL: gcc.dg/torture/pr41555.c -O1 (test for excess errors)
WARNING: gcc.dg/torture/pr41555.c -O1 compilation failed to produce executable
FAIL: gcc.dg/torture/pr41555.c -O2 (test for excess errors)
WARNING: gcc.dg/torture/pr41555.c -O2 compilation failed to produce executable
FAIL: gcc.dg/torture/pr41555.c -O3 -fomit-frame-pointer (test for excess errors)
WARNING: gcc.dg/torture/pr41555.c -O3 -fomit-frame-pointer compilation failed to produce executable
FAIL: gcc.dg/torture/pr41555.c -O3 -fomit-frame-pointer -funroll-loops (test for excess errors)
WARNING: gcc.dg/torture/pr41555.c -O3 -fomit-frame-pointer -funroll-loops compilation failed to produce executable
FAIL: gcc.dg/torture/pr41555.c -O3 -fomit-frame-pointer -funroll-all-loops -finline-functions (test for excess errors)
WARNING: gcc.dg/torture/pr41555.c -O3 -fomit-frame-pointer -funroll-all-loops -finline-functions compilation failed to produce executable
FAIL: gcc.dg/torture/pr41555.c -O3 -g (test for excess errors)
WARNING: gcc.dg/torture/pr41555.c -O3 -g compilation failed to produce executable
FAIL: gcc.dg/torture/pr41555.c -Os (test for excess errors)
WARNING: gcc.dg/torture/pr41555.c -Os compilation failed to produce executable
FAIL: gcc.dg/vect/vect-35.c scan-tree-dump-times vect "vectorized 1 loops" 1
FAIL: gcc.dg/vect/slp-multitypes-2.c execution test
=== gcc Summary for unix ===
# of expected passes 51332
# of unexpected failures 30
# of expected failures 225
# of unsupported tests 761
Running target unix/-m64
FAIL: gcc.c-torture/compile/limits-exprparen.c -O0 (test for excess errors)
FAIL: gcc.c-torture/compile/limits-exprparen.c -O1 (test for excess errors)
FAIL: gcc.c-torture/compile/limits-exprparen.c -O2 (test for excess errors)
FAIL: gcc.c-torture/compile/limits-exprparen.c -O3 -fomit-frame-pointer (test for excess errors)
FAIL: gcc.c-torture/compile/limits-exprparen.c -O3 -g (test for excess errors)
FAIL: gcc.c-torture/compile/limits-exprparen.c -Os (test for excess errors)
FAIL: gcc.c-torture/compile/pr38789.c -O0 (test for excess errors)
FAIL: gcc.c-torture/compile/pr38789.c -O1 (test for excess errors)
FAIL: gcc.c-torture/compile/pr38789.c -O2 (test for excess errors)
FAIL: gcc.c-torture/compile/pr38789.c -O3 -fomit-frame-pointer (test for excess errors)
FAIL: gcc.c-torture/compile/pr38789.c -O3 -g (test for excess errors)
FAIL: gcc.c-torture/compile/pr38789.c -Os (test for excess errors)
FAIL: gcc.dg/cpp/trad/include.c -fno-show-column (internal compiler error)
FAIL: gcc.dg/cpp/trad/include.c -fno-show-column (test for excess errors)
FAIL: gcc.dg/debug/dwarf2/inline2.c scan-assembler-times \\(DIE \\(.*?\\) DW_TAG_inlined_subroutine 6
FAIL: gcc.dg/debug/dwarf2/inline2.c scan-assembler-times \\(DIE \\(.*?\\) DW_TAG_lexical_block 6
WARNING: gcc.dg/ucnid-2.c compilation failed to produce executable
WARNING: gcc.dg/ucnid-3.c compilation failed to produce executable
WARNING: gcc.dg/ucnid-4.c compilation failed to produce executable
FAIL: gcc.dg/torture/pr41555.c -O0 (test for excess errors)
WARNING: gcc.dg/torture/pr41555.c -O0 compilation failed to produce executable
FAIL: gcc.dg/torture/pr41555.c -O1 (test for excess errors)
WARNING: gcc.dg/torture/pr41555.c -O1 compilation failed to produce executable
FAIL: gcc.dg/torture/pr41555.c -O2 (test for excess errors)
WARNING: gcc.dg/torture/pr41555.c -O2 compilation failed to produce executable
FAIL: gcc.dg/torture/pr41555.c -O3 -fomit-frame-pointer (test for excess errors)
WARNING: gcc.dg/torture/pr41555.c -O3 -fomit-frame-pointer compilation failed to produce executable
FAIL: gcc.dg/torture/pr41555.c -O3 -fomit-frame-pointer -funroll-loops (test for excess errors)
WARNING: gcc.dg/torture/pr41555.c -O3 -fomit-frame-pointer -funroll-loops compilation failed to produce executable
FAIL: gcc.dg/torture/pr41555.c -O3 -fomit-frame-pointer -funroll-all-loops -finline-functions (test for excess errors)
WARNING: gcc.dg/torture/pr41555.c -O3 -fomit-frame-pointer -funroll-all-loops -finline-functions compilation failed to produce executable
FAIL: gcc.dg/torture/pr41555.c -O3 -g (test for excess errors)
WARNING: gcc.dg/torture/pr41555.c -O3 -g compilation failed to produce executable
FAIL: gcc.dg/torture/pr41555.c -Os (test for excess errors)
WARNING: gcc.dg/torture/pr41555.c -Os compilation failed to produce executable
=== gcc Summary for unix/-m64 ===
# of expected passes 51328
# of unexpected failures 24
# of expected failures 221
# of unsupported tests 769
=== gcc Summary ===
# of expected passes 102660
# of unexpected failures 54
# of expected failures 446
# of unsupported tests 1530
/vol/gcc/obj/regression/gcc-4.4-branch/9-gcc/build/gcc/xgcc version 4.4.5 20100521 (prerelease) (GCC)
=== gfortran tests ===
Running target unix
FAIL: gfortran.dg/nint_2.f90 -O0 execution test
FAIL: gfortran.dg/stat_1.f90 -O0 execution test
FAIL: gfortran.dg/stat_1.f90 -O1 execution test
FAIL: gfortran.dg/stat_1.f90 -O2 execution test
FAIL: gfortran.dg/stat_1.f90 -O3 -fomit-frame-pointer execution test
FAIL: gfortran.dg/stat_1.f90 -O3 -fomit-frame-pointer -funroll-loops execution test
FAIL: gfortran.dg/stat_1.f90 -O3 -fomit-frame-pointer -funroll-all-loops -finline-functions execution test
FAIL: gfortran.dg/stat_1.f90 -O3 -g execution test
FAIL: gfortran.dg/stat_1.f90 -Os execution test
FAIL: gfortran.dg/stat_2.f90 -O0 execution test
FAIL: gfortran.dg/stat_2.f90 -O1 execution test
FAIL: gfortran.dg/stat_2.f90 -O2 execution test
FAIL: gfortran.dg/stat_2.f90 -O3 -fomit-frame-pointer execution test
FAIL: gfortran.dg/stat_2.f90 -O3 -fomit-frame-pointer -funroll-loops execution test
FAIL: gfortran.dg/stat_2.f90 -O3 -fomit-frame-pointer -funroll-all-loops -finline-functions execution test
FAIL: gfortran.dg/stat_2.f90 -O3 -g execution test
FAIL: gfortran.dg/stat_2.f90 -Os execution test
=== gfortran Summary for unix ===
# of expected passes 29727
# of unexpected failures 17
# of expected failures 12
# of unsupported tests 296
Running target unix/-m64
FAIL: gfortran.dg/nint_2.f90 -O0 execution test
FAIL: gfortran.dg/stat_1.f90 -O0 execution test
FAIL: gfortran.dg/stat_1.f90 -O1 execution test
FAIL: gfortran.dg/stat_1.f90 -O2 execution test
FAIL: gfortran.dg/stat_1.f90 -O3 -fomit-frame-pointer execution test
FAIL: gfortran.dg/stat_1.f90 -O3 -fomit-frame-pointer -funroll-loops execution test
FAIL: gfortran.dg/stat_1.f90 -O3 -fomit-frame-pointer -funroll-all-loops -finline-functions execution test
FAIL: gfortran.dg/stat_1.f90 -O3 -g execution test
FAIL: gfortran.dg/stat_1.f90 -Os execution test
FAIL: gfortran.dg/stat_2.f90 -O0 execution test
FAIL: gfortran.dg/stat_2.f90 -O1 execution test
FAIL: gfortran.dg/stat_2.f90 -O2 execution test
FAIL: gfortran.dg/stat_2.f90 -O3 -fomit-frame-pointer execution test
FAIL: gfortran.dg/stat_2.f90 -O3 -fomit-frame-pointer -funroll-loops execution test
FAIL: gfortran.dg/stat_2.f90 -O3 -fomit-frame-pointer -funroll-all-loops -finline-functions execution test
FAIL: gfortran.dg/stat_2.f90 -O3 -g execution test
FAIL: gfortran.dg/stat_2.f90 -Os execution test
=== gfortran Summary for unix/-m64 ===
# of expected passes 29876
# of unexpected failures 17
# of expected failures 12
# of unsupported tests 223
=== gfortran Summary ===
# of expected passes 59603
# of unexpected failures 34
# of expected failures 24
# of unsupported tests 519
/vol/gcc/obj/regression/gcc-4.4-branch/9-gcc/build/gcc/testsuite/gfortran/../../gfortran version 4.4.5 20100521 (prerelease) (GCC)
=== gnat tests ===
Running target unix
=== gnat Summary for unix ===
# of expected passes 618
# of expected failures 6
# of unsupported tests 1
Running target unix/-m64
=== gnat Summary for unix/-m64 ===
# of expected passes 618
# of expected failures 6
# of unsupported tests 1
=== gnat Summary ===
# of expected passes 1236
# of expected failures 12
# of unsupported tests 2
=== objc tests ===
Running target unix
FAIL: objc/execute/forward-1.m execution, -O0 -fgnu-runtime
FAIL: objc/execute/forward-1.m execution, -O1 -fgnu-runtime
FAIL: objc/execute/forward-1.m execution, -O2 -fgnu-runtime
FAIL: objc/execute/forward-1.m execution, -O3 -fomit-frame-pointer -fgnu-runtime
FAIL: objc/execute/forward-1.m execution, -O3 -fomit-frame-pointer -funroll-loops -fgnu-runtime
FAIL: objc/execute/forward-1.m execution, -O3 -fomit-frame-pointer -funroll-all-loops -finline-functions -fgnu-runtime
FAIL: objc/execute/forward-1.m execution, -O3 -g -fgnu-runtime
FAIL: objc/execute/forward-1.m execution, -Os -fgnu-runtime
=== objc Summary for unix ===
# of expected passes 1866
# of unexpected failures 8
# of expected failures 7
# of unsupported tests 24
Running target unix/-m64
FAIL: objc/execute/forward-1.m execution, -O0 -fgnu-runtime
FAIL: objc/execute/forward-1.m execution, -O1 -fgnu-runtime
FAIL: objc/execute/forward-1.m execution, -O2 -fgnu-runtime
FAIL: objc/execute/forward-1.m execution, -O3 -fomit-frame-pointer -fgnu-runtime
FAIL: objc/execute/forward-1.m execution, -O3 -fomit-frame-pointer -funroll-loops -fgnu-runtime
FAIL: objc/execute/forward-1.m execution, -O3 -fomit-frame-pointer -funroll-all-loops -finline-functions -fgnu-runtime
FAIL: objc/execute/forward-1.m execution, -O3 -g -fgnu-runtime
FAIL: objc/execute/forward-1.m execution, -Os -fgnu-runtime
=== objc Summary for unix/-m64 ===
# of expected passes 1866
# of unexpected failures 8
# of expected failures 7
# of unsupported tests 24
=== objc Summary ===
# of expected passes 3732
# of unexpected failures 16
# of expected failures 14
# of unsupported tests 48
/vol/gcc/obj/regression/gcc-4.4-branch/9-gcc/build/gcc/xgcc version 4.4.5 20100521 (prerelease) (GCC)
=== libffi tests ===
Running target unix
=== libffi Summary for unix ===
# of expected passes 1389
# of unsupported tests 10
Running target unix/-m64
=== libffi Summary for unix/-m64 ===
# of expected passes 1389
# of unsupported tests 10
=== libffi Summary ===
# of expected passes 2778
# of unsupported tests 20
=== libgomp tests ===
Running target unix
=== libgomp Summary for unix ===
# of expected passes 2458
# of unsupported tests 9
Running target unix/-m64
=== libgomp Summary for unix/-m64 ===
# of expected passes 2458
# of unsupported tests 9
=== libgomp Summary ===
# of expected passes 4916
# of unsupported tests 18
=== libjava tests ===
Running target unix
FAIL: events output
FAIL: InvokeInterface execution - source compiled test
FAIL: InvokeInterface -O3 execution - source compiled test
FAIL: Throw_3 execution - source compiled test
=== libjava Summary for unix ===
# of expected passes 2567
# of unexpected failures 4
# of untested testcases 3
Running target unix/-m64
FAIL: InvokeInterface execution - source compiled test
FAIL: InvokeInterface -O3 execution - source compiled test
=== libjava Summary for unix/-m64 ===
# of expected passes 2570
# of unexpected failures 2
# of untested testcases 2
=== libjava Summary ===
# of expected passes 5137
# of unexpected failures 6
# of untested testcases 5
=== libstdc++ tests ===
Running target unix
FAIL: ext/enc_filebuf/char/13598.cc execution test
=== libstdc++ Summary for unix ===
# of expected passes 5479
# of unexpected failures 1
# of expected failures 73
# of unsupported tests 539
Running target unix/-m64
FAIL: ext/enc_filebuf/char/13598.cc execution test
=== libstdc++ Summary for unix/-m64 ===
# of expected passes 5479
# of unexpected failures 1
# of expected failures 73
# of unsupported tests 539
=== libstdc++ Summary ===
# of expected passes 10958
# of unexpected failures 2
# of expected failures 146
# of unsupported tests 1078
=== libstdc++ Summary ===
Compiler version: 4.4.5 20100521 (prerelease) (GCC)
Platform: sparc-sun-solaris2.9
configure flags: --prefix=/vol/gcc --target=sparc-sun-solaris2.9 --with-gmp=/vol/gcc --with-mpfr=/vol/gcc --with-mpc=/vol/gcc --enable-languages=all,ada
BOOT_CFLAGS=-g -O2