This is the mail archive of the
gcc-testresults@gcc.gnu.org
mailing list for the GCC project.
Results for 4.6.0 20100520 (experimental) [trunk revision 159619] (GCC) testsuite on mips64el-unknown-linux-gnu
- From: guerby at gcc52 dot fsffrance dot org (Laurent GUERBY gcc52)
- To: gcc-testresults at gcc dot gnu dot org
- Date: Sat, 22 May 2010 03:22:35 +0200
- Subject: Results for 4.6.0 20100520 (experimental) [trunk revision 159619] (GCC) testsuite on mips64el-unknown-linux-gnu
LAST_UPDATED: Thu May 20 07:57:12 UTC 2010 (revision 159619)
=== acats tests ===
FAIL: c52103x
FAIL: c52104x
FAIL: c52104y
FAIL: cb1010a
FAIL: cxg2001
FAIL: cxg2002
FAIL: cxg2003
FAIL: cxg2004
FAIL: cxg2006
FAIL: cxg2007
FAIL: cxg2010
FAIL: cxg2011
FAIL: cxg2012
FAIL: cxg2013
FAIL: cxg2014
FAIL: cxg2015
FAIL: cxg2016
FAIL: cxg2017
FAIL: cxg2018
FAIL: cxg2019
FAIL: cxg2020
FAIL: cxg2021
FAIL: cxg2024
=== acats Summary ===
# of expected passes 2298
# of unexpected failures 23
Native configuration is mips64el-unknown-linux-gnu
=== gcc tests ===
Running target unix/-mabi=32
FAIL: gcc.c-torture/compile/limits-structnest.c -O2 (test for excess errors)
FAIL: gcc.c-torture/compile/limits-structnest.c -O3 -fomit-frame-pointer (test for excess errors)
FAIL: gcc.c-torture/compile/limits-structnest.c -O3 -g (test for excess errors)
FAIL: gcc.c-torture/compile/limits-structnest.c -Os (test for excess errors)
FAIL: gcc.dg/cproj-fails-with-broken-glibc.c execution test
FAIL: gcc.dg/pr34668-1.c (internal compiler error)
FAIL: gcc.dg/pr34668-1.c (test for excess errors)
WARNING: program timed out.
FAIL: gcc.dg/pr43058.c (test for excess errors)
FAIL: gcc.dg/uninit-pred-7_a.c bogus warning (test for bogus messages, line 26)
FAIL: gcc.dg/uninit-pred-8_a.c bogus warning (test for bogus messages, line 26)
FAIL: gcc.dg/uninit-pred-9_b.c bogus warning (test for bogus messages, line 24)
XPASS: gcc.dg/guality/example.c -O0 execution test
XPASS: gcc.dg/guality/guality.c -O0 execution test
XPASS: gcc.dg/guality/guality.c -O1 execution test
XPASS: gcc.dg/guality/guality.c -O2 execution test
XPASS: gcc.dg/guality/guality.c -O3 -fomit-frame-pointer execution test
XPASS: gcc.dg/guality/guality.c -O3 -g execution test
XPASS: gcc.dg/guality/guality.c -Os execution test
FAIL: gcc.dg/guality/inline-params.c -O0 execution test
FAIL: gcc.dg/guality/inline-params.c -O1 execution test
XPASS: gcc.dg/guality/pr41353-1.c -O0 line 28 j == 28 + 37
XPASS: gcc.dg/guality/pr41447-1.c -O0 execution test
XPASS: gcc.dg/guality/pr41447-1.c -O1 execution test
XPASS: gcc.dg/guality/pr41447-1.c -O2 execution test
XPASS: gcc.dg/guality/pr41447-1.c -O3 -fomit-frame-pointer execution test
XPASS: gcc.dg/guality/pr41447-1.c -O3 -g execution test
XPASS: gcc.dg/guality/pr41447-1.c -Os execution test
XPASS: gcc.dg/guality/pr41616-1.c -O0 execution test
FAIL: gcc.dg/guality/sra-1.c -O2 line 42 a.i == 4
FAIL: gcc.dg/guality/sra-1.c -O2 line 42 a.j == 14
FAIL: gcc.dg/guality/sra-1.c -O3 -fomit-frame-pointer line 42 a.i == 4
FAIL: gcc.dg/guality/sra-1.c -O3 -fomit-frame-pointer line 42 a.j == 14
FAIL: gcc.dg/guality/sra-1.c -O3 -g line 42 a.i == 4
FAIL: gcc.dg/guality/sra-1.c -O3 -g line 42 a.j == 14
FAIL: gcc.dg/guality/sra-1.c -Os line 42 a.i == 4
FAIL: gcc.dg/guality/sra-1.c -Os line 42 a.j == 14
FAIL: gcc.dg/guality/vla-1.c -O0 line 17 sizeof (a) == 6
FAIL: gcc.dg/guality/vla-1.c -O0 line 24 sizeof (a) == 17 * sizeof (short)
FAIL: gcc.dg/guality/vla-1.c -O1 line 17 i == 5
FAIL: gcc.dg/guality/vla-1.c -O1 line 24 sizeof (a) == 17 * sizeof (short)
FAIL: gcc.dg/guality/vla-1.c -O2 line 17 i == 5
FAIL: gcc.dg/guality/vla-1.c -O2 line 24 sizeof (a) == 17 * sizeof (short)
FAIL: gcc.dg/guality/vla-1.c -O3 -fomit-frame-pointer line 17 i == 5
FAIL: gcc.dg/guality/vla-1.c -O3 -fomit-frame-pointer line 24 sizeof (a) == 17 * sizeof (short)
FAIL: gcc.dg/guality/vla-1.c -O3 -g line 17 i == 5
FAIL: gcc.dg/guality/vla-1.c -O3 -g line 24 sizeof (a) == 17 * sizeof (short)
FAIL: gcc.dg/guality/vla-1.c -Os line 17 i == 5
FAIL: gcc.dg/guality/vla-1.c -Os line 24 sizeof (a) == 17 * sizeof (short)
FAIL: largefile.c -O0 -g -I. (test for excess errors)
FAIL: gcc.dg/pch/largefile.c -O0 -g assembly comparison
FAIL: largefile.c -O0 -I. (test for excess errors)
FAIL: gcc.dg/pch/largefile.c -O0 assembly comparison
FAIL: largefile.c -O1 -I. (test for excess errors)
FAIL: gcc.dg/pch/largefile.c -O1 assembly comparison
FAIL: largefile.c -O2 -I. (test for excess errors)
FAIL: gcc.dg/pch/largefile.c -O2 assembly comparison
FAIL: largefile.c -O3 -fomit-frame-pointer -I. (test for excess errors)
FAIL: gcc.dg/pch/largefile.c -O3 -fomit-frame-pointer assembly comparison
FAIL: largefile.c -O3 -g -I. (test for excess errors)
FAIL: gcc.dg/pch/largefile.c -O3 -g assembly comparison
FAIL: largefile.c -Os -I. (test for excess errors)
FAIL: gcc.dg/pch/largefile.c -Os assembly comparison
UNRESOLVED: one_time_plugin.c compilation, -I. -I/home/guerby/trunk/gcc/testsuite -I/home/guerby/trunk/gcc/testsuite/../../gcc -I/home/guerby/build/gcc/testsuite/gcc/../../../gcc -I/home/guerby/trunk/gcc/testsuite/../../include -I/home/guerby/trunk/gcc/testsuite/../../libcpp/include -I/opt/cfarm/gmp-4.2.4-n32/include -I/opt/cfarm/mpfr-2.4.2-n32/include -I/opt/cfarm/mpc-0.8-n32/include -DIN_GCC -fPIC -shared
FAIL: gcc.target/mips/cache-1.c scan-assembler \\tcache\\t0x0,0\\\\(\\\\\$.\\\\)
FAIL: gcc.target/mips/dspr2-MULT.c scan-assembler ac2
FAIL: gcc.target/mips/dspr2-MULTU.c scan-assembler ac2
FAIL: gcc.target/mips/madd-1.c scan-assembler-times \\tmacc\\t\\\\\$1, 3
FAIL: gcc.target/mips/madd-2.c scan-assembler-times \\tmadd\\t 3
FAIL: gcc.target/mips/madd-3.c scan-assembler-times \\tmadd\\t 3
FAIL: gcc.target/mips/madd-4.c scan-assembler-times \\tmadd\\t\\\\\$ac 3
FAIL: gcc.target/mips/maddu-1.c scan-assembler-times \\tmaccu\\t\\\\\$1, 3
FAIL: gcc.target/mips/maddu-2.c scan-assembler-times \\tmaddu\\t 3
FAIL: gcc.target/mips/maddu-3.c scan-assembler-times \\tmaddu\\t 3
FAIL: gcc.target/mips/maddu-4.c scan-assembler-times \\tmaddu\\t\\\\\$ac 3
FAIL: gcc.target/mips/msub-1.c scan-assembler-times \\tmsac\\t\\\\\$0, 2
FAIL: gcc.target/mips/msub-2.c scan-assembler-times \\tmsub\\t 2
FAIL: gcc.target/mips/msub-3.c scan-assembler-times \\tmsub\\t 2
FAIL: gcc.target/mips/msub-4.c scan-assembler-times \\tmsub\\t\\\\\$ac 2
FAIL: gcc.target/mips/msubu-1.c scan-assembler-times \\tmsacu\\t\\\\\$0, 2
FAIL: gcc.target/mips/msubu-2.c scan-assembler-times \\tmsubu\\t 2
FAIL: gcc.target/mips/msubu-3.c scan-assembler-times \\tmsubu\\t 2
FAIL: gcc.target/mips/msubu-4.c scan-assembler-times \\tmsubu\\t\\\\\$ac 2
=== gcc Summary for unix/-mabi=32 ===
Running target unix/-mabi=n32
FAIL: gcc.c-torture/compile/limits-structnest.c -O2 (test for excess errors)
FAIL: gcc.c-torture/compile/limits-structnest.c -O3 -fomit-frame-pointer (test for excess errors)
FAIL: gcc.c-torture/compile/limits-structnest.c -O3 -g (test for excess errors)
FAIL: gcc.c-torture/compile/limits-structnest.c -Os (test for excess errors)
FAIL: gcc.dg/cproj-fails-with-broken-glibc.c execution test
FAIL: gcc.dg/pr34668-1.c (internal compiler error)
FAIL: gcc.dg/pr34668-1.c (test for excess errors)
WARNING: program timed out.
FAIL: gcc.dg/pr43058.c (test for excess errors)
FAIL: gcc.dg/uninit-pred-9_b.c bogus warning (test for bogus messages, line 24)
XPASS: gcc.dg/guality/example.c -O0 execution test
XPASS: gcc.dg/guality/example.c -O1 execution test
XPASS: gcc.dg/guality/guality.c -O0 execution test
XPASS: gcc.dg/guality/guality.c -O1 execution test
XPASS: gcc.dg/guality/guality.c -O2 execution test
XPASS: gcc.dg/guality/guality.c -O3 -fomit-frame-pointer execution test
XPASS: gcc.dg/guality/guality.c -O3 -g execution test
XPASS: gcc.dg/guality/guality.c -Os execution test
FAIL: gcc.dg/guality/inline-params.c -O0 execution test
FAIL: gcc.dg/guality/inline-params.c -O1 execution test
FAIL: gcc.dg/guality/pr36728-1.c -O1 line 12 arg7 == 30
FAIL: gcc.dg/guality/pr36728-1.c -O1 line 14 arg7 == 30
FAIL: gcc.dg/guality/pr36728-1.c -O1 line 14 *x == (char) 25
FAIL: gcc.dg/guality/pr36728-1.c -O2 line 12 arg7 == 30
FAIL: gcc.dg/guality/pr36728-1.c -O2 line 14 arg7 == 30
FAIL: gcc.dg/guality/pr36728-1.c -O3 -fomit-frame-pointer line 12 arg7 == 30
FAIL: gcc.dg/guality/pr36728-1.c -O3 -fomit-frame-pointer line 14 arg7 == 30
FAIL: gcc.dg/guality/pr36728-1.c -O3 -g line 12 arg7 == 30
FAIL: gcc.dg/guality/pr36728-1.c -O3 -g line 14 arg7 == 30
FAIL: gcc.dg/guality/pr36728-1.c -Os line 12 arg7 == 30
FAIL: gcc.dg/guality/pr36728-1.c -Os line 14 arg7 == 30
XPASS: gcc.dg/guality/pr41353-1.c -O0 line 28 j == 28 + 37
XPASS: gcc.dg/guality/pr41447-1.c -O0 execution test
XPASS: gcc.dg/guality/pr41616-1.c -O0 execution test
FAIL: gcc.dg/guality/sra-1.c -O2 line 42 a.i == 4
FAIL: gcc.dg/guality/sra-1.c -O2 line 42 a.j == 14
FAIL: gcc.dg/guality/sra-1.c -O3 -fomit-frame-pointer line 42 a.i == 4
FAIL: gcc.dg/guality/sra-1.c -O3 -fomit-frame-pointer line 42 a.j == 14
FAIL: gcc.dg/guality/sra-1.c -O3 -g line 42 a.i == 4
FAIL: gcc.dg/guality/sra-1.c -O3 -g line 42 a.j == 14
FAIL: gcc.dg/guality/sra-1.c -Os line 42 a.i == 4
FAIL: gcc.dg/guality/sra-1.c -Os line 42 a.j == 14
FAIL: gcc.dg/guality/vla-1.c -O0 line 17 sizeof (a) == 6
FAIL: gcc.dg/guality/vla-1.c -O0 line 24 sizeof (a) == 17 * sizeof (short)
FAIL: gcc.dg/guality/vla-1.c -O1 line 17 i == 5
FAIL: gcc.dg/guality/vla-1.c -O1 line 24 i == 5
FAIL: gcc.dg/guality/vla-1.c -O1 line 24 sizeof (a) == 17 * sizeof (short)
FAIL: gcc.dg/guality/vla-1.c -O2 line 17 i == 5
FAIL: gcc.dg/guality/vla-1.c -O2 line 24 sizeof (a) == 17 * sizeof (short)
FAIL: gcc.dg/guality/vla-1.c -O3 -fomit-frame-pointer line 17 i == 5
FAIL: gcc.dg/guality/vla-1.c -O3 -fomit-frame-pointer line 24 sizeof (a) == 17 * sizeof (short)
FAIL: gcc.dg/guality/vla-1.c -O3 -g line 17 i == 5
FAIL: gcc.dg/guality/vla-1.c -O3 -g line 24 sizeof (a) == 17 * sizeof (short)
FAIL: gcc.dg/guality/vla-1.c -Os line 17 i == 5
FAIL: gcc.dg/guality/vla-1.c -Os line 24 sizeof (a) == 17 * sizeof (short)
FAIL: largefile.c -O0 -g -I. (test for excess errors)
FAIL: gcc.dg/pch/largefile.c -O0 -g assembly comparison
FAIL: largefile.c -O0 -I. (test for excess errors)
FAIL: gcc.dg/pch/largefile.c -O0 assembly comparison
FAIL: largefile.c -O1 -I. (test for excess errors)
FAIL: gcc.dg/pch/largefile.c -O1 assembly comparison
FAIL: largefile.c -O2 -I. (test for excess errors)
FAIL: gcc.dg/pch/largefile.c -O2 assembly comparison
FAIL: largefile.c -O3 -fomit-frame-pointer -I. (test for excess errors)
FAIL: gcc.dg/pch/largefile.c -O3 -fomit-frame-pointer assembly comparison
FAIL: largefile.c -O3 -g -I. (test for excess errors)
FAIL: gcc.dg/pch/largefile.c -O3 -g assembly comparison
FAIL: largefile.c -Os -I. (test for excess errors)
FAIL: gcc.dg/pch/largefile.c -Os assembly comparison
UNRESOLVED: one_time_plugin.c compilation, -I. -I/home/guerby/trunk/gcc/testsuite -I/home/guerby/trunk/gcc/testsuite/../../gcc -I/home/guerby/build/gcc/testsuite/gcc/../../../gcc -I/home/guerby/trunk/gcc/testsuite/../../include -I/home/guerby/trunk/gcc/testsuite/../../libcpp/include -I/opt/cfarm/gmp-4.2.4-n32/include -I/opt/cfarm/mpfr-2.4.2-n32/include -I/opt/cfarm/mpc-0.8-n32/include -DIN_GCC -fPIC -shared
FAIL: gcc.misc-tests/linkage.c link
FAIL: gcc.target/mips/cache-1.c scan-assembler \\tcache\\t0x0,0\\\\(\\\\\$.\\\\)
FAIL: gcc.target/mips/dspr2-MULT.c scan-assembler ac2
FAIL: gcc.target/mips/dspr2-MULTU.c scan-assembler ac2
FAIL: gcc.target/mips/madd-1.c scan-assembler-times \\tmacc\\t\\\\\$1, 3
FAIL: gcc.target/mips/madd-2.c scan-assembler-times \\tmadd\\t 3
FAIL: gcc.target/mips/madd-3.c scan-assembler-times \\tmadd\\t 3
FAIL: gcc.target/mips/madd-4.c scan-assembler-times \\tmadd\\t\\\\\$ac 3
FAIL: gcc.target/mips/maddu-1.c scan-assembler-times \\tmaccu\\t\\\\\$1, 3
FAIL: gcc.target/mips/maddu-2.c scan-assembler-times \\tmaddu\\t 3
FAIL: gcc.target/mips/maddu-3.c scan-assembler-times \\tmaddu\\t 3
FAIL: gcc.target/mips/maddu-4.c scan-assembler-times \\tmaddu\\t\\\\\$ac 3
FAIL: gcc.target/mips/msub-1.c scan-assembler-times \\tmsac\\t\\\\\$0, 2
FAIL: gcc.target/mips/msub-2.c scan-assembler-times \\tmsub\\t 2
FAIL: gcc.target/mips/msub-3.c scan-assembler-times \\tmsub\\t 2
FAIL: gcc.target/mips/msub-4.c scan-assembler-times \\tmsub\\t\\\\\$ac 2
FAIL: gcc.target/mips/msubu-1.c scan-assembler-times \\tmsacu\\t\\\\\$0, 2
FAIL: gcc.target/mips/msubu-2.c scan-assembler-times \\tmsubu\\t 2
FAIL: gcc.target/mips/msubu-3.c scan-assembler-times \\tmsubu\\t 2
FAIL: gcc.target/mips/msubu-4.c scan-assembler-times \\tmsubu\\t\\\\\$ac 2
=== gcc Summary for unix/-mabi=n32 ===
Running target unix/-mabi=64
FAIL: gcc.c-torture/compile/limits-structnest.c -O2 (test for excess errors)
FAIL: gcc.c-torture/compile/limits-structnest.c -O3 -fomit-frame-pointer (test for excess errors)
FAIL: gcc.c-torture/compile/limits-structnest.c -O3 -g (test for excess errors)
FAIL: gcc.c-torture/compile/limits-structnest.c -Os (test for excess errors)
FAIL: gcc.dg/cproj-fails-with-broken-glibc.c execution test
FAIL: gcc.dg/pr34668-1.c (internal compiler error)
FAIL: gcc.dg/pr34668-1.c (test for excess errors)
WARNING: program timed out.
FAIL: gcc.dg/pr43058.c (test for excess errors)
FAIL: gcc.dg/uninit-pred-9_b.c bogus warning (test for bogus messages, line 24)
WARNING: program timed out.
FAIL: largefile.c -O0 -g -I. (test for excess errors)
FAIL: gcc.dg/pch/largefile.c -O0 -g assembly comparison
FAIL: largefile.c -O0 -I. (test for excess errors)
FAIL: gcc.dg/pch/largefile.c -O0 assembly comparison
FAIL: largefile.c -O1 -I. (test for excess errors)
FAIL: gcc.dg/pch/largefile.c -O1 assembly comparison
FAIL: largefile.c -O2 -I. (test for excess errors)
FAIL: gcc.dg/pch/largefile.c -O2 assembly comparison
FAIL: largefile.c -O3 -fomit-frame-pointer -I. (test for excess errors)
FAIL: gcc.dg/pch/largefile.c -O3 -fomit-frame-pointer assembly comparison
FAIL: largefile.c -O3 -g -I. (test for excess errors)
FAIL: gcc.dg/pch/largefile.c -O3 -g assembly comparison
FAIL: largefile.c -Os -I. (test for excess errors)
FAIL: gcc.dg/pch/largefile.c -Os assembly comparison
UNRESOLVED: one_time_plugin.c compilation, -I. -I/home/guerby/trunk/gcc/testsuite -I/home/guerby/trunk/gcc/testsuite/../../gcc -I/home/guerby/build/gcc/testsuite/gcc/../../../gcc -I/home/guerby/trunk/gcc/testsuite/../../include -I/home/guerby/trunk/gcc/testsuite/../../libcpp/include -I/opt/cfarm/gmp-4.2.4-n32/include -I/opt/cfarm/mpfr-2.4.2-n32/include -I/opt/cfarm/mpc-0.8-n32/include -DIN_GCC -fPIC -shared
FAIL: gcc.dg/tree-ssa/ivopts-2.c scan-tree-dump-not ivopts "\\n candidates \\d+, \\d+,[^\\n]*\\n[^\\n]*\\nFinal cost"
FAIL: gcc.misc-tests/linkage.c link
FAIL: gcc.target/mips/cache-1.c scan-assembler \\tcache\\t0x0,0\\\\(\\\\\$.\\\\)
FAIL: gcc.target/mips/dspr2-MULT.c scan-assembler ac2
FAIL: gcc.target/mips/dspr2-MULTU.c scan-assembler ac2
FAIL: gcc.target/mips/madd-1.c scan-assembler-times \\tmacc\\t\\\\\$1, 3
FAIL: gcc.target/mips/madd-2.c scan-assembler-times \\tmadd\\t 3
FAIL: gcc.target/mips/madd-3.c scan-assembler-times \\tmadd\\t 3
FAIL: gcc.target/mips/madd-4.c scan-assembler-times \\tmadd\\t\\\\\$ac 3
FAIL: gcc.target/mips/maddu-1.c scan-assembler-times \\tmaccu\\t\\\\\$1, 3
FAIL: gcc.target/mips/maddu-2.c scan-assembler-times \\tmaddu\\t 3
FAIL: gcc.target/mips/maddu-3.c scan-assembler-times \\tmaddu\\t 3
FAIL: gcc.target/mips/maddu-4.c scan-assembler-times \\tmaddu\\t\\\\\$ac 3
FAIL: gcc.target/mips/msub-1.c scan-assembler-times \\tmsac\\t\\\\\$0, 2
FAIL: gcc.target/mips/msub-2.c scan-assembler-times \\tmsub\\t 2
FAIL: gcc.target/mips/msub-3.c scan-assembler-times \\tmsub\\t 2
FAIL: gcc.target/mips/msub-4.c scan-assembler-times \\tmsub\\t\\\\\$ac 2
FAIL: gcc.target/mips/msubu-1.c scan-assembler-times \\tmsacu\\t\\\\\$0, 2
FAIL: gcc.target/mips/msubu-2.c scan-assembler-times \\tmsubu\\t 2
FAIL: gcc.target/mips/msubu-3.c scan-assembler-times \\tmsubu\\t 2
FAIL: gcc.target/mips/msubu-4.c scan-assembler-times \\tmsubu\\t\\\\\$ac 2
FAIL: gcc.target/mips/mult-1.c scan-assembler \\tdins\\t
FAIL: gcc.target/mips/octeon-bbit-2.c scan-assembler \\tbnel\\t
FAIL: gcc.target/mips/octeon-bbit-2.c scan-assembler-not \\tbne\\t
=== gcc Summary for unix/-mabi=64 ===
=== gcc Summary ===
# of expected passes 166761
# of unexpected failures 190
# of unexpected successes 26
# of expected failures 295
# of unresolved testcases 3
# of unsupported tests 2163
/home/guerby/build/gcc/xgcc version 4.6.0 20100520 (experimental) [trunk revision 159619] (GCC)
=== gnat tests ===
Running target unix/-mabi=32
FAIL: gnat.dg/stack_check1.adb execution test
FAIL: gnat.dg/stack_check2.adb execution test
=== gnat Summary for unix/-mabi=32 ===
Running target unix/-mabi=n32
FAIL: gnat.dg/stack_check1.adb execution test
FAIL: gnat.dg/stack_check2.adb execution test
FAIL: gnat.dg/specs/addr1.ads (test for bogus messages, line 24)
FAIL: gnat.dg/specs/addr1.ads (test for excess errors)
=== gnat Summary for unix/-mabi=n32 ===
Running target unix/-mabi=64
FAIL: gnat.dg/stack_check1.adb execution test
FAIL: gnat.dg/stack_check2.adb execution test
=== gnat Summary for unix/-mabi=64 ===
=== gnat Summary ===
# of expected passes 2392
# of unexpected failures 8
# of expected failures 33
# of unsupported tests 6
=== libgomp tests ===
Running target unix/-mabi=32
=== libgomp Summary for unix/-mabi=32 ===
Running target unix/-mabi=n32
=== libgomp Summary for unix/-mabi=n32 ===
Running target unix/-mabi=64
=== libgomp Summary for unix/-mabi=64 ===
=== libgomp Summary ===
# of expected passes 798
=== libmudflap tests ===
Running target unix/-mabi=32
ERROR: tcl error sourcing /home/guerby/trunk/libmudflap/testsuite/libmudflap.cth/cthfrags.exp.
ERROR: couldn't compile regular expression pattern: out of memory
=== libmudflap Summary for unix/-mabi=32 ===
# of expected passes 84
Running target unix/-mabi=n32
ERROR: tcl error sourcing /home/guerby/trunk/libmudflap/testsuite/libmudflap.cth/cthfrags.exp.
ERROR: couldn't compile regular expression pattern: out of memory
=== libmudflap Summary for unix/-mabi=n32 ===
# of expected passes 84
Running target unix/-mabi=64
ERROR: tcl error sourcing /home/guerby/trunk/libmudflap/testsuite/libmudflap.cth/cthfrags.exp.
ERROR: couldn't compile regular expression pattern: out of memory
=== libmudflap Summary for unix/-mabi=64 ===
# of expected passes 84
=== libmudflap Summary ===
# of expected passes 3375
# of unsupported tests 6
Compiler version: 4.6.0 20100520 (experimental) [trunk revision 159619] (GCC)
Platform: mips64el-unknown-linux-gnu
configure flags: --enable-languages=c,ada --enable-__cxa_atexit --disable-nls --enable-threads=posix --prefix=/home/guerby/install-trunk-159619 --disable-fixed-point --with-gmp=/opt/cfarm/gmp-4.2.4-n32 --with-mpfr=/opt/cfarm/mpfr-2.4.2-n32 --with-mpc=/opt/cfarm/mpc-0.8-n32