This is the mail archive of the gcc-testresults@gcc.gnu.org mailing list for the GCC project.


Index Nav: [Date Index] [Subject Index] [Author Index] [Thread Index]
Message Nav: [Date Prev] [Date Next] [Thread Prev] [Thread Next]
Other format: [Raw text]

Results for 4.6.0 20100525 (experimental) [trunk revision 159807] (GCC) testsuite on armv7l-unknown-linux-gnueabi


LAST_UPDATED: Tue May 25 02:49:04 UTC 2010 (revision 159807)

Native configuration is armv7l-unknown-linux-gnueabi

		=== libgomp tests ===


Running target unix

		=== libgomp Summary ===

# of expected passes		252
# of unsupported tests		7
		=== libmudflap tests ===


Running target unix

		=== libmudflap Summary ===

# of expected passes		1740
# of unsupported tests		2
		=== gcc tests ===


Running target unix
FAIL: gcc.c-torture/execute/builtins/memops-asm.c compilation,  -O0  (internal compiler error)
UNRESOLVED: gcc.c-torture/execute/builtins/memops-asm.c execution,  -O0 
FAIL: gcc.c-torture/execute/builtins/memops-asm.c compilation,  -O1  (internal compiler error)
UNRESOLVED: gcc.c-torture/execute/builtins/memops-asm.c execution,  -O1 
FAIL: gcc.c-torture/execute/builtins/memops-asm.c compilation,  -O2  (internal compiler error)
UNRESOLVED: gcc.c-torture/execute/builtins/memops-asm.c execution,  -O2 
FAIL: gcc.c-torture/execute/builtins/memops-asm.c compilation,  -O3 -fomit-frame-pointer  (internal compiler error)
UNRESOLVED: gcc.c-torture/execute/builtins/memops-asm.c execution,  -O3 -fomit-frame-pointer 
FAIL: gcc.c-torture/execute/builtins/memops-asm.c compilation,  -O3 -g  (internal compiler error)
UNRESOLVED: gcc.c-torture/execute/builtins/memops-asm.c execution,  -O3 -g 
FAIL: gcc.c-torture/execute/builtins/memops-asm.c compilation,  -Os  (internal compiler error)
UNRESOLVED: gcc.c-torture/execute/builtins/memops-asm.c execution,  -Os 
FAIL: gcc.dg/c99-stdint-1.c (test for excess errors)
FAIL: gcc.dg/c99-stdint-7.c (test for excess errors)
FAIL: gcc.dg/cproj-fails-with-broken-glibc.c execution test
FAIL: gcc.dg/pr17957.c (internal compiler error)
FAIL: gcc.dg/pr17957.c (test for excess errors)
FAIL: gcc.dg/pr34668-1.c (internal compiler error)
FAIL: gcc.dg/pr34668-1.c (test for excess errors)
FAIL: gcc.dg/pr39443.c (internal compiler error)
FAIL: gcc.dg/pr39443.c (test for excess errors)
ERROR: gcc.dg/pr39443.c: error executing dg-final: couldn't open "pr39443.s": no such file or directory
UNRESOLVED: gcc.dg/pr39443.c: error executing dg-final: couldn't open "pr39443.s": no such file or directory
FAIL: gcc.dg/uninit-13.c unconditional (test for warnings, line 8)
FAIL: gcc.dg/uninit-13.c (test for excess errors)
UNRESOLVED: one_time_plugin.c compilation, -I. -I/opt/trunk/gcc/testsuite -I/opt/trunk/gcc/testsuite/../../gcc -I/var/builds/opt/trunk/objdir/gcc/testsuite/gcc/../../../gcc  -I/opt/trunk/gcc/testsuite/../../include -I/opt/trunk/gcc/testsuite/../../libcpp/include    -DIN_GCC -fPIC -shared
FAIL: gcc.dg/tree-ssa/pr42585.c scan-tree-dump-times optimized "struct _fat_ptr _ans" 0
FAIL: gcc.dg/tree-ssa/pr42585.c scan-tree-dump-times optimized "struct _fat_ptr _T2" 0
FAIL: gcc.dg/vect/pr37027.c scan-tree-dump-times vect "vectorized 1 loops" 1
FAIL: gcc.dg/vect/pr37027.c scan-tree-dump-times vect "vectorizing stmts using SLP" 1
FAIL: gcc.dg/vect/pr43430-1.c scan-tree-dump-times vect "vectorized 1 loops" 1
FAIL: gcc.dg/vect/vect-35.c scan-tree-dump-times vect "vectorized 2 loops" 1
FAIL: gcc.dg/vect/slp-reduc-3.c scan-tree-dump-times vect "vectorizing stmts using SLP" 1
FAIL: gcc.dg/vect/slp-reduc-6.c scan-tree-dump-times vect "vectorized 1 loops" 2

		=== gcc Summary ===

# of expected passes		59737
# of unexpected failures	25
# of expected failures		219
# of unresolved testcases	8
# of unsupported tests		649
/var/builds/opt/trunk/objdir/gcc/xgcc  version 4.6.0 20100525 (experimental) [trunk revision 159807] (GCC) 


Compiler version: 4.6.0 20100525 (experimental) [trunk revision 159807] (GCC) 
Platform: armv7l-unknown-linux-gnueabi
configure flags: --prefix=/opt/install-gcc-trunk --enable-languages=c --with-cpu=cortex-a8 --with-fpu=neon --with-float=softfp --disable-werror

Build Logs: http://rcn-ee.homeip.net:81/dl/gcc/


Index Nav: [Date Index] [Subject Index] [Author Index] [Thread Index]
Message Nav: [Date Prev] [Date Next] [Thread Prev] [Thread Next]