This is the mail archive of the
gcc-testresults@gcc.gnu.org
mailing list for the GCC project.
Results for 4.6.0 20100524 (experimental) [trunk revision 159800] (GCC) testsuite on hppa2.0w-hp-hpux11.11
- From: John David Anglin <dave at hiauly3 dot hia dot nrc dot ca>
- To: dave at hiauly3 dot hia dot nrc dot ca, gcc-testresults at gcc dot gnu dot org
- Date: Tue, 25 May 2010 17:00:30 -0400 (EDT)
- Subject: Results for 4.6.0 20100524 (experimental) [trunk revision 159800] (GCC) testsuite on hppa2.0w-hp-hpux11.11
=== acats tests ===
FAIL: c9a011b
=== acats Summary ===
# of expected passes 2320
# of unexpected failures 1
Native configuration is hppa2.0w-hp-hpux11.11
=== gcc tests ===
Running target unix
FAIL: gcc.c-torture/compile/pr44197.c -O0 (test for excess errors)
FAIL: gcc.c-torture/compile/pr44197.c -O1 (test for excess errors)
FAIL: gcc.c-torture/compile/pr44197.c -O2 (test for excess errors)
FAIL: gcc.c-torture/compile/pr44197.c -O3 -fomit-frame-pointer (test for excess errors)
FAIL: gcc.c-torture/compile/pr44197.c -O3 -g (test for excess errors)
FAIL: gcc.c-torture/compile/pr44197.c -Os (test for excess errors)
FAIL: gcc.dg/pr34668-1.c (internal compiler error)
FAIL: gcc.dg/pr34668-1.c (test for excess errors)
WARNING: program timed out.
FAIL: gcc.dg/ipa/ipa-pta-10.c scan-ipa-dump pta "ESCAPED = { }"
=== gcc Summary ===
# of expected passes 52852
# of unexpected failures 9
# of expected failures 89
# of unsupported tests 770
/test/gnu/gcc/objdir/gcc/xgcc version 4.6.0 20100524 (experimental) [trunk revision 159800] (GCC)
=== gnat tests ===
Running target unix
=== gnat Summary ===
# of expected passes 804
# of expected failures 11
# of unsupported tests 1
=== libgomp tests ===
Running target unix
=== libgomp Summary ===
# of expected passes 248
# of unsupported tests 9
Compiler version: 4.6.0 20100524 (experimental) [trunk revision 159800] (GCC)
Platform: hppa2.0w-hp-hpux11.11
configure flags:Test Run By dave on Tue May 25 03:10:44 EDT 2010