This is the mail archive of the
gcc-testresults@gcc.gnu.org
mailing list for the GCC project.
Results for 4.6.0 20100520 (experimental) [trunk revision 159641] (Debian 20100520-1) testsuite on x86_64-pc-linux-gnu
- From: Matthias Klose <doko at debian dot org>
- To: gcc-testresults at gcc dot gnu dot org
- Cc: debian-gcc at lists dot debian dot org
- Date: Fri, 21 May 2010 17:54:18 +0000
- Subject: Results for 4.6.0 20100520 (experimental) [trunk revision 159641] (Debian 20100520-1) testsuite on x86_64-pc-linux-gnu
- Reply-to: Matthias Klose <doko at debian dot org>
LAST_UPDATED: Thu May 20 21:15:29 UTC 2010 (revision 159641)
Target: x86_64-linux-gnu
gcc version 4.6.0 20100520 (experimental) [trunk revision 159641] (Debian 20100520-1)
Native configuration is x86_64-pc-linux-gnu
=== g++ tests ===
Running target unix
FAIL: g++.dg/opt/mmx2.C (internal compiler error)
FAIL: g++.dg/opt/mmx2.C (test for excess errors)
UNRESOLVED: attribute_plugin.c compilation, -I. -I/build/buildd-gcc-snapshot_20100520-1-amd64-Zw3XFX/gcc-snapshot-20100520/src/gcc/testsuite -I/build/buildd-gcc-snapshot_20100520-1-amd64-Zw3XFX/gcc-snapshot-20100520/src/gcc/testsuite/../../gcc -I/build/buildd-gcc-snapshot_20100520-1-amd64-Zw3XFX/gcc-snapshot-20100520/build/gcc/testsuite/g++/../../../gcc -I/build/buildd-gcc-snapshot_20100520-1-amd64-Zw3XFX/gcc-snapshot-20100520/src/gcc/testsuite/../../include -I/build/buildd-gcc-snapshot_20100520-1-amd64-Zw3XFX/gcc-snapshot-20100520/src/gcc/testsuite/../../libcpp/include -DIN_GCC -fPIC -shared
UNRESOLVED: pragma_plugin.c compilation, -I. -I/build/buildd-gcc-snapshot_20100520-1-amd64-Zw3XFX/gcc-snapshot-20100520/src/gcc/testsuite -I/build/buildd-gcc-snapshot_20100520-1-amd64-Zw3XFX/gcc-snapshot-20100520/src/gcc/testsuite/../../gcc -I/build/buildd-gcc-snapshot_20100520-1-amd64-Zw3XFX/gcc-snapshot-20100520/build/gcc/testsuite/g++/../../../gcc -I/build/buildd-gcc-snapshot_20100520-1-amd64-Zw3XFX/gcc-snapshot-20100520/src/gcc/testsuite/../../include -I/build/buildd-gcc-snapshot_20100520-1-amd64-Zw3XFX/gcc-snapshot-20100520/src/gcc/testsuite/../../libcpp/include -DIN_GCC -fPIC -shared
UNRESOLVED: selfassign.c compilation, -I. -I/build/buildd-gcc-snapshot_20100520-1-amd64-Zw3XFX/gcc-snapshot-20100520/src/gcc/testsuite -I/build/buildd-gcc-snapshot_20100520-1-amd64-Zw3XFX/gcc-snapshot-20100520/src/gcc/testsuite/../../gcc -I/build/buildd-gcc-snapshot_20100520-1-amd64-Zw3XFX/gcc-snapshot-20100520/build/gcc/testsuite/g++/../../../gcc -I/build/buildd-gcc-snapshot_20100520-1-amd64-Zw3XFX/gcc-snapshot-20100520/src/gcc/testsuite/../../include -I/build/buildd-gcc-snapshot_20100520-1-amd64-Zw3XFX/gcc-snapshot-20100520/src/gcc/testsuite/../../libcpp/include -O -DIN_GCC -fPIC -shared
UNRESOLVED: dumb_plugin.c compilation, -I. -I/build/buildd-gcc-snapshot_20100520-1-amd64-Zw3XFX/gcc-snapshot-20100520/src/gcc/testsuite -I/build/buildd-gcc-snapshot_20100520-1-amd64-Zw3XFX/gcc-snapshot-20100520/src/gcc/testsuite/../../gcc -I/build/buildd-gcc-snapshot_20100520-1-amd64-Zw3XFX/gcc-snapshot-20100520/build/gcc/testsuite/g++/../../../gcc -I/build/buildd-gcc-snapshot_20100520-1-amd64-Zw3XFX/gcc-snapshot-20100520/src/gcc/testsuite/../../include -I/build/buildd-gcc-snapshot_20100520-1-amd64-Zw3XFX/gcc-snapshot-20100520/src/gcc/testsuite/../../libcpp/include -DIN_GCC -fPIC -shared
UNRESOLVED: header_plugin.c compilation, -I. -I/build/buildd-gcc-snapshot_20100520-1-amd64-Zw3XFX/gcc-snapshot-20100520/src/gcc/testsuite -I/build/buildd-gcc-snapshot_20100520-1-amd64-Zw3XFX/gcc-snapshot-20100520/src/gcc/testsuite/../../gcc -I/build/buildd-gcc-snapshot_20100520-1-amd64-Zw3XFX/gcc-snapshot-20100520/build/gcc/testsuite/g++/../../../gcc -I/build/buildd-gcc-snapshot_20100520-1-amd64-Zw3XFX/gcc-snapshot-20100520/src/gcc/testsuite/../../include -I/build/buildd-gcc-snapshot_20100520-1-amd64-Zw3XFX/gcc-snapshot-20100520/src/gcc/testsuite/../../libcpp/include -DIN_GCC -fPIC -shared
=== g++ Summary for unix ===
# of expected passes 23266
# of unexpected failures 2
# of expected failures 151
# of unresolved testcases 5
# of unsupported tests 320
Running target unix/-m32
FAIL: g++.dg/opt/mmx2.C (internal compiler error)
FAIL: g++.dg/opt/mmx2.C (test for excess errors)
FAIL: g++.dg/lto/20081109 cp_lto_20081109_0.o-cp_lto_20081109_1.o execute -O2 -fwhopr
UNRESOLVED: attribute_plugin.c compilation, -I. -I/build/buildd-gcc-snapshot_20100520-1-amd64-Zw3XFX/gcc-snapshot-20100520/src/gcc/testsuite -I/build/buildd-gcc-snapshot_20100520-1-amd64-Zw3XFX/gcc-snapshot-20100520/src/gcc/testsuite/../../gcc -I/build/buildd-gcc-snapshot_20100520-1-amd64-Zw3XFX/gcc-snapshot-20100520/build/gcc/testsuite/g++/../../../gcc -I/build/buildd-gcc-snapshot_20100520-1-amd64-Zw3XFX/gcc-snapshot-20100520/src/gcc/testsuite/../../include -I/build/buildd-gcc-snapshot_20100520-1-amd64-Zw3XFX/gcc-snapshot-20100520/src/gcc/testsuite/../../libcpp/include -DIN_GCC -fPIC -shared
UNRESOLVED: pragma_plugin.c compilation, -I. -I/build/buildd-gcc-snapshot_20100520-1-amd64-Zw3XFX/gcc-snapshot-20100520/src/gcc/testsuite -I/build/buildd-gcc-snapshot_20100520-1-amd64-Zw3XFX/gcc-snapshot-20100520/src/gcc/testsuite/../../gcc -I/build/buildd-gcc-snapshot_20100520-1-amd64-Zw3XFX/gcc-snapshot-20100520/build/gcc/testsuite/g++/../../../gcc -I/build/buildd-gcc-snapshot_20100520-1-amd64-Zw3XFX/gcc-snapshot-20100520/src/gcc/testsuite/../../include -I/build/buildd-gcc-snapshot_20100520-1-amd64-Zw3XFX/gcc-snapshot-20100520/src/gcc/testsuite/../../libcpp/include -DIN_GCC -fPIC -shared
UNRESOLVED: selfassign.c compilation, -I. -I/build/buildd-gcc-snapshot_20100520-1-amd64-Zw3XFX/gcc-snapshot-20100520/src/gcc/testsuite -I/build/buildd-gcc-snapshot_20100520-1-amd64-Zw3XFX/gcc-snapshot-20100520/src/gcc/testsuite/../../gcc -I/build/buildd-gcc-snapshot_20100520-1-amd64-Zw3XFX/gcc-snapshot-20100520/build/gcc/testsuite/g++/../../../gcc -I/build/buildd-gcc-snapshot_20100520-1-amd64-Zw3XFX/gcc-snapshot-20100520/src/gcc/testsuite/../../include -I/build/buildd-gcc-snapshot_20100520-1-amd64-Zw3XFX/gcc-snapshot-20100520/src/gcc/testsuite/../../libcpp/include -O -DIN_GCC -fPIC -shared
UNRESOLVED: dumb_plugin.c compilation, -I. -I/build/buildd-gcc-snapshot_20100520-1-amd64-Zw3XFX/gcc-snapshot-20100520/src/gcc/testsuite -I/build/buildd-gcc-snapshot_20100520-1-amd64-Zw3XFX/gcc-snapshot-20100520/src/gcc/testsuite/../../gcc -I/build/buildd-gcc-snapshot_20100520-1-amd64-Zw3XFX/gcc-snapshot-20100520/build/gcc/testsuite/g++/../../../gcc -I/build/buildd-gcc-snapshot_20100520-1-amd64-Zw3XFX/gcc-snapshot-20100520/src/gcc/testsuite/../../include -I/build/buildd-gcc-snapshot_20100520-1-amd64-Zw3XFX/gcc-snapshot-20100520/src/gcc/testsuite/../../libcpp/include -DIN_GCC -fPIC -shared
UNRESOLVED: header_plugin.c compilation, -I. -I/build/buildd-gcc-snapshot_20100520-1-amd64-Zw3XFX/gcc-snapshot-20100520/src/gcc/testsuite -I/build/buildd-gcc-snapshot_20100520-1-amd64-Zw3XFX/gcc-snapshot-20100520/src/gcc/testsuite/../../gcc -I/build/buildd-gcc-snapshot_20100520-1-amd64-Zw3XFX/gcc-snapshot-20100520/build/gcc/testsuite/g++/../../../gcc -I/build/buildd-gcc-snapshot_20100520-1-amd64-Zw3XFX/gcc-snapshot-20100520/src/gcc/testsuite/../../include -I/build/buildd-gcc-snapshot_20100520-1-amd64-Zw3XFX/gcc-snapshot-20100520/src/gcc/testsuite/../../libcpp/include -DIN_GCC -fPIC -shared
=== g++ Summary for unix/-m32 ===
# of expected passes 23694
# of unexpected failures 3
# of expected failures 151
# of unresolved testcases 5
# of unsupported tests 114
=== g++ Summary ===
# of expected passes 46960
# of unexpected failures 5
# of expected failures 302
# of unresolved testcases 10
# of unsupported tests 434
/build/buildd-gcc-snapshot_20100520-1-amd64-Zw3XFX/gcc-snapshot-20100520/build/gcc/testsuite/g++/../../g++ version 4.6.0 20100520 (experimental) [trunk revision 159641] (Debian 20100520-1)
=== gcc tests ===
Running target unix
FAIL: gcc.dg/cproj-fails-with-broken-glibc.c execution test
FAIL: gcc.dg/pr34668-1.c (internal compiler error)
FAIL: gcc.dg/pr34668-1.c (test for excess errors)
FAIL: gcc.dg/lto/20090126-1 c_lto_20090126-1_0.o-c_lto_20090126-1_0.o link, (internal compiler error)
UNRESOLVED: gcc.dg/lto/20090126-1 c_lto_20090126-1_0.o-c_lto_20090126-1_0.o execute -O0 -fwhopr
UNRESOLVED: selfassign.c compilation, -I. -I/build/buildd-gcc-snapshot_20100520-1-amd64-Zw3XFX/gcc-snapshot-20100520/src/gcc/testsuite -I/build/buildd-gcc-snapshot_20100520-1-amd64-Zw3XFX/gcc-snapshot-20100520/src/gcc/testsuite/../../gcc -I/build/buildd-gcc-snapshot_20100520-1-amd64-Zw3XFX/gcc-snapshot-20100520/build/gcc/testsuite/gcc/../../../gcc -I/build/buildd-gcc-snapshot_20100520-1-amd64-Zw3XFX/gcc-snapshot-20100520/src/gcc/testsuite/../../include -I/build/buildd-gcc-snapshot_20100520-1-amd64-Zw3XFX/gcc-snapshot-20100520/src/gcc/testsuite/../../libcpp/include -O -DIN_GCC -fPIC -shared
UNRESOLVED: ggcplug.c compilation, -I. -I/build/buildd-gcc-snapshot_20100520-1-amd64-Zw3XFX/gcc-snapshot-20100520/src/gcc/testsuite -I/build/buildd-gcc-snapshot_20100520-1-amd64-Zw3XFX/gcc-snapshot-20100520/src/gcc/testsuite/../../gcc -I/build/buildd-gcc-snapshot_20100520-1-amd64-Zw3XFX/gcc-snapshot-20100520/build/gcc/testsuite/gcc/../../../gcc -I/build/buildd-gcc-snapshot_20100520-1-amd64-Zw3XFX/gcc-snapshot-20100520/src/gcc/testsuite/../../include -I/build/buildd-gcc-snapshot_20100520-1-amd64-Zw3XFX/gcc-snapshot-20100520/src/gcc/testsuite/../../libcpp/include -O -DIN_GCC -fPIC -shared
UNRESOLVED: one_time_plugin.c compilation, -I. -I/build/buildd-gcc-snapshot_20100520-1-amd64-Zw3XFX/gcc-snapshot-20100520/src/gcc/testsuite -I/build/buildd-gcc-snapshot_20100520-1-amd64-Zw3XFX/gcc-snapshot-20100520/src/gcc/testsuite/../../gcc -I/build/buildd-gcc-snapshot_20100520-1-amd64-Zw3XFX/gcc-snapshot-20100520/build/gcc/testsuite/gcc/../../../gcc -I/build/buildd-gcc-snapshot_20100520-1-amd64-Zw3XFX/gcc-snapshot-20100520/src/gcc/testsuite/../../include -I/build/buildd-gcc-snapshot_20100520-1-amd64-Zw3XFX/gcc-snapshot-20100520/src/gcc/testsuite/../../libcpp/include -DIN_GCC -fPIC -shared
UNRESOLVED: start_unit_plugin.c compilation, -I. -I/build/buildd-gcc-snapshot_20100520-1-amd64-Zw3XFX/gcc-snapshot-20100520/src/gcc/testsuite -I/build/buildd-gcc-snapshot_20100520-1-amd64-Zw3XFX/gcc-snapshot-20100520/src/gcc/testsuite/../../gcc -I/build/buildd-gcc-snapshot_20100520-1-amd64-Zw3XFX/gcc-snapshot-20100520/build/gcc/testsuite/gcc/../../../gcc -I/build/buildd-gcc-snapshot_20100520-1-amd64-Zw3XFX/gcc-snapshot-20100520/src/gcc/testsuite/../../include -I/build/buildd-gcc-snapshot_20100520-1-amd64-Zw3XFX/gcc-snapshot-20100520/src/gcc/testsuite/../../libcpp/include -DIN_GCC -fPIC -shared
UNRESOLVED: finish_unit_plugin.c compilation, -I. -I/build/buildd-gcc-snapshot_20100520-1-amd64-Zw3XFX/gcc-snapshot-20100520/src/gcc/testsuite -I/build/buildd-gcc-snapshot_20100520-1-amd64-Zw3XFX/gcc-snapshot-20100520/src/gcc/testsuite/../../gcc -I/build/buildd-gcc-snapshot_20100520-1-amd64-Zw3XFX/gcc-snapshot-20100520/build/gcc/testsuite/gcc/../../../gcc -I/build/buildd-gcc-snapshot_20100520-1-amd64-Zw3XFX/gcc-snapshot-20100520/src/gcc/testsuite/../../include -I/build/buildd-gcc-snapshot_20100520-1-amd64-Zw3XFX/gcc-snapshot-20100520/src/gcc/testsuite/../../libcpp/include -DIN_GCC -fPIC -shared
FAIL: gcc.target/i386/3dnow-1.c (internal compiler error)
FAIL: gcc.target/i386/3dnow-1.c (test for excess errors)
FAIL: gcc.target/i386/3dnow-2.c (internal compiler error)
FAIL: gcc.target/i386/3dnow-2.c (test for excess errors)
FAIL: gcc.target/i386/3dnowA-1.c (internal compiler error)
FAIL: gcc.target/i386/3dnowA-1.c (test for excess errors)
FAIL: gcc.target/i386/3dnowA-2.c (internal compiler error)
FAIL: gcc.target/i386/3dnowA-2.c (test for excess errors)
FAIL: gcc.target/i386/avx-1.c (internal compiler error)
FAIL: gcc.target/i386/avx-1.c (test for excess errors)
FAIL: gcc.target/i386/avx-2.c (internal compiler error)
FAIL: gcc.target/i386/avx-2.c (test for excess errors)
FAIL: gcc.target/i386/avx-vzeroall-1.c (internal compiler error)
FAIL: gcc.target/i386/avx-vzeroall-1.c (test for excess errors)
UNRESOLVED: gcc.target/i386/avx-vzeroall-1.c compilation failed to produce executable
FAIL: gcc.target/i386/avx-vzeroall-2.c (internal compiler error)
FAIL: gcc.target/i386/avx-vzeroall-2.c (test for excess errors)
UNRESOLVED: gcc.target/i386/avx-vzeroall-2.c compilation failed to produce executable
FAIL: gcc.target/i386/avx-vzeroupper-1.c (internal compiler error)
FAIL: gcc.target/i386/avx-vzeroupper-1.c (test for excess errors)
UNRESOLVED: gcc.target/i386/avx-vzeroupper-1.c compilation failed to produce executable
FAIL: gcc.target/i386/avx-vzeroupper-2.c (internal compiler error)
FAIL: gcc.target/i386/avx-vzeroupper-2.c (test for excess errors)
UNRESOLVED: gcc.target/i386/avx-vzeroupper-2.c compilation failed to produce executable
FAIL: gcc.target/i386/mmx-1.c (internal compiler error)
FAIL: gcc.target/i386/mmx-1.c (test for excess errors)
FAIL: gcc.target/i386/mmx-2.c (internal compiler error)
FAIL: gcc.target/i386/mmx-2.c (test for excess errors)
FAIL: gcc.target/i386/mmx-7.c (internal compiler error)
FAIL: gcc.target/i386/mmx-7.c (test for excess errors)
FAIL: gcc.target/i386/pr36438.c (internal compiler error)
FAIL: gcc.target/i386/pr36438.c (test for excess errors)
FAIL: gcc.target/i386/pr42549.c (internal compiler error)
FAIL: gcc.target/i386/pr42549.c (test for excess errors)
UNRESOLVED: gcc.target/i386/pr42549.c compilation failed to produce executable
FAIL: gcc.target/i386/sse-13.c (internal compiler error)
FAIL: gcc.target/i386/sse-13.c (test for excess errors)
FAIL: gcc.target/i386/sse-14.c (internal compiler error)
FAIL: gcc.target/i386/sse-14.c (test for excess errors)
FAIL: gcc.target/i386/sse-22.c (internal compiler error)
FAIL: gcc.target/i386/sse-22.c (test for excess errors)
FAIL: gcc.target/i386/sse-23.c (internal compiler error)
FAIL: gcc.target/i386/sse-23.c (test for excess errors)
FAIL: gcc.target/i386/sse2-mmx.c (internal compiler error)
FAIL: gcc.target/i386/sse2-mmx.c (test for excess errors)
UNRESOLVED: gcc.target/i386/sse2-mmx.c compilation failed to produce executable
FAIL: gcc.target/i386/ssse3-pabsb.c (internal compiler error)
FAIL: gcc.target/i386/ssse3-pabsb.c (test for excess errors)
UNRESOLVED: gcc.target/i386/ssse3-pabsb.c compilation failed to produce executable
FAIL: gcc.target/i386/ssse3-pabsd.c (internal compiler error)
FAIL: gcc.target/i386/ssse3-pabsd.c (test for excess errors)
UNRESOLVED: gcc.target/i386/ssse3-pabsd.c compilation failed to produce executable
FAIL: gcc.target/i386/ssse3-pabsw.c (internal compiler error)
FAIL: gcc.target/i386/ssse3-pabsw.c (test for excess errors)
UNRESOLVED: gcc.target/i386/ssse3-pabsw.c compilation failed to produce executable
FAIL: gcc.target/i386/ssse3-palignr.c (internal compiler error)
FAIL: gcc.target/i386/ssse3-palignr.c (test for excess errors)
UNRESOLVED: gcc.target/i386/ssse3-palignr.c compilation failed to produce executable
FAIL: gcc.target/i386/ssse3-phaddd.c (internal compiler error)
FAIL: gcc.target/i386/ssse3-phaddd.c (test for excess errors)
UNRESOLVED: gcc.target/i386/ssse3-phaddd.c compilation failed to produce executable
FAIL: gcc.target/i386/ssse3-phaddsw.c (internal compiler error)
FAIL: gcc.target/i386/ssse3-phaddsw.c (test for excess errors)
UNRESOLVED: gcc.target/i386/ssse3-phaddsw.c compilation failed to produce executable
FAIL: gcc.target/i386/ssse3-phaddw.c (internal compiler error)
FAIL: gcc.target/i386/ssse3-phaddw.c (test for excess errors)
UNRESOLVED: gcc.target/i386/ssse3-phaddw.c compilation failed to produce executable
FAIL: gcc.target/i386/ssse3-phsubd.c (internal compiler error)
FAIL: gcc.target/i386/ssse3-phsubd.c (test for excess errors)
UNRESOLVED: gcc.target/i386/ssse3-phsubd.c compilation failed to produce executable
FAIL: gcc.target/i386/ssse3-phsubsw.c (internal compiler error)
FAIL: gcc.target/i386/ssse3-phsubsw.c (test for excess errors)
UNRESOLVED: gcc.target/i386/ssse3-phsubsw.c compilation failed to produce executable
FAIL: gcc.target/i386/ssse3-phsubw.c (internal compiler error)
FAIL: gcc.target/i386/ssse3-phsubw.c (test for excess errors)
UNRESOLVED: gcc.target/i386/ssse3-phsubw.c compilation failed to produce executable
FAIL: gcc.target/i386/ssse3-pmaddubsw.c (internal compiler error)
FAIL: gcc.target/i386/ssse3-pmaddubsw.c (test for excess errors)
UNRESOLVED: gcc.target/i386/ssse3-pmaddubsw.c compilation failed to produce executable
FAIL: gcc.target/i386/ssse3-pmulhrsw.c (internal compiler error)
FAIL: gcc.target/i386/ssse3-pmulhrsw.c (test for excess errors)
UNRESOLVED: gcc.target/i386/ssse3-pmulhrsw.c compilation failed to produce executable
FAIL: gcc.target/i386/ssse3-pshufb.c (internal compiler error)
FAIL: gcc.target/i386/ssse3-pshufb.c (test for excess errors)
UNRESOLVED: gcc.target/i386/ssse3-pshufb.c compilation failed to produce executable
FAIL: gcc.target/i386/ssse3-psignb.c (internal compiler error)
FAIL: gcc.target/i386/ssse3-psignb.c (test for excess errors)
UNRESOLVED: gcc.target/i386/ssse3-psignb.c compilation failed to produce executable
FAIL: gcc.target/i386/ssse3-psignd.c (internal compiler error)
FAIL: gcc.target/i386/ssse3-psignd.c (test for excess errors)
UNRESOLVED: gcc.target/i386/ssse3-psignd.c compilation failed to produce executable
FAIL: gcc.target/i386/ssse3-psignw.c (internal compiler error)
FAIL: gcc.target/i386/ssse3-psignw.c (test for excess errors)
UNRESOLVED: gcc.target/i386/ssse3-psignw.c compilation failed to produce executable
=== gcc Summary for unix ===
# of expected passes 72267
# of unexpected failures 76
# of expected failures 183
# of unresolved testcases 28
# of unsupported tests 969
Running target unix/-m32
FAIL: gcc.dg/cproj-fails-with-broken-glibc.c execution test
FAIL: gcc.dg/pr34668-1.c (internal compiler error)
FAIL: gcc.dg/pr34668-1.c (test for excess errors)
FAIL: gcc.dg/lto/20090126-1 c_lto_20090126-1_0.o-c_lto_20090126-1_0.o link, (internal compiler error)
UNRESOLVED: gcc.dg/lto/20090126-1 c_lto_20090126-1_0.o-c_lto_20090126-1_0.o execute -O0 -fwhopr
UNRESOLVED: selfassign.c compilation, -I. -I/build/buildd-gcc-snapshot_20100520-1-amd64-Zw3XFX/gcc-snapshot-20100520/src/gcc/testsuite -I/build/buildd-gcc-snapshot_20100520-1-amd64-Zw3XFX/gcc-snapshot-20100520/src/gcc/testsuite/../../gcc -I/build/buildd-gcc-snapshot_20100520-1-amd64-Zw3XFX/gcc-snapshot-20100520/build/gcc/testsuite/gcc/../../../gcc -I/build/buildd-gcc-snapshot_20100520-1-amd64-Zw3XFX/gcc-snapshot-20100520/src/gcc/testsuite/../../include -I/build/buildd-gcc-snapshot_20100520-1-amd64-Zw3XFX/gcc-snapshot-20100520/src/gcc/testsuite/../../libcpp/include -O -DIN_GCC -fPIC -shared
UNRESOLVED: ggcplug.c compilation, -I. -I/build/buildd-gcc-snapshot_20100520-1-amd64-Zw3XFX/gcc-snapshot-20100520/src/gcc/testsuite -I/build/buildd-gcc-snapshot_20100520-1-amd64-Zw3XFX/gcc-snapshot-20100520/src/gcc/testsuite/../../gcc -I/build/buildd-gcc-snapshot_20100520-1-amd64-Zw3XFX/gcc-snapshot-20100520/build/gcc/testsuite/gcc/../../../gcc -I/build/buildd-gcc-snapshot_20100520-1-amd64-Zw3XFX/gcc-snapshot-20100520/src/gcc/testsuite/../../include -I/build/buildd-gcc-snapshot_20100520-1-amd64-Zw3XFX/gcc-snapshot-20100520/src/gcc/testsuite/../../libcpp/include -O -DIN_GCC -fPIC -shared
UNRESOLVED: one_time_plugin.c compilation, -I. -I/build/buildd-gcc-snapshot_20100520-1-amd64-Zw3XFX/gcc-snapshot-20100520/src/gcc/testsuite -I/build/buildd-gcc-snapshot_20100520-1-amd64-Zw3XFX/gcc-snapshot-20100520/src/gcc/testsuite/../../gcc -I/build/buildd-gcc-snapshot_20100520-1-amd64-Zw3XFX/gcc-snapshot-20100520/build/gcc/testsuite/gcc/../../../gcc -I/build/buildd-gcc-snapshot_20100520-1-amd64-Zw3XFX/gcc-snapshot-20100520/src/gcc/testsuite/../../include -I/build/buildd-gcc-snapshot_20100520-1-amd64-Zw3XFX/gcc-snapshot-20100520/src/gcc/testsuite/../../libcpp/include -DIN_GCC -fPIC -shared
UNRESOLVED: start_unit_plugin.c compilation, -I. -I/build/buildd-gcc-snapshot_20100520-1-amd64-Zw3XFX/gcc-snapshot-20100520/src/gcc/testsuite -I/build/buildd-gcc-snapshot_20100520-1-amd64-Zw3XFX/gcc-snapshot-20100520/src/gcc/testsuite/../../gcc -I/build/buildd-gcc-snapshot_20100520-1-amd64-Zw3XFX/gcc-snapshot-20100520/build/gcc/testsuite/gcc/../../../gcc -I/build/buildd-gcc-snapshot_20100520-1-amd64-Zw3XFX/gcc-snapshot-20100520/src/gcc/testsuite/../../include -I/build/buildd-gcc-snapshot_20100520-1-amd64-Zw3XFX/gcc-snapshot-20100520/src/gcc/testsuite/../../libcpp/include -DIN_GCC -fPIC -shared
UNRESOLVED: finish_unit_plugin.c compilation, -I. -I/build/buildd-gcc-snapshot_20100520-1-amd64-Zw3XFX/gcc-snapshot-20100520/src/gcc/testsuite -I/build/buildd-gcc-snapshot_20100520-1-amd64-Zw3XFX/gcc-snapshot-20100520/src/gcc/testsuite/../../gcc -I/build/buildd-gcc-snapshot_20100520-1-amd64-Zw3XFX/gcc-snapshot-20100520/build/gcc/testsuite/gcc/../../../gcc -I/build/buildd-gcc-snapshot_20100520-1-amd64-Zw3XFX/gcc-snapshot-20100520/src/gcc/testsuite/../../include -I/build/buildd-gcc-snapshot_20100520-1-amd64-Zw3XFX/gcc-snapshot-20100520/src/gcc/testsuite/../../libcpp/include -DIN_GCC -fPIC -shared
FAIL: gcc.dg/tree-ssa/prefetch-3.c scan-tree-dump-times aprefetch "unroll factor 4" 1
FAIL: gcc.dg/tree-ssa/prefetch-5.c scan-tree-dump-times aprefetch "Issued prefetch" 2
FAIL: gcc.dg/tree-ssa/prefetch-6.c scan-tree-dump-times aprefetch "Issued prefetch" 5
FAIL: gcc.dg/tree-ssa/prefetch-6.c scan-tree-dump-times aprefetch "Issued nontemporal prefetch" 3
FAIL: gcc.dg/tree-ssa/prefetch-6.c scan-assembler-times prefetcht 5
FAIL: gcc.dg/tree-ssa/prefetch-6.c scan-assembler-times prefetchnta 3
FAIL: gcc.dg/tree-ssa/prefetch-7.c scan-tree-dump-times aprefetch "Issued prefetch" 5
FAIL: gcc.dg/tree-ssa/prefetch-7.c scan-tree-dump-times aprefetch "Issued nontemporal prefetch" 3
FAIL: gcc.dg/tree-ssa/prefetch-7.c scan-tree-dump-times aprefetch "a nontemporal store" 2
FAIL: gcc.dg/tree-ssa/prefetch-7.c scan-tree-dump-times optimized "builtin_prefetch" 8
FAIL: gcc.dg/tree-ssa/prefetch-7.c scan-tree-dump-times optimized "={nt}" 18
FAIL: gcc.dg/tree-ssa/prefetch-7.c scan-tree-dump-times optimized "__builtin_ia32_mfence" 2
FAIL: gcc.dg/tree-ssa/prefetch-7.c scan-assembler-times prefetchw 5
FAIL: gcc.dg/tree-ssa/prefetch-7.c scan-assembler-times prefetcht 1
FAIL: gcc.dg/tree-ssa/prefetch-7.c scan-assembler-times prefetchnta 2
FAIL: gcc.dg/tree-ssa/prefetch-7.c scan-assembler-times movnti 18
FAIL: gcc.dg/tree-ssa/prefetch-7.c scan-assembler-times mfence 2
FAIL: gcc.dg/tree-ssa/update-unroll-1.c scan-tree-dump-not aprefetch "SUCC: 7 .100.0%"
FAIL: gcc.target/i386/3dnow-1.c (internal compiler error)
FAIL: gcc.target/i386/3dnow-1.c (test for excess errors)
FAIL: gcc.target/i386/3dnow-2.c (internal compiler error)
FAIL: gcc.target/i386/3dnow-2.c (test for excess errors)
FAIL: gcc.target/i386/3dnowA-1.c (internal compiler error)
FAIL: gcc.target/i386/3dnowA-1.c (test for excess errors)
FAIL: gcc.target/i386/3dnowA-2.c (internal compiler error)
FAIL: gcc.target/i386/3dnowA-2.c (test for excess errors)
FAIL: gcc.target/i386/avx-1.c (internal compiler error)
FAIL: gcc.target/i386/avx-1.c (test for excess errors)
FAIL: gcc.target/i386/avx-2.c (internal compiler error)
FAIL: gcc.target/i386/avx-2.c (test for excess errors)
FAIL: gcc.target/i386/avx-vzeroall-1.c (internal compiler error)
FAIL: gcc.target/i386/avx-vzeroall-1.c (test for excess errors)
UNRESOLVED: gcc.target/i386/avx-vzeroall-1.c compilation failed to produce executable
FAIL: gcc.target/i386/avx-vzeroall-2.c (internal compiler error)
FAIL: gcc.target/i386/avx-vzeroall-2.c (test for excess errors)
UNRESOLVED: gcc.target/i386/avx-vzeroall-2.c compilation failed to produce executable
FAIL: gcc.target/i386/avx-vzeroupper-1.c (internal compiler error)
FAIL: gcc.target/i386/avx-vzeroupper-1.c (test for excess errors)
UNRESOLVED: gcc.target/i386/avx-vzeroupper-1.c compilation failed to produce executable
FAIL: gcc.target/i386/avx-vzeroupper-2.c (internal compiler error)
FAIL: gcc.target/i386/avx-vzeroupper-2.c (test for excess errors)
UNRESOLVED: gcc.target/i386/avx-vzeroupper-2.c compilation failed to produce executable
FAIL: gcc.target/i386/mmx-1.c (internal compiler error)
FAIL: gcc.target/i386/mmx-1.c (test for excess errors)
FAIL: gcc.target/i386/mmx-2.c (internal compiler error)
FAIL: gcc.target/i386/mmx-2.c (test for excess errors)
FAIL: gcc.target/i386/mmx-7.c (internal compiler error)
FAIL: gcc.target/i386/mmx-7.c (test for excess errors)
FAIL: gcc.target/i386/pr36438.c (internal compiler error)
FAIL: gcc.target/i386/pr36438.c (test for excess errors)
FAIL: gcc.target/i386/pr42549.c (internal compiler error)
FAIL: gcc.target/i386/pr42549.c (test for excess errors)
UNRESOLVED: gcc.target/i386/pr42549.c compilation failed to produce executable
FAIL: gcc.target/i386/sse-13.c (internal compiler error)
FAIL: gcc.target/i386/sse-13.c (test for excess errors)
FAIL: gcc.target/i386/sse-14.c (internal compiler error)
FAIL: gcc.target/i386/sse-14.c (test for excess errors)
FAIL: gcc.target/i386/sse-22.c (internal compiler error)
FAIL: gcc.target/i386/sse-22.c (test for excess errors)
FAIL: gcc.target/i386/sse-23.c (internal compiler error)
FAIL: gcc.target/i386/sse-23.c (test for excess errors)
FAIL: gcc.target/i386/sse2-mmx.c (internal compiler error)
FAIL: gcc.target/i386/sse2-mmx.c (test for excess errors)
UNRESOLVED: gcc.target/i386/sse2-mmx.c compilation failed to produce executable
FAIL: gcc.target/i386/ssse3-pabsb.c (internal compiler error)
FAIL: gcc.target/i386/ssse3-pabsb.c (test for excess errors)
UNRESOLVED: gcc.target/i386/ssse3-pabsb.c compilation failed to produce executable
FAIL: gcc.target/i386/ssse3-pabsd.c (internal compiler error)
FAIL: gcc.target/i386/ssse3-pabsd.c (test for excess errors)
UNRESOLVED: gcc.target/i386/ssse3-pabsd.c compilation failed to produce executable
FAIL: gcc.target/i386/ssse3-pabsw.c (internal compiler error)
FAIL: gcc.target/i386/ssse3-pabsw.c (test for excess errors)
UNRESOLVED: gcc.target/i386/ssse3-pabsw.c compilation failed to produce executable
FAIL: gcc.target/i386/ssse3-palignr.c (internal compiler error)
FAIL: gcc.target/i386/ssse3-palignr.c (test for excess errors)
UNRESOLVED: gcc.target/i386/ssse3-palignr.c compilation failed to produce executable
FAIL: gcc.target/i386/ssse3-phaddd.c (internal compiler error)
FAIL: gcc.target/i386/ssse3-phaddd.c (test for excess errors)
UNRESOLVED: gcc.target/i386/ssse3-phaddd.c compilation failed to produce executable
FAIL: gcc.target/i386/ssse3-phaddsw.c (internal compiler error)
FAIL: gcc.target/i386/ssse3-phaddsw.c (test for excess errors)
UNRESOLVED: gcc.target/i386/ssse3-phaddsw.c compilation failed to produce executable
FAIL: gcc.target/i386/ssse3-phaddw.c (internal compiler error)
FAIL: gcc.target/i386/ssse3-phaddw.c (test for excess errors)
UNRESOLVED: gcc.target/i386/ssse3-phaddw.c compilation failed to produce executable
FAIL: gcc.target/i386/ssse3-phsubd.c (internal compiler error)
FAIL: gcc.target/i386/ssse3-phsubd.c (test for excess errors)
UNRESOLVED: gcc.target/i386/ssse3-phsubd.c compilation failed to produce executable
FAIL: gcc.target/i386/ssse3-phsubsw.c (internal compiler error)
FAIL: gcc.target/i386/ssse3-phsubsw.c (test for excess errors)
UNRESOLVED: gcc.target/i386/ssse3-phsubsw.c compilation failed to produce executable
FAIL: gcc.target/i386/ssse3-phsubw.c (internal compiler error)
FAIL: gcc.target/i386/ssse3-phsubw.c (test for excess errors)
UNRESOLVED: gcc.target/i386/ssse3-phsubw.c compilation failed to produce executable
FAIL: gcc.target/i386/ssse3-pmaddubsw.c (internal compiler error)
FAIL: gcc.target/i386/ssse3-pmaddubsw.c (test for excess errors)
UNRESOLVED: gcc.target/i386/ssse3-pmaddubsw.c compilation failed to produce executable
FAIL: gcc.target/i386/ssse3-pmulhrsw.c (internal compiler error)
FAIL: gcc.target/i386/ssse3-pmulhrsw.c (test for excess errors)
UNRESOLVED: gcc.target/i386/ssse3-pmulhrsw.c compilation failed to produce executable
FAIL: gcc.target/i386/ssse3-pshufb.c (internal compiler error)
FAIL: gcc.target/i386/ssse3-pshufb.c (test for excess errors)
UNRESOLVED: gcc.target/i386/ssse3-pshufb.c compilation failed to produce executable
FAIL: gcc.target/i386/ssse3-psignb.c (internal compiler error)
FAIL: gcc.target/i386/ssse3-psignb.c (test for excess errors)
UNRESOLVED: gcc.target/i386/ssse3-psignb.c compilation failed to produce executable
FAIL: gcc.target/i386/ssse3-psignd.c (internal compiler error)
FAIL: gcc.target/i386/ssse3-psignd.c (test for excess errors)
UNRESOLVED: gcc.target/i386/ssse3-psignd.c compilation failed to produce executable
FAIL: gcc.target/i386/ssse3-psignw.c (internal compiler error)
FAIL: gcc.target/i386/ssse3-psignw.c (test for excess errors)
UNRESOLVED: gcc.target/i386/ssse3-psignw.c compilation failed to produce executable
=== gcc Summary for unix/-m32 ===
# of expected passes 72781
# of unexpected failures 94
# of expected failures 184
# of unresolved testcases 28
# of unsupported tests 585
=== gcc Summary ===
# of expected passes 145048
# of unexpected failures 170
# of expected failures 367
# of unresolved testcases 56
# of unsupported tests 1554
/build/buildd-gcc-snapshot_20100520-1-amd64-Zw3XFX/gcc-snapshot-20100520/build/gcc/xgcc version 4.6.0 20100520 (experimental) [trunk revision 159641] (Debian 20100520-1)
=== gfortran tests ===
Running target unix
FAIL: gfortran.dg/array_constructor_11.f90 -O3 -g (internal compiler error)
FAIL: gfortran.dg/array_constructor_11.f90 -O3 -g (test for excess errors)
UNRESOLVED: gfortran.dg/array_constructor_11.f90 -O3 -g compilation failed to produce executable
=== gfortran Summary for unix ===
# of expected passes 34637
# of unexpected failures 2
# of expected failures 33
# of unresolved testcases 1
# of unsupported tests 69
Running target unix/-m32
FAIL: gfortran.dg/array_constructor_11.f90 -O3 -g (internal compiler error)
FAIL: gfortran.dg/array_constructor_11.f90 -O3 -g (test for excess errors)
UNRESOLVED: gfortran.dg/array_constructor_11.f90 -O3 -g compilation failed to produce executable
=== gfortran Summary for unix/-m32 ===
# of expected passes 34494
# of unexpected failures 2
# of expected failures 33
# of unresolved testcases 1
# of unsupported tests 135
=== gfortran Summary ===
# of expected passes 69131
# of unexpected failures 4
# of expected failures 66
# of unresolved testcases 2
# of unsupported tests 204
/build/buildd-gcc-snapshot_20100520-1-amd64-Zw3XFX/gcc-snapshot-20100520/build/gcc/testsuite/gfortran/../../gfortran version 4.6.0 20100520 (experimental) [trunk revision 159641] (Debian 20100520-1)
=== gnat tests ===
Running target unix
=== gnat Summary for unix ===
# of expected passes 801
# of expected failures 11
# of unsupported tests 1
Running target unix/-m32
UNRESOLVED: gnat.dg/abstract_with_anonymous_result.adb compilation failed to produce executable
UNRESOLVED: gnat.dg/access4.adb compilation failed to produce executable
UNRESOLVED: gnat.dg/access_discr2.adb compilation failed to produce executable
UNRESOLVED: gnat.dg/access_test.adb compilation failed to produce executable
UNRESOLVED: gnat.dg/addr2.adb compilation failed to produce executable
UNRESOLVED: gnat.dg/address_conversion.adb compilation failed to produce executable
UNRESOLVED: gnat.dg/aggr1.adb compilation failed to produce executable
FAIL: gnat.dg/aggr12.adb scan-tree-dump-not original "{.i1=0, .i2=2}": dump file does not exist
FAIL: gnat.dg/aggr13.adb scan-tree-dump-not gimple "= {}": dump file does not exist
UNRESOLVED: gnat.dg/aggr14.adb compilation failed to produce executable
UNRESOLVED: gnat.dg/aggr3.adb compilation failed to produce executable
UNRESOLVED: gnat.dg/aliased_prefix_accessibility.adb compilation failed to produce executable
FAIL: gnat.dg/aliasing1.adb scan-tree-dump-not optimized "__gnat_rcheck": dump file does not exist
FAIL: gnat.dg/aliasing2.adb scan-tree-dump-not optimized "__gnat_rcheck": dump file does not exist
UNRESOLVED: gnat.dg/aliasing3.adb compilation failed to produce executable
UNRESOLVED: gnat.dg/align_check.adb compilation failed to produce executable
UNRESOLVED: gnat.dg/align_max.adb compilation failed to produce executable
UNRESOLVED: gnat.dg/aligned_vla.adb compilation failed to produce executable
UNRESOLVED: gnat.dg/alignment1.adb compilation failed to produce executable
UNRESOLVED: gnat.dg/alignment2.adb compilation failed to produce executable
FAIL: gnat.dg/alignment4.adb scan-tree-dump-not gimple ".F": dump file does not exist
FAIL: gnat.dg/alignment5.adb scan-tree-dump-not gimple ".F": dump file does not exist
FAIL: gnat.dg/alignment6.adb scan-tree-dump-not gimple "VIEW_CONVERT_EXPR": dump file does not exist
UNRESOLVED: gnat.dg/alignment7.adb compilation failed to produce executable
UNRESOLVED: gnat.dg/alignment8.adb compilation failed to produce executable
UNRESOLVED: gnat.dg/alignment9.adb compilation failed to produce executable
UNRESOLVED: gnat.dg/allocator_maxalign1.adb compilation failed to produce executable
FAIL: gnat.dg/ancestor_type.adb (test for errors, line 8)
UNRESOLVED: gnat.dg/array10.adb compilation failed to produce executable
FAIL: gnat.dg/array11.adb (test for warnings, line 8)
FAIL: gnat.dg/array11.adb (test for warnings, line 9)
FAIL: gnat.dg/array11.adb (test for warnings, line 12)
UNRESOLVED: gnat.dg/array12.adb compilation failed to produce executable
UNRESOLVED: gnat.dg/array3.adb compilation failed to produce executable
UNRESOLVED: gnat.dg/array4.adb compilation failed to produce executable
UNRESOLVED: gnat.dg/array5.adb compilation failed to produce executable
UNRESOLVED: gnat.dg/array6.adb compilation failed to produce executable
UNRESOLVED: gnat.dg/array9.adb compilation failed to produce executable
UNRESOLVED: gnat.dg/array_bounds_test.adb compilation failed to produce executable
UNRESOLVED: gnat.dg/assert1.adb compilation failed to produce executable
UNRESOLVED: gnat.dg/assign_from_packed.adb compilation failed to produce executable
FAIL: gnat.dg/atomic2.adb (test for warnings, line 7)
UNRESOLVED: gnat.dg/biased_uc.adb compilation failed to produce executable
UNRESOLVED: gnat.dg/bip_aggregate_bug.adb compilation failed to produce executable
UNRESOLVED: gnat.dg/bit_packed_array3.adb compilation failed to produce executable
UNRESOLVED: gnat.dg/blkextract_from_reg.adb compilation failed to produce executable
UNRESOLVED: gnat.dg/bltins.adb compilation failed to produce executable
UNRESOLVED: gnat.dg/boolean_bitfield.adb compilation failed to produce executable
UNRESOLVED: gnat.dg/boolean_expr2.adb compilation failed to produce executable
UNRESOLVED: gnat.dg/capture_value.adb compilation failed to produce executable
UNRESOLVED: gnat.dg/case_optimization2.adb compilation failed to produce executable
UNRESOLVED: gnat.dg/check_displace_generation.adb compilation failed to produce executable
UNRESOLVED: gnat.dg/check_elaboration_code.adb compilation failed to produce executable
XPASS: gnat.dg/class_wide2.adb (test for bogus messages, line 7)
UNRESOLVED: gnat.dg/compose.adb compilation failed to produce executable
UNRESOLVED: gnat.dg/concat1.adb compilation failed to produce executable
UNRESOLVED: gnat.dg/concat_length.adb compilation failed to produce executable
UNRESOLVED: gnat.dg/controlled5.adb compilation failed to produce executable
UNRESOLVED: gnat.dg/conv_bug.adb compilation failed to produce executable
UNRESOLVED: gnat.dg/conv_decimal.adb compilation failed to produce executable
UNRESOLVED: gnat.dg/conv_real.adb compilation failed to produce executable
UNRESOLVED: gnat.dg/curr_task.adb compilation failed to produce executable
FAIL: gnat.dg/deferred_const1.adb (test for warnings, line 8)
UNRESOLVED: gnat.dg/deferred_const2.adb compilation failed to produce executable
UNRESOLVED: gnat.dg/deferred_const3.adb compilation failed to produce executable
UNRESOLVED: gnat.dg/derived_aggregate.adb compilation failed to produce executable
FAIL: gnat.dg/derived_type1.adb scan-tree-dump-not original "VIEW_CONVERT_EXPR<struct derived_type1__root>": dump file does not exist
FAIL: gnat.dg/derived_type1.adb scan-tree-dump-not original "VIEW_CONVERT_EXPR<struct derived_type1__derived1>": dump file does not exist
UNRESOLVED: gnat.dg/discr4.adb compilation failed to produce executable
UNRESOLVED: gnat.dg/dispatch1.adb compilation failed to produce executable
UNRESOLVED: gnat.dg/dispatch2.adb compilation failed to produce executable
UNRESOLVED: gnat.dg/elim2.adb compilation failed to produce executable
UNRESOLVED: gnat.dg/empty_vector_length.adb compilation failed to produce executable
UNRESOLVED: gnat.dg/entry_queues.adb compilation failed to produce executable
UNRESOLVED: gnat.dg/enum1.adb compilation failed to produce executable
UNRESOLVED: gnat.dg/enum2.adb compilation failed to produce executable
UNRESOLVED: gnat.dg/exp0_eval.adb compilation failed to produce executable
UNRESOLVED: gnat.dg/expect1.adb compilation failed to produce executable
UNRESOLVED: gnat.dg/fixce.adb compilation failed to produce executable
UNRESOLVED: gnat.dg/fixedpnt.adb compilation failed to produce executable
FAIL: gnat.dg/frame_overflow.adb (test for errors, line 15)
FAIL: gnat.dg/frame_overflow.adb (test for errors, line 18)
FAIL: gnat.dg/frame_overflow.adb (test for errors, line 25)
UNRESOLVED: gnat.dg/generic_dispatch.adb compilation failed to produce executable
UNRESOLVED: gnat.dg/gnat_malloc.adb compilation failed to produce executable
UNRESOLVED: gnat.dg/handle_and_return.adb compilation failed to produce executable
UNRESOLVED: gnat.dg/handle_raise_from_pure.adb compilation failed to produce executable
UNRESOLVED: gnat.dg/hyper_flat.adb compilation failed to produce executable
UNRESOLVED: gnat.dg/in_out_parameter.adb compilation failed to produce executable
XPASS: gnat.dg/incomplete2.adb (test for excess errors)
UNRESOLVED: gnat.dg/init_scalar1.adb compilation failed to produce executable
UNRESOLVED: gnat.dg/inline_tagged.adb compilation failed to produce executable
UNRESOLVED: gnat.dg/interface1.adb compilation failed to produce executable
UNRESOLVED: gnat.dg/interface2.adb compilation failed to produce executable
UNRESOLVED: gnat.dg/interface3.adb compilation failed to produce executable
UNRESOLVED: gnat.dg/interface_conv.adb compilation failed to produce executable
UNRESOLVED: gnat.dg/iprot_test.adb compilation failed to produce executable
UNRESOLVED: gnat.dg/kill_value.adb compilation failed to produce executable
UNRESOLVED: gnat.dg/lhs_view_convert.adb compilation failed to produce executable
UNRESOLVED: gnat.dg/loop_boolean.adb compilation failed to produce executable
UNRESOLVED: gnat.dg/loop_optimization3.adb compilation failed to produce executable
UNRESOLVED: gnat.dg/loop_optimization4.adb compilation failed to produce executable
UNRESOLVED: gnat.dg/lto1.adb compilation failed to produce executable
UNRESOLVED: gnat.dg/lto5.adb compilation failed to produce executable
UNRESOLVED: gnat.dg/lto6.adb compilation failed to produce executable
UNRESOLVED: gnat.dg/lto7.adb compilation failed to produce executable
UNRESOLVED: gnat.dg/lto8.adb compilation failed to produce executable
UNRESOLVED: gnat.dg/lto9.adb compilation failed to produce executable
UNRESOLVED: gnat.dg/md5_test.adb compilation failed to produce executable
UNRESOLVED: gnat.dg/misaligned_nest.adb compilation failed to produce executable
UNRESOLVED: gnat.dg/misaligned_param.adb compilation failed to produce executable
UNRESOLVED: gnat.dg/missing_acc_check.adb compilation failed to produce executable
UNRESOLVED: gnat.dg/modular1.adb compilation failed to produce executable
UNRESOLVED: gnat.dg/modular2.adb compilation failed to produce executable
UNRESOLVED: gnat.dg/mutable1.adb compilation failed to produce executable
UNRESOLVED: gnat.dg/named_test.adb compilation failed to produce executable
UNRESOLVED: gnat.dg/nat1r.adb compilation failed to produce executable
UNRESOLVED: gnat.dg/nested_controlled_alloc.adb compilation failed to produce executable
UNRESOLVED: gnat.dg/nested_proc1.adb compilation failed to produce executable
UNRESOLVED: gnat.dg/nested_return_test.adb compilation failed to produce executable
UNRESOLVED: gnat.dg/no_final.adb compilation failed to produce executable
UNRESOLVED: gnat.dg/not_null.adb compilation failed to produce executable
FAIL: gnat.dg/notnot.adb (test for warnings, line 6)
UNRESOLVED: gnat.dg/null_pointer_deref1.adb compilation failed to produce executable
UNRESOLVED: gnat.dg/null_pointer_deref2.adb compilation failed to produce executable
FAIL: gnat.dg/object_overflow.adb (test for warnings, line 8)
ERROR: gnat.dg/oconst1.adb: error executing dg-final: couldn't open "oconst1.s": no such file or directory
UNRESOLVED: gnat.dg/oconst1.adb: error executing dg-final: couldn't open "oconst1.s": no such file or directory
ERROR: gnat.dg/oconst2.adb: error executing dg-final: couldn't open "oconst2.s": no such file or directory
UNRESOLVED: gnat.dg/oconst2.adb: error executing dg-final: couldn't open "oconst2.s": no such file or directory
ERROR: gnat.dg/oconst3.adb: error executing dg-final: couldn't open "oconst3.s": no such file or directory
UNRESOLVED: gnat.dg/oconst3.adb: error executing dg-final: couldn't open "oconst3.s": no such file or directory
ERROR: gnat.dg/oconst4.adb: error executing dg-final: couldn't open "oconst4.s": no such file or directory
UNRESOLVED: gnat.dg/oconst4.adb: error executing dg-final: couldn't open "oconst4.s": no such file or directory
ERROR: gnat.dg/oconst5.adb: error executing dg-final: couldn't open "oconst5.s": no such file or directory
UNRESOLVED: gnat.dg/oconst5.adb: error executing dg-final: couldn't open "oconst5.s": no such file or directory
FAIL: gnat.dg/old_errors.adb (test for errors, line 7)
FAIL: gnat.dg/old_errors.adb (test for errors, line 16)
FAIL: gnat.dg/old_errors.adb (test for errors, line 28)
FAIL: gnat.dg/old_errors.adb (test for errors, line 34)
FAIL: gnat.dg/old_errors.adb (test for errors, line 38)
FAIL: gnat.dg/old_errors.adb (test for warnings, line 40)
FAIL: gnat.dg/old_errors.adb (test for errors, line 44)
UNRESOLVED: gnat.dg/opt2.adb compilation failed to produce executable
UNRESOLVED: gnat.dg/opt4.adb compilation failed to produce executable
UNRESOLVED: gnat.dg/opt5.adb compilation failed to produce executable
UNRESOLVED: gnat.dg/outer_agg_bitfield_constructor.adb compilation failed to produce executable
UNRESOLVED: gnat.dg/overflow_sum.adb compilation failed to produce executable
UNRESOLVED: gnat.dg/pack10.adb compilation failed to produce executable
UNRESOLVED: gnat.dg/pack11.adb compilation failed to produce executable
UNRESOLVED: gnat.dg/pack12.adb compilation failed to produce executable
UNRESOLVED: gnat.dg/pack3.adb compilation failed to produce executable
UNRESOLVED: gnat.dg/pack4.adb compilation failed to produce executable
FAIL: gnat.dg/pack8.adb (test for errors, line 19)
FAIL: gnat.dg/pack9.adb scan-tree-dump-not optimized "__gnat_rcheck": dump file does not exist
UNRESOLVED: gnat.dg/packed_subtype.adb compilation failed to produce executable
UNRESOLVED: gnat.dg/pointer_conversion.adb compilation failed to produce executable
UNRESOLVED: gnat.dg/prot_def.adb compilation failed to produce executable
UNRESOLVED: gnat.dg/protected_self_ref1.adb compilation failed to produce executable
FAIL: gnat.dg/protected_self_ref2.adb (test for errors, line 12)
UNRESOLVED: gnat.dg/quote.adb compilation failed to produce executable
UNRESOLVED: gnat.dg/range_check.adb compilation failed to produce executable
UNRESOLVED: gnat.dg/regpat1.adb compilation failed to produce executable
UNRESOLVED: gnat.dg/release_unc_maxalign.adb compilation failed to produce executable
UNRESOLVED: gnat.dg/renaming2.adb compilation failed to produce executable
UNRESOLVED: gnat.dg/renaming3.adb compilation failed to produce executable
UNRESOLVED: gnat.dg/rep_clause4.adb compilation failed to produce executable
UNRESOLVED: gnat.dg/requeue1.adb compilation failed to produce executable
UNRESOLVED: gnat.dg/scalar_mode_agg_compare.adb compilation failed to produce executable
UNRESOLVED: gnat.dg/self_aggregate_with_array.adb compilation failed to produce executable
UNRESOLVED: gnat.dg/self_aggregate_with_call.adb compilation failed to produce executable
UNRESOLVED: gnat.dg/self_aggregate_with_pointer.adb compilation failed to produce executable
UNRESOLVED: gnat.dg/self_aggregate_with_zeros.adb compilation failed to produce executable
UNRESOLVED: gnat.dg/sizetype1.adb compilation failed to produce executable
UNRESOLVED: gnat.dg/sizetype2.adb compilation failed to produce executable
UNRESOLVED: gnat.dg/slice3.adb compilation failed to produce executable
UNRESOLVED: gnat.dg/slice4.adb compilation failed to produce executable
FAIL: gnat.dg/slice5.adb (test for warnings, line 15)
FAIL: gnat.dg/slice5.adb (test for warnings, line 21)
UNRESOLVED: gnat.dg/small_alignment.adb compilation failed to produce executable
UNRESOLVED: gnat.dg/socket1.adb compilation failed to produce executable
UNRESOLVED: gnat.dg/sort2.adb compilation failed to produce executable
UNRESOLVED: gnat.dg/spipaterr.adb compilation failed to produce executable
UNRESOLVED: gnat.dg/sse_nolib.adb compilation failed to produce executable
UNRESOLVED: gnat.dg/stack_check1.adb compilation failed to produce executable
UNRESOLVED: gnat.dg/stack_check2.adb compilation failed to produce executable
UNRESOLVED: gnat.dg/string_slice.adb compilation failed to produce executable
FAIL: gnat.dg/subp_elim_errors.adb (test for errors, line 25)
FAIL: gnat.dg/subp_elim_errors.adb (test for errors, line 27)
FAIL: gnat.dg/subp_elim_errors.adb (test for errors, line 29)
FAIL: gnat.dg/subp_elim_errors.adb (test for errors, line 31)
UNRESOLVED: gnat.dg/tag1.adb compilation failed to produce executable
UNRESOLVED: gnat.dg/tagged_alloc_free.adb compilation failed to produce executable
UNRESOLVED: gnat.dg/tail_call.adb compilation failed to produce executable
UNRESOLVED: gnat.dg/task_stack_align.adb compilation failed to produce executable
UNRESOLVED: gnat.dg/test_8bitlong_overflow.adb compilation failed to produce executable
UNRESOLVED: gnat.dg/test_address_null_init.adb compilation failed to produce executable
UNRESOLVED: gnat.dg/test_allocator_maxalign2.adb compilation failed to produce executable
UNRESOLVED: gnat.dg/test_bounded.adb compilation failed to produce executable
UNRESOLVED: gnat.dg/test_delay.adb compilation failed to produce executable
UNRESOLVED: gnat.dg/test_direct_io.adb compilation failed to produce executable
UNRESOLVED: gnat.dg/test_enum_io.adb compilation failed to produce executable
UNRESOLVED: gnat.dg/test_fixed_io.adb compilation failed to produce executable
UNRESOLVED: gnat.dg/test_iface_aggr.adb compilation failed to produce executable
UNRESOLVED: gnat.dg/test_ifaces.adb compilation failed to produce executable
UNRESOLVED: gnat.dg/test_image.adb compilation failed to produce executable
UNRESOLVED: gnat.dg/test_nested_subtype_byref.adb compilation failed to produce executable
UNRESOLVED: gnat.dg/test_oalign.adb compilation failed to produce executable
UNRESOLVED: gnat.dg/test_oconst.adb compilation failed to produce executable
UNRESOLVED: gnat.dg/test_prefix1.adb compilation failed to produce executable
UNRESOLVED: gnat.dg/test_prio.adb compilation failed to produce executable
UNRESOLVED: gnat.dg/test_raise_from_pure.adb compilation failed to produce executable
UNRESOLVED: gnat.dg/test_self.adb compilation failed to produce executable
UNRESOLVED: gnat.dg/test_self_ref.adb compilation failed to produce executable
UNRESOLVED: gnat.dg/test_table1.adb compilation failed to produce executable
UNRESOLVED: gnat.dg/test_tamdt.adb compilation failed to produce executable
UNRESOLVED: gnat.dg/test_time_stamp.adb compilation failed to produce executable
UNRESOLVED: gnat.dg/test_version.adb compilation failed to produce executable
UNRESOLVED: gnat.dg/testint.adb compilation failed to produce executable
UNRESOLVED: gnat.dg/tfren.adb compilation failed to produce executable
UNRESOLVED: gnat.dg/thin_pointer2.adb compilation failed to produce executable
UNRESOLVED: gnat.dg/timer_cancel.adb compilation failed to produce executable
UNRESOLVED: gnat.dg/timing_events.adb compilation failed to produce executable
ERROR: gnat.dg/trampoline1.adb: error executing dg-final: couldn't open "trampoline1.s": no such file or directory
UNRESOLVED: gnat.dg/trampoline1.adb: error executing dg-final: couldn't open "trampoline1.s": no such file or directory
UNRESOLVED: gnat.dg/trampoline2.adb compilation failed to produce executable
UNRESOLVED: gnat.dg/tree_static_use.adb compilation failed to produce executable
UNRESOLVED: gnat.dg/unc_memfree.adb compilation failed to produce executable
UNRESOLVED: gnat.dg/unchecked_convert1.adb compilation failed to produce executable
UNRESOLVED: gnat.dg/unchecked_convert2.adb compilation failed to produce executable
UNRESOLVED: gnat.dg/unchecked_convert3.adb compilation failed to produce executable
UNRESOLVED: gnat.dg/unchecked_union1.adb compilation failed to produce executable
FAIL: gnat.dg/uninit_func.adb (test for warnings, line 5)
UNRESOLVED: gnat.dg/valid1.adb compilation failed to produce executable
ERROR: gnat.dg/volatile3.adb: error executing dg-final: couldn't open "volatile3.s": no such file or directory
UNRESOLVED: gnat.dg/volatile3.adb: error executing dg-final: couldn't open "volatile3.s": no such file or directory
UNRESOLVED: gnat.dg/warn1.adb compilation failed to produce executable
FAIL: gnat.dg/warn4.adb (test for warnings, line 14)
FAIL: gnat.dg/warn4.adb (test for warnings, line 14)
UNRESOLVED: gnat.dg/wide_boolean.adb compilation failed to produce executable
UNRESOLVED: gnat.dg/wide_test.adb compilation failed to produce executable
FAIL: gnat.dg/specs/abstract_private.ads (test for errors, line 12)
FAIL: gnat.dg/specs/access_constant.ads (test for errors, line 10)
FAIL: gnat.dg/specs/access_constant_decl.ads (test for errors, line 9)
FAIL: gnat.dg/specs/addr1.ads (test for warnings, line 30)
FAIL: gnat.dg/specs/alignment2.ads (test for warnings, line 12)
FAIL: gnat.dg/specs/alignment2.ads (test for warnings, line 18)
FAIL: gnat.dg/specs/alignment2.ads (test for warnings, line 36)
FAIL: gnat.dg/specs/alignment2.ads (test for warnings, line 40)
XPASS: gnat.dg/specs/controlled1_pkg.ads (test for excess errors)
XPASS: gnat.dg/specs/fe_inlining_helper.ads (test for excess errors)
FAIL: gnat.dg/specs/import_abstract.ads (test for errors, line 5)
FAIL: gnat.dg/specs/integer_value.ads (test for errors, line 4)
FAIL: gnat.dg/specs/linker_section.ads (test for errors, line 6)
FAIL: gnat.dg/specs/linker_section.ads (test for errors, line 10)
XPASS: gnat.dg/specs/lto3_pkg1.ads (test for excess errors)
XPASS: gnat.dg/specs/lto3_pkg2.ads (test for excess errors)
FAIL: gnat.dg/specs/oversize.ads (test for errors, line 18)
FAIL: gnat.dg/specs/oversize.ads (test for errors, line 25)
FAIL: gnat.dg/specs/oversize.ads (test for errors, line 33)
FAIL: gnat.dg/specs/oversize.ads (test for errors, line 44)
XPASS: gnat.dg/specs/pack3_pkg.ads (test for excess errors)
FAIL: gnat.dg/specs/renamings.ads (test for errors, line 9)
FAIL: gnat.dg/specs/renamings.ads (test for errors, line 13)
XPASS: gnat.dg/specs/size_attribute1_pkg1.ads (test for excess errors)
XPASS: gnat.dg/specs/size_attribute1_pkg2.ads (test for excess errors)
FAIL: gnat.dg/specs/size_clause2.ads (test for errors, line 40)
FAIL: gnat.dg/specs/size_clause3.ads (test for errors, line 17)
FAIL: gnat.dg/specs/size_clause3.ads (test for errors, line 47)
ERROR: gnat.dg/specs/static_initializer.ads: error executing dg-final: couldn't open "static_initializer.s": no such file or directory
UNRESOLVED: gnat.dg/specs/static_initializer.ads: error executing dg-final: couldn't open "static_initializer.s": no such file or directory
ERROR: gnat.dg/specs/static_initializer2.ads: error executing dg-final: couldn't open "static_initializer2.s": no such file or directory
UNRESOLVED: gnat.dg/specs/static_initializer2.ads: error executing dg-final: couldn't open "static_initializer2.s": no such file or directory
FAIL: gnat.dg/specs/storage.ads (test for errors, line 6)
FAIL: gnat.dg/specs/tag2.ads (test for errors, line 11)
FAIL: gnat.dg/specs/tag2.ads (test for errors, line 12)
FAIL: gnat.dg/specs/tag2.ads (test for errors, line 13)
FAIL: gnat.dg/specs/variant_part.ads (test for errors, line 4)
XPASS: gnat.dg/specs/varsize_return_pkg1.ads (test for excess errors)
XPASS: gnat.dg/specs/varsize_return_pkg2.ads (test for excess errors)
=== gnat Summary for unix/-m32 ===
# of expected passes 541
# of unexpected failures 65
# of unexpected successes 11
# of unresolved testcases 195
# of unsupported tests 1
=== gnat Summary ===
# of expected passes 1342
# of unexpected failures 65
# of unexpected successes 11
# of expected failures 11
# of unresolved testcases 195
# of unsupported tests 2
=== obj-c++ tests ===
Running target unix
FAIL: obj-c++.dg/const-str-5.mm -fgnu-runtime (test for excess errors)
FAIL: obj-c++.dg/const-str-6.mm -fgnu-runtime (test for excess errors)
UNRESOLVED: obj-c++.dg/lookup-2.mm -fgnu-runtime compilation failed to produce executable
UNRESOLVED: obj-c++.dg/try-catch-2.mm -fgnu-runtime compilation failed to produce executable
UNRESOLVED: obj-c++.dg/try-catch-9.mm -fgnu-runtime compilation failed to produce executable
=== obj-c++ Summary for unix ===
# of expected passes 430
# of unexpected failures 2
# of expected failures 11
# of unresolved testcases 3
# of unsupported tests 14
Running target unix/-m32
FAIL: obj-c++.dg/const-str-5.mm -fgnu-runtime (test for excess errors)
FAIL: obj-c++.dg/const-str-6.mm -fgnu-runtime (test for excess errors)
UNRESOLVED: obj-c++.dg/lookup-2.mm -fgnu-runtime compilation failed to produce executable
UNRESOLVED: obj-c++.dg/try-catch-2.mm -fgnu-runtime compilation failed to produce executable
UNRESOLVED: obj-c++.dg/try-catch-9.mm -fgnu-runtime compilation failed to produce executable
=== obj-c++ Summary for unix/-m32 ===
# of expected passes 438
# of unexpected failures 2
# of expected failures 3
# of unresolved testcases 3
# of unsupported tests 14
=== obj-c++ Summary ===
# of expected passes 868
# of unexpected failures 4
# of expected failures 14
# of unresolved testcases 6
# of unsupported tests 28
/build/buildd-gcc-snapshot_20100520-1-amd64-Zw3XFX/gcc-snapshot-20100520/build/gcc/testsuite/obj-c++/../../g++ version 4.6.0 20100520 (experimental) [trunk revision 159641] (Debian 20100520-1)
=== objc tests ===
Running target unix
FAIL: objc.dg/torture/tls/thr-init-3.m -O2 -flto (test for excess errors)
UNRESOLVED: objc.dg/torture/tls/thr-init-3.m -O2 -flto compilation failed to produce executable
FAIL: objc.dg/torture/tls/thr-init-3.m -O2 -fwhopr (test for excess errors)
UNRESOLVED: objc.dg/torture/tls/thr-init-3.m -O2 -fwhopr compilation failed to produce executable
=== objc Summary for unix ===
# of expected passes 1983
# of unexpected failures 2
# of expected failures 15
# of unresolved testcases 2
# of unsupported tests 20
Running target unix/-m32
FAIL: objc.dg/torture/tls/thr-init-3.m -O2 -flto (test for excess errors)
UNRESOLVED: objc.dg/torture/tls/thr-init-3.m -O2 -flto compilation failed to produce executable
FAIL: objc.dg/torture/tls/thr-init-3.m -O2 -fwhopr (test for excess errors)
UNRESOLVED: objc.dg/torture/tls/thr-init-3.m -O2 -fwhopr compilation failed to produce executable
=== objc Summary for unix/-m32 ===
# of expected passes 1991
# of unexpected failures 2
# of expected failures 7
# of unresolved testcases 2
# of unsupported tests 20
=== objc Summary ===
# of expected passes 3974
# of unexpected failures 4
# of expected failures 22
# of unresolved testcases 4
# of unsupported tests 40
/build/buildd-gcc-snapshot_20100520-1-amd64-Zw3XFX/gcc-snapshot-20100520/build/gcc/xgcc version 4.6.0 20100520 (experimental) [trunk revision 159641] (Debian 20100520-1)
=== libffi tests ===
Running target unix
=== libffi Summary for unix ===
# of expected passes 1624
# of expected failures 10
# of unsupported tests 15
Running target unix/-m32
=== libffi Summary for unix/-m32 ===
# of expected passes 1624
# of expected failures 10
# of unsupported tests 15
=== libffi Summary ===
# of expected passes 3248
# of expected failures 20
# of unsupported tests 30
=== libgomp tests ===
Running target unix
=== libgomp Summary for unix ===
# of expected passes 2540
Running target unix/-m32
=== libgomp Summary for unix/-m32 ===
# of expected passes 2540
=== libgomp Summary ===
# of expected passes 5080
=== libjava tests ===
Running target unix
FAIL: PR16923.c compilation
=== libjava Summary ===
# of expected passes 2572
# of unexpected failures 1
=== libmudflap tests ===
Running target unix
=== libmudflap Summary for unix ===
# of expected passes 1894
Running target unix/-m32
=== libmudflap Summary for unix/-m32 ===
# of expected passes 1894
=== libmudflap Summary ===
# of expected passes 3788
=== libstdc++ tests ===
Running target unix
=== libstdc++ Summary for unix ===
# of expected passes 7092
# of expected failures 95
# of unsupported tests 336
Running target unix/-m32
=== libstdc++ Summary for unix/-m32 ===
# of expected passes 7092
# of expected failures 95
# of unsupported tests 336
=== libstdc++ Summary ===
# of expected passes 14184
# of expected failures 190
# of unsupported tests 672
Compiler version: 4.6.0 20100520 (experimental) [trunk revision 159641] (Debian 20100520-1)
Platform: x86_64-pc-linux-gnu
configure flags: -v --with-pkgversion='Debian 20100520-1' --with-bugurl=file:///usr/share/doc/gcc-snapshot/README.Bugs --enable-languages=c,ada,c++,java,fortran,objc,obj-c++ --prefix=/usr/lib/gcc-snapshot --enable-shared --enable-multiarch --enable-linker-build-id --with-system-zlib --disable-nls --enable-clocale=gnu --enable-libstdcxx-debug --enable-libstdcxx-time=yes --enable-plugin --enable-gold --with-plugin-ld=ld.gold --disable-browser-plugin --enable-java-awt=gtk --enable-gtk-cairo --with-java-home=/usr/lib/jvm/java-1.5.0-gcj-4.6-snap/jre --enable-java-home --with-jvm-root-dir=/usr/lib/jvm/java-1.5.0-gcj-4.6-snap --with-jvm-jar-dir=/usr/lib/jvm-exports/java-1.5.0-gcj-4.6-snap --with-arch-directory=amd64 --with-ecj-jar=/usr/share/java/eclipse-ecj.jar --enable-objc-gc --with-arch-32=i486 --with-tune=generic --disable-werror --enable-checking=yes --build=x86_64-linux-gnu --host=x86_64-linux-gnu --target=x86_64-linux-gnu
BOOT_CFLAGS=
Build Dependencies:
Desired=Unknown/Install/Remove/Purge/Hold
| Status=Not/Inst/Conf-files/Unpacked/halF-conf/Half-inst/trig-aWait/Trig-pend
|/ Err?=(none)/Reinst-required (Status,Err: uppercase=bad)
||/ Name Version Description
+++-===============================-======================-==============================================
ii binutils 2.20.1-9 The GNU assembler, linker and binary utilities
ii g++-4.4 4.4.4-2 The GNU C++ compiler
ii libc6 2.10.2-9 Embedded GNU C Library: Shared libraries
pi libcloog-ppl-dev 0.15.9-1 the Chunky Loop Generator (development files)
pi libgmp3-dev 2:4.3.2+dfsg-1 Multiprecision arithmetic library developers t
pi libmpc-dev 0.8.1-1 multiple precision complex floating-point libr
pi libmpfr-dev 2.4.2-3 multiple precision floating-point computation
pi libppl0.10-dev 0.10.2-6 Parma Polyhedra Library (development)
gcc-ice-hack:
Retry the build on an ice, save the calling options and preprocessed
source when the ice is reproducible.
gcc-ice-apport:
Report an ICE to apport (if apport is available
and the environment variable GCC_NOAPPORT is not set)
libjava-disable-static:
Disable building the static libjava.
libjava-fixed-symlinks:
Remove unneed '..' elements from symlinks in JAVA_HOME
libstdc++-arm-wno-abi:
Temporary work around:
On arm-linux-gnueabi run the libstdc++v3 testsuite with -Wno-abi
libstdc++-arm-ldbl-compat:
On ARM provide the long double versions of "C" math functions in libstdc++
ada-mips:
Improve support for mips.
arm-unbreak-eabi-armv4t:
Fix armv4t build on ARM
gcc-multiarch:
Add multiarch support to GCC.
Convert the multilib option to a target triplet,
add multiarch include directories and libraries path:
/usr/local/include/<arch>-linux-gnu
/usr/include/<arch>-linux-gnu
/usr/lib/<arch>-linux-gnu
to the system paths.
mips-triarch:
Build a tri-arch compiler on mips-linux-gnu.
http://gcc.gnu.org/ml/gcc-patches/2009-03/msg01047.html
libjava-nobiarch-check:
For biarch builds, disable the testsuite for the non-default architecture
for runtime libraries, which are not built by default (libjava).
config-ml:
disable some biarch libraries for biarch builds
s390-biarch:
Build a bi-arch compiler on s390-linux-gnu.
http://gcc.gnu.org/ml/gcc-patches/2009-03/msg01044.html
gcc-powerpc-nof:
Don't build nof multlib on powerpc.
gcc-multilib64dir:
Use lib instead of lib64 as multilibdir on amd64 and ppc64.
gcc-no-add-needed:
On linux targets pass --no-add-needed to the linker.
mips-fix-loongson2f-nop:
On mips, pass -mfix-loongson2f-nop to as, if -mno-fix-loongson2f-nop
is not passed.
pr40521-sequel:
Sequel to PR40521 -- -g causes GCC to generate .eh_frame
pr40521-sequel-doc:
Sequel to PR40521 -- -g causes GCC to generate .eh_frame (documentation)
Counting all warnings,
there are 0 warnings in stage3 of this bootstrap.
Number of warnings per file:
Number of warning types: