This is the mail archive of the
gcc-testresults@gcc.gnu.org
mailing list for the GCC project.
Results for 4.6.0 20100520 (experimental) (GCC) testsuite on i686-pc-linux-gnu
- From: GCC regression tester <regress at geoffk dot org>
- To: gcc-testresults at gcc dot gnu dot org
- Date: Thu, 20 May 2010 00:58:21 -0700
- Subject: Results for 4.6.0 20100520 (experimental) (GCC) testsuite on i686-pc-linux-gnu
This build run by an automatic regression tester.
See <http://glutton.geoffk.org/HEAD/> for more information.
Date: 2010-05-20T06:30:20Z
Revision: 159610
URL: svn://gcc.gnu.org/svn/gcc/trunk
Status: regress-35
Prev-Endtime: 2010-05-20T06:17:55Z
Native configuration is i686-pc-linux-gnu
=== g++ tests ===
Running target unix
FAIL: g++.dg/opt/mmx2.C (internal compiler error)
FAIL: g++.dg/opt/mmx2.C (test for excess errors)
FAIL: g++.dg/lto/20081109 cp_lto_20081109_0.o-cp_lto_20081109_1.o execute -O2 -fwhopr
=== g++ Summary ===
# of expected passes 23705
# of unexpected failures 3
# of expected failures 151
# of unsupported tests 115
/home/regress/tbox/native/build/gcc/testsuite/g++/../../g++ version 4.6.0 20100520 (experimental) (GCC)
=== gcc tests ===
Running target unix
FAIL: gcc.dg/cproj-fails-with-broken-glibc.c execution test
FAIL: gcc.dg/pr34668-1.c (internal compiler error)
FAIL: gcc.dg/pr34668-1.c (test for excess errors)
XPASS: gcc.dg/guality/example.c -O0 execution test
XPASS: gcc.dg/guality/example.c -O1 execution test
XPASS: gcc.dg/guality/guality.c -O0 execution test
XPASS: gcc.dg/guality/guality.c -O1 execution test
XPASS: gcc.dg/guality/guality.c -O2 execution test
XPASS: gcc.dg/guality/guality.c -O3 -fomit-frame-pointer execution test
XPASS: gcc.dg/guality/guality.c -O3 -g execution test
XPASS: gcc.dg/guality/guality.c -Os execution test
XPASS: gcc.dg/guality/guality.c -O2 -flto execution test
XPASS: gcc.dg/guality/guality.c -O2 -fwhopr execution test
FAIL: gcc.dg/guality/inline-params.c -O0 execution test
FAIL: gcc.dg/guality/inline-params.c -O1 execution test
XPASS: gcc.dg/guality/pr41353-1.c -O0 line 28 j == 28 + 37
FAIL: gcc.dg/guality/pr41353-1.c -O2 -flto line 28 i == 37
FAIL: gcc.dg/guality/pr41353-1.c -O2 -fwhopr line 28 i == 37
XPASS: gcc.dg/guality/pr41447-1.c -O0 execution test
XPASS: gcc.dg/guality/pr41447-1.c -O1 execution test
XPASS: gcc.dg/guality/pr41447-1.c -O2 execution test
XPASS: gcc.dg/guality/pr41447-1.c -O3 -g execution test
XPASS: gcc.dg/guality/pr41447-1.c -Os execution test
XPASS: gcc.dg/guality/pr41447-1.c -O2 -flto execution test
XPASS: gcc.dg/guality/pr41447-1.c -O2 -fwhopr execution test
XPASS: gcc.dg/guality/pr41616-1.c -O0 execution test
FAIL: gcc.dg/guality/pr43077-1.c -O2 -flto line 11 varb == 2
FAIL: gcc.dg/guality/pr43077-1.c -O2 -flto line 42 varb == 2
FAIL: gcc.dg/guality/pr43077-1.c -O2 -fwhopr line 11 varb == 2
FAIL: gcc.dg/guality/pr43077-1.c -O2 -fwhopr line 42 varb == 2
FAIL: gcc.dg/guality/sra-1.c -O2 -flto line 20 a.i == 4
FAIL: gcc.dg/guality/sra-1.c -O2 -flto line 20 a.j == 14
FAIL: gcc.dg/guality/sra-1.c -O2 -flto line 42 a.i == 4
FAIL: gcc.dg/guality/sra-1.c -O2 -flto line 42 a.j == 14
FAIL: gcc.dg/guality/sra-1.c -O2 -fwhopr line 20 a.i == 4
FAIL: gcc.dg/guality/sra-1.c -O2 -fwhopr line 20 a.j == 14
FAIL: gcc.dg/guality/sra-1.c -O2 -fwhopr line 42 a.i == 4
FAIL: gcc.dg/guality/sra-1.c -O2 -fwhopr line 42 a.j == 14
FAIL: gcc.dg/guality/vla-1.c -O0 line 17 sizeof (a) == 6
FAIL: gcc.dg/guality/vla-1.c -O0 line 24 sizeof (a) == 17 * sizeof (short)
FAIL: gcc.dg/guality/vla-1.c -O1 line 17 sizeof (a) == 6
FAIL: gcc.dg/guality/vla-1.c -O1 line 24 sizeof (a) == 17 * sizeof (short)
FAIL: gcc.dg/guality/vla-1.c -O2 line 17 sizeof (a) == 6
FAIL: gcc.dg/guality/vla-1.c -O2 line 24 sizeof (a) == 17 * sizeof (short)
FAIL: gcc.dg/guality/vla-1.c -O3 -fomit-frame-pointer line 17 sizeof (a) == 6
FAIL: gcc.dg/guality/vla-1.c -O3 -fomit-frame-pointer line 24 sizeof (a) == 17 * sizeof (short)
FAIL: gcc.dg/guality/vla-1.c -O3 -g line 17 sizeof (a) == 6
FAIL: gcc.dg/guality/vla-1.c -O3 -g line 24 sizeof (a) == 17 * sizeof (short)
FAIL: gcc.dg/guality/vla-1.c -Os line 17 sizeof (a) == 6
FAIL: gcc.dg/guality/vla-1.c -Os line 24 sizeof (a) == 17 * sizeof (short)
FAIL: gcc.dg/guality/vla-1.c -O2 -flto line 17 sizeof (a) == 6
FAIL: gcc.dg/guality/vla-1.c -O2 -flto line 24 sizeof (a) == 17 * sizeof (short)
FAIL: gcc.dg/guality/vla-1.c -O2 -fwhopr line 17 sizeof (a) == 6
FAIL: gcc.dg/guality/vla-1.c -O2 -fwhopr line 24 sizeof (a) == 17 * sizeof (short)
FAIL: gcc.dg/lto/20090126-1 c_lto_20090126-1_0.o-c_lto_20090126-1_0.o link, (internal compiler error)
UNRESOLVED: gcc.dg/lto/20090126-1 c_lto_20090126-1_0.o-c_lto_20090126-1_0.o execute -O0 -fwhopr
UNRESOLVED: one_time_plugin.c compilation, -I. -I/home/regress/tbox/svn-gcc/gcc/testsuite -I/home/regress/tbox/svn-gcc/gcc/testsuite/../../gcc -I/home/regress/tbox/native/build/gcc/testsuite/gcc/../../../gcc -I/home/regress/tbox/svn-gcc/gcc/testsuite/../../include -I/home/regress/tbox/svn-gcc/gcc/testsuite/../../libcpp/include -DIN_GCC -fPIC -shared
FAIL: gcc.dg/tree-ssa/prefetch-3.c scan-tree-dump-times aprefetch "unroll factor 4" 1
FAIL: gcc.dg/tree-ssa/prefetch-5.c scan-tree-dump-times aprefetch "Issued prefetch" 2
FAIL: gcc.dg/tree-ssa/prefetch-6.c scan-tree-dump-times aprefetch "Issued prefetch" 5
FAIL: gcc.dg/tree-ssa/prefetch-6.c scan-tree-dump-times aprefetch "Issued nontemporal prefetch" 3
FAIL: gcc.dg/tree-ssa/prefetch-6.c scan-assembler-times prefetcht 5
FAIL: gcc.dg/tree-ssa/prefetch-6.c scan-assembler-times prefetchnta 3
FAIL: gcc.dg/tree-ssa/prefetch-7.c scan-tree-dump-times aprefetch "Issued prefetch" 5
FAIL: gcc.dg/tree-ssa/prefetch-7.c scan-tree-dump-times aprefetch "Issued nontemporal prefetch" 3
FAIL: gcc.dg/tree-ssa/prefetch-7.c scan-tree-dump-times aprefetch "a nontemporal store" 2
FAIL: gcc.dg/tree-ssa/prefetch-7.c scan-tree-dump-times optimized "builtin_prefetch" 8
FAIL: gcc.dg/tree-ssa/prefetch-7.c scan-tree-dump-times optimized "={nt}" 2
FAIL: gcc.dg/tree-ssa/prefetch-7.c scan-tree-dump-times optimized "__builtin_ia32_mfence" 2
FAIL: gcc.dg/tree-ssa/prefetch-7.c scan-assembler-times prefetchw 5
FAIL: gcc.dg/tree-ssa/prefetch-7.c scan-assembler-times prefetcht 1
FAIL: gcc.dg/tree-ssa/prefetch-7.c scan-assembler-times prefetchnta 2
FAIL: gcc.dg/tree-ssa/prefetch-7.c scan-assembler-times movnti 2
FAIL: gcc.dg/tree-ssa/prefetch-7.c scan-assembler-times mfence 2
FAIL: gcc.dg/tree-ssa/update-unroll-1.c scan-tree-dump-not aprefetch "SUCC: 7 .100.0%"
FAIL: gcc.target/i386/avx-1.c (internal compiler error)
FAIL: gcc.target/i386/avx-1.c (test for excess errors)
FAIL: gcc.target/i386/avx-2.c (internal compiler error)
FAIL: gcc.target/i386/avx-2.c (test for excess errors)
FAIL: gcc.target/i386/mmx-1.c (internal compiler error)
FAIL: gcc.target/i386/mmx-1.c (test for excess errors)
FAIL: gcc.target/i386/mmx-2.c (internal compiler error)
FAIL: gcc.target/i386/mmx-2.c (test for excess errors)
FAIL: gcc.target/i386/mmx-7.c (internal compiler error)
FAIL: gcc.target/i386/mmx-7.c (test for excess errors)
FAIL: gcc.target/i386/pr36438.c (internal compiler error)
FAIL: gcc.target/i386/pr36438.c (test for excess errors)
FAIL: gcc.target/i386/sse-13.c (internal compiler error)
FAIL: gcc.target/i386/sse-13.c (test for excess errors)
FAIL: gcc.target/i386/sse-14.c (internal compiler error)
FAIL: gcc.target/i386/sse-14.c (test for excess errors)
FAIL: gcc.target/i386/sse-22.c (internal compiler error)
FAIL: gcc.target/i386/sse-22.c (test for excess errors)
FAIL: gcc.target/i386/sse-23.c (internal compiler error)
FAIL: gcc.target/i386/sse-23.c (test for excess errors)
FAIL: gcc.target/i386/sse2-mmx.c (internal compiler error)
FAIL: gcc.target/i386/sse2-mmx.c (test for excess errors)
WARNING: gcc.target/i386/sse2-mmx.c compilation failed to produce executable
FAIL: gcc.target/i386/ssse3-pabsb.c (internal compiler error)
FAIL: gcc.target/i386/ssse3-pabsb.c (test for excess errors)
WARNING: gcc.target/i386/ssse3-pabsb.c compilation failed to produce executable
FAIL: gcc.target/i386/ssse3-pabsd.c (internal compiler error)
FAIL: gcc.target/i386/ssse3-pabsd.c (test for excess errors)
WARNING: gcc.target/i386/ssse3-pabsd.c compilation failed to produce executable
FAIL: gcc.target/i386/ssse3-pabsw.c (internal compiler error)
FAIL: gcc.target/i386/ssse3-pabsw.c (test for excess errors)
WARNING: gcc.target/i386/ssse3-pabsw.c compilation failed to produce executable
FAIL: gcc.target/i386/ssse3-palignr.c (internal compiler error)
FAIL: gcc.target/i386/ssse3-palignr.c (test for excess errors)
WARNING: gcc.target/i386/ssse3-palignr.c compilation failed to produce executable
FAIL: gcc.target/i386/ssse3-phaddd.c (internal compiler error)
FAIL: gcc.target/i386/ssse3-phaddd.c (test for excess errors)
WARNING: gcc.target/i386/ssse3-phaddd.c compilation failed to produce executable
FAIL: gcc.target/i386/ssse3-phaddsw.c (internal compiler error)
FAIL: gcc.target/i386/ssse3-phaddsw.c (test for excess errors)
WARNING: gcc.target/i386/ssse3-phaddsw.c compilation failed to produce executable
FAIL: gcc.target/i386/ssse3-phaddw.c (internal compiler error)
FAIL: gcc.target/i386/ssse3-phaddw.c (test for excess errors)
WARNING: gcc.target/i386/ssse3-phaddw.c compilation failed to produce executable
FAIL: gcc.target/i386/ssse3-phsubd.c (internal compiler error)
FAIL: gcc.target/i386/ssse3-phsubd.c (test for excess errors)
WARNING: gcc.target/i386/ssse3-phsubd.c compilation failed to produce executable
FAIL: gcc.target/i386/ssse3-phsubsw.c (internal compiler error)
FAIL: gcc.target/i386/ssse3-phsubsw.c (test for excess errors)
WARNING: gcc.target/i386/ssse3-phsubsw.c compilation failed to produce executable
FAIL: gcc.target/i386/ssse3-phsubw.c (internal compiler error)
FAIL: gcc.target/i386/ssse3-phsubw.c (test for excess errors)
WARNING: gcc.target/i386/ssse3-phsubw.c compilation failed to produce executable
FAIL: gcc.target/i386/ssse3-pmaddubsw.c (internal compiler error)
FAIL: gcc.target/i386/ssse3-pmaddubsw.c (test for excess errors)
WARNING: gcc.target/i386/ssse3-pmaddubsw.c compilation failed to produce executable
FAIL: gcc.target/i386/ssse3-pmulhrsw.c (internal compiler error)
FAIL: gcc.target/i386/ssse3-pmulhrsw.c (test for excess errors)
WARNING: gcc.target/i386/ssse3-pmulhrsw.c compilation failed to produce executable
FAIL: gcc.target/i386/ssse3-pshufb.c (internal compiler error)
FAIL: gcc.target/i386/ssse3-pshufb.c (test for excess errors)
WARNING: gcc.target/i386/ssse3-pshufb.c compilation failed to produce executable
FAIL: gcc.target/i386/ssse3-psignb.c (internal compiler error)
FAIL: gcc.target/i386/ssse3-psignb.c (test for excess errors)
WARNING: gcc.target/i386/ssse3-psignb.c compilation failed to produce executable
FAIL: gcc.target/i386/ssse3-psignd.c (internal compiler error)
FAIL: gcc.target/i386/ssse3-psignd.c (test for excess errors)
WARNING: gcc.target/i386/ssse3-psignd.c compilation failed to produce executable
FAIL: gcc.target/i386/ssse3-psignw.c (internal compiler error)
FAIL: gcc.target/i386/ssse3-psignw.c (test for excess errors)
WARNING: gcc.target/i386/ssse3-psignw.c compilation failed to produce executable
=== gcc Summary ===
# of expected passes 72420
# of unexpected failures 108
# of unexpected successes 19
# of expected failures 194
# of unresolved testcases 2
# of unsupported tests 1303
/home/regress/tbox/native/build/gcc/xgcc version 4.6.0 20100520 (experimental) (GCC)
=== gfortran tests ===
Running target unix
FAIL: gfortran.dg/array_constructor_11.f90 -O3 -g (internal compiler error)
FAIL: gfortran.dg/array_constructor_11.f90 -O3 -g (test for excess errors)
WARNING: gfortran.dg/array_constructor_11.f90 -O3 -g compilation failed to produce executable
=== gfortran Summary ===
# of expected passes 34436
# of unexpected failures 2
# of expected failures 22
# of unsupported tests 129
/home/regress/tbox/native/build/gcc/testsuite/gfortran/../../gfortran version 4.6.0 20100520 (experimental) (GCC)
=== objc tests ===
Running target unix
FAIL: objc.dg/torture/tls/thr-init-3.m -O2 -flto (test for excess errors)
WARNING: objc.dg/torture/tls/thr-init-3.m -O2 -flto compilation failed to produce executable
FAIL: objc.dg/torture/tls/thr-init-3.m -O2 -fwhopr (test for excess errors)
WARNING: objc.dg/torture/tls/thr-init-3.m -O2 -fwhopr compilation failed to produce executable
=== objc Summary ===
# of expected passes 1991
# of unexpected failures 2
# of expected failures 7
# of unsupported tests 20
/home/regress/tbox/native/build/gcc/xgcc version 4.6.0 20100520 (experimental) (GCC)
=== libffi tests ===
Running target unix
=== libffi Summary ===
# of expected passes 1624
# of expected failures 10
# of unsupported tests 15
=== libgomp tests ===
Running target unix
=== libgomp Summary ===
# of expected passes 2494
=== libjava tests ===
Running target unix
=== libjava Summary ===
# of expected passes 2574
=== libmudflap tests ===
Running target unix
=== libmudflap Summary ===
# of expected passes 1894
=== libstdc++ tests ===
Running target unix
=== libstdc++ Summary ===
# of expected passes 7730
# of expected failures 95
# of unsupported tests 13
Compiler version: 4.6.0 20100520 (experimental) (GCC)
Platform: i686-pc-linux-gnu
configure flags: --prefix=/home/regress/tbox/objs --target=i686-pc-linux-gnu