This is the mail archive of the
gcc-testresults@gcc.gnu.org
mailing list for the GCC project.
Results for 4.6.0 20100518 (experimental) [trunk revision 159536] (GCC) testsuite on i386-pc-solaris2.11 OpenSolaris
- From: rob1weld at aol dot com
- To: gcc-testresults at gcc dot gnu dot org
- Date: Wed, 19 May 2010 08:16:26 -0400
- Subject: Results for 4.6.0 20100518 (experimental) [trunk revision 159536] (GCC) testsuite on i386-pc-solaris2.11 OpenSolaris
LAST_UPDATED: Tue May 18 16:37:12 UTC 2010 (revision 159536)
=== acats tests ===
FAIL: c52103x
FAIL: c52104x
FAIL: c52104y
FAIL: cb1010a
FAIL: cb1010c
FAIL: cb1010d
=== acats Summary ===
# of expected passes 2315
# of unexpected failures 6
Native configuration is i386-pc-solaris2.11
=== g++ tests ===
Running target unix
FAIL: g++.dg/compat/decimal/pass-1 cp_compat_x_tst.o-cp_compat_y_tst.o
link
UNRESOLVED: g++.dg/compat/decimal/pass-1
cp_compat_x_tst.o-cp_compat_y_tst.o execute
FAIL: g++.dg/compat/decimal/pass-2 cp_compat_x_tst.o-cp_compat_y_tst.o
link
UNRESOLVED: g++.dg/compat/decimal/pass-2
cp_compat_x_tst.o-cp_compat_y_tst.o execute
FAIL: g++.dg/compat/decimal/pass-3 cp_compat_x_tst.o-cp_compat_y_tst.o
link
UNRESOLVED: g++.dg/compat/decimal/pass-3
cp_compat_x_tst.o-cp_compat_y_tst.o execute
FAIL: g++.dg/compat/decimal/pass-4 cp_compat_x_tst.o-cp_compat_y_tst.o
link
UNRESOLVED: g++.dg/compat/decimal/pass-4
cp_compat_x_tst.o-cp_compat_y_tst.o execute
FAIL: g++.dg/compat/decimal/pass-5 cp_compat_x_tst.o-cp_compat_y_tst.o
link
UNRESOLVED: g++.dg/compat/decimal/pass-5
cp_compat_x_tst.o-cp_compat_y_tst.o execute
FAIL: g++.dg/compat/decimal/pass-6 cp_compat_x_tst.o-cp_compat_y_tst.o
link
UNRESOLVED: g++.dg/compat/decimal/pass-6
cp_compat_x_tst.o-cp_compat_y_tst.o execute
FAIL: g++.dg/compat/decimal/return-1
cp_compat_x_tst.o-cp_compat_y_tst.o link
UNRESOLVED: g++.dg/compat/decimal/return-1
cp_compat_x_tst.o-cp_compat_y_tst.o execute
FAIL: g++.dg/compat/decimal/return-2
cp_compat_x_tst.o-cp_compat_y_tst.o link
UNRESOLVED: g++.dg/compat/decimal/return-2
cp_compat_x_tst.o-cp_compat_y_tst.o execute
FAIL: g++.dg/compat/decimal/return-3
cp_compat_x_tst.o-cp_compat_y_tst.o link
UNRESOLVED: g++.dg/compat/decimal/return-3
cp_compat_x_tst.o-cp_compat_y_tst.o execute
FAIL: g++.dg/compat/decimal/return-4
cp_compat_x_tst.o-cp_compat_y_tst.o link
UNRESOLVED: g++.dg/compat/decimal/return-4
cp_compat_x_tst.o-cp_compat_y_tst.o execute
FAIL: g++.dg/compat/decimal/return-5
cp_compat_x_tst.o-cp_compat_y_tst.o link
UNRESOLVED: g++.dg/compat/decimal/return-5
cp_compat_x_tst.o-cp_compat_y_tst.o execute
FAIL: g++.dg/compat/decimal/return-6
cp_compat_x_tst.o-cp_compat_y_tst.o link
UNRESOLVED: g++.dg/compat/decimal/return-6
cp_compat_x_tst.o-cp_compat_y_tst.o execute
FAIL: c-c++-common/dfp/func-vararg-mixed-2.c (test for excess errors)
WARNING: c-c++-common/dfp/func-vararg-mixed-2.c compilation failed to
produce executable
FAIL: c-c++-common/dfp/pr36800.c (test for excess errors)
WARNING: c-c++-common/dfp/pr36800.c compilation failed to produce
executable
FAIL: c-c++-common/dfp/pr39034.c (test for excess errors)
WARNING: c-c++-common/dfp/pr39034.c compilation failed to produce
executable
FAIL: c-c++-common/dfp/pr39035.c (test for excess errors)
WARNING: c-c++-common/dfp/pr39035.c compilation failed to produce
executable
FAIL: g++.dg/lto/20081109 cp_lto_20081109_0.o-cp_lto_20081109_1.o
execute -O2 -fwhopr
XPASS: g++.old-deja/g++.oliva/dwarf2.C (test for excess errors)
XPASS: g++.old-deja/g++.oliva/dwarf3.C (test for excess errors)
XPASS: g++.old-deja/g++.other/init19.C execution test
=== g++ Summary ===
# of expected passes 23496
# of unexpected failures 17
# of unexpected successes 3
# of expected failures 152
# of unresolved testcases 12
# of unsupported tests 151
/opt/gcc_build/gcc/testsuite/g++/../../g++ version 4.6.0 20100518
(experimental) [trunk revision 159536] (GCC)
=== gcc tests ===
Running target unix
FAIL: c-c++-common/dfp/func-vararg-mixed-2.c (test for excess errors)
WARNING: c-c++-common/dfp/func-vararg-mixed-2.c compilation failed to
produce executable
FAIL: c-c++-common/dfp/pr36800.c (test for excess errors)
WARNING: c-c++-common/dfp/pr36800.c compilation failed to produce
executable
FAIL: c-c++-common/dfp/pr39034.c (test for excess errors)
WARNING: c-c++-common/dfp/pr39034.c compilation failed to produce
executable
FAIL: c-c++-common/dfp/pr39035.c (test for excess errors)
WARNING: c-c++-common/dfp/pr39035.c compilation failed to produce
executable
FAIL: gcc.dg/lto/20090126-1 c_lto_20090126-1_0.o-c_lto_20090126-1_0.o
link, (internal compiler error)
UNRESOLVED: gcc.dg/lto/20090126-1
c_lto_20090126-1_0.o-c_lto_20090126-1_0.o execute -O0 -fwhopr
UNRESOLVED: one_time_plugin.c compilation, -I.
-I/opt/gcc_trunk/gcc/testsuite -I/opt/gcc_trunk/gcc/testsuite/../../gcc
-I/opt/gcc_build/gcc/testsuite/gcc/../../../gcc
-I/opt/gcc_trunk/gcc/testsuite/../../include
-I/opt/gcc_trunk/gcc/testsuite/../../libcpp/include -I/usr/include/gmp
-I/usr/include/mpfr -I/usr/local/include -DIN_GCC -fPIC -shared
FAIL: gcc.dg/tree-ssa/prefetch-6.c scan-tree-dump-times aprefetch
"Issued prefetch" 5
FAIL: gcc.dg/tree-ssa/prefetch-6.c scan-assembler-times prefetcht 5
FAIL: gcc.dg/tree-ssa/prefetch-7.c scan-tree-dump-times aprefetch
"Issued prefetch" 5
FAIL: gcc.dg/tree-ssa/prefetch-7.c scan-tree-dump-times aprefetch
"Issued nontemporal prefetch" 3
FAIL: gcc.dg/tree-ssa/prefetch-7.c scan-tree-dump-times aprefetch "a
nontemporal store" 2
FAIL: gcc.dg/tree-ssa/prefetch-7.c scan-tree-dump-times optimized
"builtin_prefetch" 8
FAIL: gcc.dg/tree-ssa/prefetch-7.c scan-tree-dump-times optimized
"={nt}" 2
FAIL: gcc.dg/tree-ssa/prefetch-7.c scan-tree-dump-times optimized
"__builtin_ia32_mfence" 2
FAIL: gcc.dg/tree-ssa/prefetch-7.c scan-assembler-times prefetchw 5
FAIL: gcc.dg/tree-ssa/prefetch-7.c scan-assembler-times prefetcht 1
FAIL: gcc.dg/tree-ssa/prefetch-7.c scan-assembler-times prefetchnta 2
FAIL: gcc.dg/tree-ssa/prefetch-7.c scan-assembler-times movnti 2
FAIL: gcc.dg/tree-ssa/prefetch-7.c scan-assembler-times mfence 2
FAIL: gcc.target/i386/abi-2.c scan-assembler-times ymm0 1
FAIL: gcc.target/i386/avx-vmovntdq-256-1.c
-Wl,-M,/opt/gcc_trunk/gcc/testsuite/gcc.target/i386/clearcap.map (test
for excess errors)
WARNING: gcc.target/i386/avx-vmovntdq-256-1.c
-Wl,-M,/opt/gcc_trunk/gcc/testsuite/gcc.target/i386/clearcap.map
compilation failed to produce executable
FAIL: gcc.target/i386/avx-vmovntpd-256-1.c
-Wl,-M,/opt/gcc_trunk/gcc/testsuite/gcc.target/i386/clearcap.map (test
for excess errors)
WARNING: gcc.target/i386/avx-vmovntpd-256-1.c
-Wl,-M,/opt/gcc_trunk/gcc/testsuite/gcc.target/i386/clearcap.map
compilation failed to produce executable
FAIL: gcc.target/i386/avx-vmovntps-256-1.c
-Wl,-M,/opt/gcc_trunk/gcc/testsuite/gcc.target/i386/clearcap.map (test
for excess errors)
WARNING: gcc.target/i386/avx-vmovntps-256-1.c
-Wl,-M,/opt/gcc_trunk/gcc/testsuite/gcc.target/i386/clearcap.map
compilation failed to produce executable
FAIL: gcc.target/i386/pr22076.c scan-assembler-times movq 3
FAIL: gcc.target/i386/pr22076.c scan-assembler-not movl
FAIL: gcc.target/i386/pr32065-2.c
-Wl,-M,/opt/gcc_trunk/gcc/testsuite/gcc.target/i386/clearcap.map (test
for excess errors)
WARNING: gcc.target/i386/pr32065-2.c
-Wl,-M,/opt/gcc_trunk/gcc/testsuite/gcc.target/i386/clearcap.map
compilation failed to produce executable
=== gcc Summary ===
# of expected passes 72334
# of unexpected failures 25
# of expected failures 172
# of unresolved testcases 2
# of unsupported tests 683
/opt/gcc_build/gcc/xgcc version 4.6.0 20100518 (experimental) [trunk
revision 159536] (GCC)
=== gfortran tests ===
Running target unix
FAIL: gfortran.dg/array_constructor_11.f90 -O3 -g (internal compiler
error)
FAIL: gfortran.dg/array_constructor_11.f90 -O3 -g (test for excess
errors)
WARNING: gfortran.dg/array_constructor_11.f90 -O3 -g compilation
failed to produce executable
FAIL: gfortran.dg/array_constructor_23.f -O3 -fomit-frame-pointer
execution test
FAIL: gfortran.dg/array_constructor_23.f -O3 -fomit-frame-pointer
-funroll-loops execution test
FAIL: gfortran.dg/array_constructor_23.f -O3 -fomit-frame-pointer
-funroll-all-loops -finline-functions execution test
FAIL: gfortran.dg/array_constructor_23.f -O3 -g execution test
FAIL: gfortran.dg/atan2_1.f90 -O0 execution test
=== gfortran Summary ===
# of expected passes 34345
# of unexpected failures 7
# of expected failures 22
# of unsupported tests 137
/opt/gcc_build/gcc/testsuite/gfortran/../../gfortran version 4.6.0
20100518 (experimental) [trunk revision 159536] (GCC)
=== gnat tests ===
Running target unix
FAIL: gnat.dg/lto6.adb (test for excess errors)
WARNING: gnat.dg/lto6.adb compilation failed to produce executable
FAIL: gnat.dg/lto8.adb (test for excess errors)
WARNING: gnat.dg/lto8.adb compilation failed to produce executable
FAIL: gnat.dg/null_pointer_deref1.adb execution test
FAIL: gnat.dg/null_pointer_deref2.adb execution test
FAIL: gnat.dg/stack_check1.adb execution test
FAIL: gnat.dg/stack_check2.adb execution test
=== gnat Summary ===
# of expected passes 789
# of unexpected failures 6
# of expected failures 10
# of unsupported tests 2
=== obj-c++ tests ===
Running target unix
FAIL: obj-c++.dg/const-str-5.mm -fgnu-runtime (test for excess errors)
FAIL: obj-c++.dg/const-str-6.mm -fgnu-runtime (test for excess errors)
WARNING: obj-c++.dg/lookup-2.mm -fgnu-runtime compilation failed to
produce executable
WARNING: obj-c++.dg/try-catch-2.mm -fgnu-runtime compilation failed to
produce executable
WARNING: obj-c++.dg/try-catch-9.mm -fgnu-runtime compilation failed to
produce executable
=== obj-c++ Summary ===
# of expected passes 438
# of unexpected failures 2
# of expected failures 3
# of unsupported tests 14
/opt/gcc_build/gcc/testsuite/obj-c++/../../g++ version 4.6.0 20100518
(experimental) [trunk revision 159536] (GCC)
=== objc tests ===
Running target unix
FAIL: objc.dg/torture/tls/thr-init-3.m -O2 -flto (test for excess
errors)
WARNING: objc.dg/torture/tls/thr-init-3.m -O2 -flto compilation
failed to produce executable
FAIL: objc.dg/torture/tls/thr-init-3.m -O2 -fwhopr (test for excess
errors)
WARNING: objc.dg/torture/tls/thr-init-3.m -O2 -fwhopr compilation
failed to produce executable
=== objc Summary ===
# of expected passes 1991
# of unexpected failures 2
# of expected failures 7
# of unsupported tests 20
/opt/gcc_build/gcc/xgcc version 4.6.0 20100518 (experimental) [trunk
revision 159536] (GCC)
=== libffi tests ===
Running target unix
=== libffi Summary ===
# of expected passes 1624
# of expected failures 10
# of unsupported tests 15
=== libgomp tests ===
Running target unix
=== libgomp Summary ===
# of expected passes 2490
# of unsupported tests 2
=== libjava tests ===
Running target unix
FAIL: Throw_2 execution - source compiled test
FAIL: Throw_2 -findirect-dispatch execution - source compiled test
FAIL: Throw_2 -O3 execution - source compiled test
FAIL: Throw_2 -O3 -findirect-dispatch execution - source compiled test
=== libjava Summary ===
# of expected passes 2566
# of unexpected failures 4
# of untested testcases 4
=== libstdc++ tests ===
Running target unix
FAIL: decimal/binary-arith.cc (test for excess errors)
WARNING: decimal/binary-arith.cc compilation failed to produce
executable
FAIL: decimal/comparison.cc (test for excess errors)
WARNING: decimal/comparison.cc compilation failed to produce executable
FAIL: decimal/compound-assignment-memfunc.cc (test for excess errors)
WARNING: decimal/compound-assignment-memfunc.cc compilation failed to
produce executable
FAIL: decimal/compound-assignment.cc (test for excess errors)
WARNING: decimal/compound-assignment.cc compilation failed to produce
executable
FAIL: decimal/make-decimal.cc (test for excess errors)
WARNING: decimal/make-decimal.cc compilation failed to produce
executable
FAIL: decimal/unary-arith.cc (test for excess errors)
WARNING: decimal/unary-arith.cc compilation failed to produce executable
=== libstdc++ Summary ===
# of expected passes 6919
# of unexpected failures 6
# of expected failures 94
# of unsupported tests 420
Compiler version: 4.6.0 20100518 (experimental) [trunk revision 159536]
(GCC)
Platform: i386-pc-solaris2.11
configure flags: --build=i386-pc-solaris2.11 --enable-shared
--disable-static --enable-multilib --enable-decimal-float
--with-long-double-128 --with-included-gettext --enable-stage1-checking
--enable-checking=release --with-tune=k8 --with-cpu=k8 --with-arch=k8
--with-gnu-as --with-as=/usr/gnu/bin/as --without-gnu-ld
--with-ld=/usr/bin/amd64/ld --with-mpc-include=/usr/local/include
--with-mpc-lib=/usr/local/lib --with-gmp-include=/usr/include/gmp
--with-gmp-lib=/usr/lib --with-mpfr-include=/usr/include/mpfr
--with-mpfr-lib=/usr/lib --without-ppl
--enable-languages=c,ada,c++,fortran,java,objc,obj-c++
----------
$ cat /etc/release
OpenSolaris Development snv_134 X86
Copyright 2010 Sun Microsystems, Inc. All Rights Reserved.
Use is subject to license terms.
Assembled 01 March 2010
$ isainfo -k
amd64
$ uname -a
SunOS os2010 5.11 snv_134 i86pc i386 i86pc Solaris
$ /usr/gnu/bin/as --version
GNU assembler (GNU Binutils) 2.19
This assembler was configured for a target of `i386-pc-solaris2.11'.
$ /usr/bin/amd64/ld --version
ld: Software Generation Utilities - Solaris Link Editors: 5.11-1.1689
Bootstrap compiler - http://www.blastwave.org/ gcc3
$ gcc -v
Reading specs from /opt/csw/gcc3/lib/gcc/i386-pc-solaris2.8/3.4.5/specs
Configured with: ../sources/gcc-3.4.5/configure --prefix=/opt/csw/gcc3
--with-local-prefix=/opt/csw --with-gnu-as --with-as=/opt/csw/bin/gas
--without-gnu-ld --with-ld=/usr/ccs/bin/ld --enable-threads=posix
--enable-shared --enable-multilib --enable-nls --with-included-gettext
--with-libiconv-prefix=/opt/csw --with-x --enable-java-awt=xlib
--enable-languages=all
Thread model: posix
gcc version 3.4.5
----------