This is the mail archive of the
gcc-testresults@gcc.gnu.org
mailing list for the GCC project.
Results for 4.6.0 20100506 (experimental) [trunk revision 159096] (GCC) testsuite on hppa2.0w-hp-hpux11.11
- From: John David Anglin <dave at hiauly3 dot hia dot nrc dot ca>
- To: dave at hiauly3 dot hia dot nrc dot ca, gcc-testresults at gcc dot gnu dot org
- Date: Thu, 13 May 2010 16:48:48 -0400 (EDT)
- Subject: Results for 4.6.0 20100506 (experimental) [trunk revision 159096] (GCC) testsuite on hppa2.0w-hp-hpux11.11
=== acats tests ===
FAIL: c9a011b
=== acats Summary ===
# of expected passes 2320
# of unexpected failures 1
Native configuration is hppa2.0w-hp-hpux11.11
=== gcc tests ===
Running target unix
FAIL: gcc.dg/pr34668-1.c (internal compiler error)
FAIL: gcc.dg/pr34668-1.c (test for excess errors)
WARNING: program timed out.
FAIL: gcc.dg/ipa/ipa-pta-10.c scan-ipa-dump pta "ESCAPED = { }"
=== gcc Summary ===
# of expected passes 52631
# of unexpected failures 3
# of expected failures 89
# of unsupported tests 769
/test/gnu/gcc/objdir/gcc/xgcc version 4.6.0 20100506 (experimental) [trunk revision 159096] (GCC)
=== gnat tests ===
Running target unix
FAIL: gnat.dg/lto1.adb (test for excess errors)
WARNING: gnat.dg/lto1.adb compilation failed to produce executable
FAIL: gnat.dg/lto2.adb (test for excess errors)
FAIL: gnat.dg/varsize_temp.adb (test for excess errors)
FAIL: gnat.dg/specs/varsize_return.ads (test for excess errors)
=== gnat Summary ===
# of expected passes 779
# of unexpected failures 4
# of expected failures 8
# of unsupported tests 1
=== libgomp tests ===
Running target unix
=== libgomp Summary ===
# of expected passes 248
# of unsupported tests 9
Compiler version: 4.6.0 20100506 (experimental) [trunk revision 159096] (GCC)
Platform: hppa2.0w-hp-hpux11.11
configure flags:Test Run By dave on Thu May 13 03:50:10 EDT 2010