This is the mail archive of the
gcc-testresults@gcc.gnu.org
mailing list for the GCC project.
Results for 4.6.0 20100505 (experimental) [trunk revision 159085] (GCC) testsuite on hppa2.0w-hp-hpux11.11
- From: John David Anglin <dave at hiauly3 dot hia dot nrc dot ca>
- To: dave at hiauly3 dot hia dot nrc dot ca, gcc-testresults at gcc dot gnu dot org
- Date: Sun, 9 May 2010 08:58:27 -0400 (EDT)
- Subject: Results for 4.6.0 20100505 (experimental) [trunk revision 159085] (GCC) testsuite on hppa2.0w-hp-hpux11.11
=== acats tests ===
FAIL: c9a011b
=== acats Summary ===
# of expected passes 2320
# of unexpected failures 1
Native configuration is hppa2.0w-hp-hpux11.11
=== gcc tests ===
Running target unix
FAIL: gcc.c-torture/execute/920625-1.c execution, -O0
FAIL: gcc.c-torture/execute/920625-1.c execution, -O1
FAIL: gcc.c-torture/execute/920625-1.c execution, -O2
FAIL: gcc.c-torture/execute/920625-1.c execution, -O3 -fomit-frame-pointer
FAIL: gcc.c-torture/execute/920625-1.c execution, -O3 -fomit-frame-pointer -funroll-loops
FAIL: gcc.c-torture/execute/920625-1.c execution, -O3 -fomit-frame-pointer -funroll-all-loops -finline-functions
FAIL: gcc.c-torture/execute/920625-1.c execution, -O3 -g
FAIL: gcc.c-torture/execute/920625-1.c execution, -Os
FAIL: gcc.c-torture/execute/931004-10.c execution, -O0
FAIL: gcc.c-torture/execute/931004-10.c execution, -O1
FAIL: gcc.c-torture/execute/931004-10.c execution, -O2
FAIL: gcc.c-torture/execute/931004-10.c execution, -O3 -fomit-frame-pointer
FAIL: gcc.c-torture/execute/931004-10.c execution, -O3 -fomit-frame-pointer -funroll-loops
FAIL: gcc.c-torture/execute/931004-10.c execution, -O3 -fomit-frame-pointer -funroll-all-loops -finline-functions
FAIL: gcc.c-torture/execute/931004-10.c execution, -O3 -g
FAIL: gcc.c-torture/execute/931004-10.c execution, -Os
FAIL: gcc.c-torture/execute/931004-12.c execution, -O0
FAIL: gcc.c-torture/execute/931004-12.c execution, -O1
FAIL: gcc.c-torture/execute/931004-12.c execution, -O2
FAIL: gcc.c-torture/execute/931004-12.c execution, -O3 -fomit-frame-pointer
FAIL: gcc.c-torture/execute/931004-12.c execution, -O3 -fomit-frame-pointer -funroll-loops
FAIL: gcc.c-torture/execute/931004-12.c execution, -O3 -fomit-frame-pointer -funroll-all-loops -finline-functions
FAIL: gcc.c-torture/execute/931004-12.c execution, -O3 -g
FAIL: gcc.c-torture/execute/931004-12.c execution, -Os
FAIL: gcc.c-torture/execute/931004-4.c execution, -O0
FAIL: gcc.c-torture/execute/931004-4.c execution, -O1
FAIL: gcc.c-torture/execute/931004-4.c execution, -O2
FAIL: gcc.c-torture/execute/931004-4.c execution, -O3 -fomit-frame-pointer
FAIL: gcc.c-torture/execute/931004-4.c execution, -O3 -fomit-frame-pointer -funroll-loops
FAIL: gcc.c-torture/execute/931004-4.c execution, -O3 -fomit-frame-pointer -funroll-all-loops -finline-functions
FAIL: gcc.c-torture/execute/931004-4.c execution, -O3 -g
FAIL: gcc.c-torture/execute/931004-4.c execution, -Os
FAIL: gcc.c-torture/execute/931004-8.c execution, -O0
FAIL: gcc.c-torture/execute/931004-8.c execution, -O1
FAIL: gcc.c-torture/execute/931004-8.c execution, -O2
FAIL: gcc.c-torture/execute/931004-8.c execution, -O3 -fomit-frame-pointer
FAIL: gcc.c-torture/execute/931004-8.c execution, -O3 -fomit-frame-pointer -funroll-loops
FAIL: gcc.c-torture/execute/931004-8.c execution, -O3 -fomit-frame-pointer -funroll-all-loops -finline-functions
FAIL: gcc.c-torture/execute/931004-8.c execution, -O3 -g
FAIL: gcc.c-torture/execute/931004-8.c execution, -Os
FAIL: gcc.c-torture/execute/991216-2.c execution, -O0
FAIL: gcc.c-torture/execute/991216-2.c execution, -O1
FAIL: gcc.c-torture/execute/991216-2.c execution, -O2
FAIL: gcc.c-torture/execute/991216-2.c execution, -O3 -fomit-frame-pointer
FAIL: gcc.c-torture/execute/991216-2.c execution, -O3 -fomit-frame-pointer -funroll-loops
FAIL: gcc.c-torture/execute/991216-2.c execution, -O3 -fomit-frame-pointer -funroll-all-loops -finline-functions
FAIL: gcc.c-torture/execute/991216-2.c execution, -O3 -g
FAIL: gcc.c-torture/execute/991216-2.c execution, -Os
FAIL: gcc.c-torture/execute/nest-stdar-1.c execution, -O0
FAIL: gcc.c-torture/execute/nest-stdar-1.c execution, -O1
FAIL: gcc.c-torture/execute/nest-stdar-1.c execution, -O2
FAIL: gcc.c-torture/execute/nest-stdar-1.c execution, -O3 -fomit-frame-pointer
FAIL: gcc.c-torture/execute/nest-stdar-1.c execution, -O3 -g
FAIL: gcc.c-torture/execute/nest-stdar-1.c execution, -Os
FAIL: gcc.c-torture/execute/stdarg-1.c execution, -O0
FAIL: gcc.c-torture/execute/stdarg-1.c execution, -O1
FAIL: gcc.c-torture/execute/stdarg-1.c execution, -O2
FAIL: gcc.c-torture/execute/stdarg-1.c execution, -O3 -fomit-frame-pointer
FAIL: gcc.c-torture/execute/stdarg-1.c execution, -O3 -g
FAIL: gcc.c-torture/execute/stdarg-1.c execution, -Os
FAIL: gcc.c-torture/execute/stdarg-2.c execution, -O0
FAIL: gcc.c-torture/execute/stdarg-2.c execution, -O1
FAIL: gcc.c-torture/execute/stdarg-2.c execution, -O2
FAIL: gcc.c-torture/execute/stdarg-2.c execution, -O3 -fomit-frame-pointer
FAIL: gcc.c-torture/execute/stdarg-2.c execution, -O3 -g
FAIL: gcc.c-torture/execute/stdarg-2.c execution, -Os
FAIL: gcc.c-torture/execute/stdarg-3.c execution, -O0
FAIL: gcc.c-torture/execute/stdarg-3.c execution, -O1
FAIL: gcc.c-torture/execute/stdarg-3.c execution, -O2
FAIL: gcc.c-torture/execute/stdarg-3.c execution, -O3 -fomit-frame-pointer
FAIL: gcc.c-torture/execute/stdarg-3.c execution, -O3 -fomit-frame-pointer -funroll-loops
FAIL: gcc.c-torture/execute/stdarg-3.c execution, -O3 -fomit-frame-pointer -funroll-all-loops -finline-functions
FAIL: gcc.c-torture/execute/stdarg-3.c execution, -O3 -g
FAIL: gcc.c-torture/execute/stdarg-3.c execution, -Os
FAIL: gcc.c-torture/execute/stdarg-4.c execution, -O0
FAIL: gcc.c-torture/execute/stdarg-4.c execution, -O1
FAIL: gcc.c-torture/execute/stdarg-4.c execution, -O2
FAIL: gcc.c-torture/execute/stdarg-4.c execution, -O3 -fomit-frame-pointer
FAIL: gcc.c-torture/execute/stdarg-4.c execution, -O3 -g
FAIL: gcc.c-torture/execute/stdarg-4.c execution, -Os
FAIL: gcc.c-torture/execute/strct-stdarg-1.c execution, -O0
FAIL: gcc.c-torture/execute/strct-stdarg-1.c execution, -O1
FAIL: gcc.c-torture/execute/strct-stdarg-1.c execution, -O2
FAIL: gcc.c-torture/execute/strct-stdarg-1.c execution, -O3 -fomit-frame-pointer
FAIL: gcc.c-torture/execute/strct-stdarg-1.c execution, -O3 -fomit-frame-pointer -funroll-loops
FAIL: gcc.c-torture/execute/strct-stdarg-1.c execution, -O3 -fomit-frame-pointer -funroll-all-loops -finline-functions
FAIL: gcc.c-torture/execute/strct-stdarg-1.c execution, -O3 -g
FAIL: gcc.c-torture/execute/strct-stdarg-1.c execution, -Os
FAIL: gcc.c-torture/execute/strct-varg-1.c execution, -O0
FAIL: gcc.c-torture/execute/strct-varg-1.c execution, -O1
FAIL: gcc.c-torture/execute/strct-varg-1.c execution, -O2
FAIL: gcc.c-torture/execute/strct-varg-1.c execution, -O3 -fomit-frame-pointer
FAIL: gcc.c-torture/execute/strct-varg-1.c execution, -O3 -g
FAIL: gcc.c-torture/execute/strct-varg-1.c execution, -Os
FAIL: gcc.c-torture/execute/va-arg-15.c execution, -O0
FAIL: gcc.c-torture/execute/va-arg-15.c execution, -O1
FAIL: gcc.c-torture/execute/va-arg-15.c execution, -O2
FAIL: gcc.c-torture/execute/va-arg-15.c execution, -O3 -fomit-frame-pointer
FAIL: gcc.c-torture/execute/va-arg-15.c execution, -O3 -fomit-frame-pointer -funroll-loops
FAIL: gcc.c-torture/execute/va-arg-15.c execution, -O3 -fomit-frame-pointer -funroll-all-loops -finline-functions
FAIL: gcc.c-torture/execute/va-arg-15.c execution, -O3 -g
FAIL: gcc.c-torture/execute/va-arg-15.c execution, -Os
FAIL: gcc.c-torture/execute/va-arg-17.c execution, -O0
FAIL: gcc.c-torture/execute/va-arg-17.c execution, -O1
FAIL: gcc.c-torture/execute/va-arg-17.c execution, -O2
FAIL: gcc.c-torture/execute/va-arg-17.c execution, -O3 -fomit-frame-pointer
FAIL: gcc.c-torture/execute/va-arg-17.c execution, -O3 -g
FAIL: gcc.c-torture/execute/va-arg-17.c execution, -Os
FAIL: gcc.c-torture/execute/va-arg-22.c execution, -O0
FAIL: gcc.c-torture/execute/va-arg-22.c execution, -O1
FAIL: gcc.c-torture/execute/va-arg-22.c execution, -O2
FAIL: gcc.c-torture/execute/va-arg-22.c execution, -O3 -fomit-frame-pointer
FAIL: gcc.c-torture/execute/va-arg-22.c execution, -O3 -fomit-frame-pointer -funroll-loops
FAIL: gcc.c-torture/execute/va-arg-22.c execution, -O3 -fomit-frame-pointer -funroll-all-loops -finline-functions
FAIL: gcc.c-torture/execute/va-arg-22.c execution, -O3 -g
FAIL: gcc.c-torture/execute/va-arg-22.c execution, -Os
FAIL: gcc.c-torture/execute/va-arg-5.c execution, -O0
FAIL: gcc.c-torture/execute/va-arg-5.c execution, -O1
FAIL: gcc.c-torture/execute/va-arg-5.c execution, -O2
FAIL: gcc.c-torture/execute/va-arg-5.c execution, -O3 -fomit-frame-pointer
FAIL: gcc.c-torture/execute/va-arg-5.c execution, -O3 -g
FAIL: gcc.c-torture/execute/va-arg-5.c execution, -Os
FAIL: gcc.c-torture/execute/va-arg-6.c execution, -O0
FAIL: gcc.c-torture/execute/va-arg-6.c execution, -O1
FAIL: gcc.c-torture/execute/va-arg-6.c execution, -O2
FAIL: gcc.c-torture/execute/va-arg-6.c execution, -O3 -fomit-frame-pointer
FAIL: gcc.c-torture/execute/va-arg-6.c execution, -O3 -g
FAIL: gcc.c-torture/execute/va-arg-6.c execution, -Os
FAIL: gcc.dg/compat/scalar-by-value-1 c_compat_x_tst.o-c_compat_y_tst.o execute
FAIL: gcc.dg/compat/scalar-by-value-3 c_compat_x_tst.o-c_compat_y_tst.o execute
FAIL: gcc.dg/compat/scalar-by-value-5 c_compat_x_tst.o-c_compat_y_tst.o execute
FAIL: gcc.dg/compat/scalar-by-value-6 c_compat_x_tst.o-c_compat_y_tst.o execute
FAIL: gcc.dg/compat/scalar-return-1 c_compat_x_tst.o-c_compat_y_tst.o execute
FAIL: gcc.dg/compat/scalar-return-3 c_compat_x_tst.o-c_compat_y_tst.o execute
FAIL: gcc.dg/compat/struct-by-value-11 c_compat_x_tst.o-c_compat_y_tst.o execute
FAIL: gcc.dg/compat/struct-by-value-12 c_compat_x_tst.o-c_compat_y_tst.o execute
FAIL: gcc.dg/compat/struct-by-value-13 c_compat_x_tst.o-c_compat_y_tst.o execute
FAIL: gcc.dg/compat/struct-by-value-14 c_compat_x_tst.o-c_compat_y_tst.o execute
FAIL: gcc.dg/compat/struct-by-value-16 c_compat_x_tst.o-c_compat_y_tst.o execute
FAIL: gcc.dg/compat/struct-by-value-19 c_compat_x_tst.o-c_compat_y_tst.o execute
FAIL: gcc.dg/compat/struct-by-value-21 c_compat_x_tst.o-c_compat_y_tst.o execute
FAIL: gcc.dg/compat/struct-by-value-2 c_compat_x_tst.o-c_compat_y_tst.o execute
FAIL: gcc.dg/compat/struct-by-value-3 c_compat_x_tst.o-c_compat_y_tst.o execute
FAIL: gcc.dg/compat/struct-by-value-4 c_compat_x_tst.o-c_compat_y_tst.o execute
FAIL: gcc.dg/compat/struct-by-value-5a c_compat_x_tst.o-c_compat_y_tst.o execute
FAIL: gcc.dg/compat/struct-by-value-6a c_compat_x_tst.o-c_compat_y_tst.o execute
FAIL: gcc.dg/compat/struct-by-value-8 c_compat_x_tst.o-c_compat_y_tst.o execute
FAIL: gcc.dg/compat/struct-by-value-9 c_compat_x_tst.o-c_compat_y_tst.o execute
FAIL: gcc.dg/compat/struct-layout-1 c_compat_x_tst.o-c_compat_y_tst.o execute
FAIL: gcc.dg/compat/struct-return-19 c_compat_x_tst.o-c_compat_y_tst.o execute
FAIL: gcc.dg/compat/struct-return-21 c_compat_x_tst.o-c_compat_y_tst.o execute
FAIL: gcc.dg/compat/struct-return-2 c_compat_x_tst.o-c_compat_y_tst.o execute
FAIL: gcc.dg/compat/struct-return-3 c_compat_x_tst.o-c_compat_y_tst.o execute
FAIL: gcc.dg/compat/union-by-value-1 c_compat_x_tst.o-c_compat_y_tst.o execute
FAIL: gcc.dg/compat/union-return-1 c_compat_x_tst.o-c_compat_y_tst.o execute
FAIL: tmpdir-gcc.dg-struct-layout-1/t001 c_compat_x_tst.o-c_compat_y_tst.o execute
FAIL: tmpdir-gcc.dg-struct-layout-1/t002 c_compat_x_tst.o-c_compat_y_tst.o execute
FAIL: tmpdir-gcc.dg-struct-layout-1/t003 c_compat_x_tst.o-c_compat_y_tst.o execute
FAIL: tmpdir-gcc.dg-struct-layout-1/t004 c_compat_x_tst.o-c_compat_y_tst.o execute
FAIL: tmpdir-gcc.dg-struct-layout-1/t005 c_compat_x_tst.o-c_compat_y_tst.o execute
FAIL: tmpdir-gcc.dg-struct-layout-1/t006 c_compat_x_tst.o-c_compat_y_tst.o execute
FAIL: tmpdir-gcc.dg-struct-layout-1/t007 c_compat_x_tst.o-c_compat_y_tst.o execute
FAIL: tmpdir-gcc.dg-struct-layout-1/t008 c_compat_x_tst.o-c_compat_y_tst.o execute
FAIL: tmpdir-gcc.dg-struct-layout-1/t009 c_compat_x_tst.o-c_compat_y_tst.o execute
FAIL: tmpdir-gcc.dg-struct-layout-1/t010 c_compat_x_tst.o-c_compat_y_tst.o execute
FAIL: tmpdir-gcc.dg-struct-layout-1/t011 c_compat_x_tst.o-c_compat_y_tst.o execute
FAIL: tmpdir-gcc.dg-struct-layout-1/t012 c_compat_x_tst.o-c_compat_y_tst.o execute
FAIL: tmpdir-gcc.dg-struct-layout-1/t013 c_compat_x_tst.o-c_compat_y_tst.o execute
FAIL: tmpdir-gcc.dg-struct-layout-1/t014 c_compat_x_tst.o-c_compat_y_tst.o execute
FAIL: tmpdir-gcc.dg-struct-layout-1/t015 c_compat_x_tst.o-c_compat_y_tst.o execute
FAIL: tmpdir-gcc.dg-struct-layout-1/t016 c_compat_x_tst.o-c_compat_y_tst.o execute
FAIL: tmpdir-gcc.dg-struct-layout-1/t017 c_compat_x_tst.o-c_compat_y_tst.o execute
FAIL: tmpdir-gcc.dg-struct-layout-1/t018 c_compat_x_tst.o-c_compat_y_tst.o execute
FAIL: tmpdir-gcc.dg-struct-layout-1/t019 c_compat_x_tst.o-c_compat_y_tst.o execute
FAIL: tmpdir-gcc.dg-struct-layout-1/t020 c_compat_x_tst.o-c_compat_y_tst.o execute
FAIL: tmpdir-gcc.dg-struct-layout-1/t021 c_compat_x_tst.o-c_compat_y_tst.o execute
FAIL: tmpdir-gcc.dg-struct-layout-1/t022 c_compat_x_tst.o-c_compat_y_tst.o execute
FAIL: tmpdir-gcc.dg-struct-layout-1/t023 c_compat_x_tst.o-c_compat_y_tst.o execute
FAIL: tmpdir-gcc.dg-struct-layout-1/t024 c_compat_x_tst.o-c_compat_y_tst.o execute
FAIL: tmpdir-gcc.dg-struct-layout-1/t025 c_compat_x_tst.o-c_compat_y_tst.o execute
FAIL: tmpdir-gcc.dg-struct-layout-1/t026 c_compat_x_tst.o-c_compat_y_tst.o execute
FAIL: tmpdir-gcc.dg-struct-layout-1/t027 c_compat_x_tst.o-c_compat_y_tst.o execute
FAIL: tmpdir-gcc.dg-struct-layout-1/t028 c_compat_x_tst.o-c_compat_y_tst.o execute
FAIL: gcc.dg/complex-1.c execution test
FAIL: gcc.dg/pr34668-1.c (internal compiler error)
FAIL: gcc.dg/pr34668-1.c (test for excess errors)
WARNING: program timed out.
=== gcc Summary ===
# of expected passes 52448
# of unexpected failures 186
# of expected failures 89
# of unsupported tests 769
/test/gnu/gcc/objdir/gcc/xgcc version 4.6.0 20100505 (experimental) [trunk revision 159085] (GCC)
=== gnat tests ===
Running target unix
FAIL: gnat.dg/lto1.adb (test for excess errors)
WARNING: gnat.dg/lto1.adb compilation failed to produce executable
FAIL: gnat.dg/lto2.adb (test for excess errors)
FAIL: gnat.dg/varsize_temp.adb (test for excess errors)
FAIL: gnat.dg/specs/varsize_return.ads (test for excess errors)
=== gnat Summary ===
# of expected passes 779
# of unexpected failures 4
# of expected failures 8
# of unsupported tests 1
=== libgomp tests ===
Running target unix
=== libgomp Summary ===
# of expected passes 248
# of unsupported tests 9
Compiler version: 4.6.0 20100505 (experimental) [trunk revision 159085] (GCC)
Platform: hppa2.0w-hp-hpux11.11
configure flags:Test Run By dave on Sun May 9 00:49:41 EDT 2010