This is the mail archive of the
gcc-testresults@gcc.gnu.org
mailing list for the GCC project.
Results for 4.4.5 20100508 (prerelease) [ix86/gcc-4_4-branch revision 159190] (GCC) testsuite on x86_64-unknown-linux-gnu
- From: hjl at gnu-26 dot localdomain (H.J. Lu)
- To: gcc-testresults at gcc dot gnu dot org
- Date: Sat, 8 May 2010 10:53:56 -0700 (PDT)
- Subject: Results for 4.4.5 20100508 (prerelease) [ix86/gcc-4_4-branch revision 159190] (GCC) testsuite on x86_64-unknown-linux-gnu
LAST_UPDATED: Sat May 8 16:11:31 UTC 2010 (revision 159190)
Native configuration is x86_64-unknown-linux-gnu
=== gcc tests ===
Running target unix/-m32
FAIL: gcc.c-torture/compile/limits-exprparen.c -O0 (test for excess errors)
FAIL: gcc.c-torture/compile/limits-exprparen.c -O1 (test for excess errors)
FAIL: gcc.c-torture/compile/limits-exprparen.c -O2 (test for excess errors)
FAIL: gcc.c-torture/compile/limits-exprparen.c -O3 -fomit-frame-pointer (test for excess errors)
FAIL: gcc.c-torture/compile/limits-exprparen.c -O3 -g (test for excess errors)
FAIL: gcc.c-torture/compile/limits-exprparen.c -Os (test for excess errors)
=== gcc Summary for unix/-m32 ===
# of expected passes 58196
# of unexpected failures 6
# of expected failures 191
# of unsupported tests 441
Running target unix
FAIL: gcc.c-torture/compile/limits-exprparen.c -O0 (test for excess errors)
FAIL: gcc.c-torture/compile/limits-exprparen.c -O1 (test for excess errors)
FAIL: gcc.c-torture/compile/limits-exprparen.c -O2 (test for excess errors)
FAIL: gcc.c-torture/compile/limits-exprparen.c -O3 -fomit-frame-pointer (test for excess errors)
FAIL: gcc.c-torture/compile/limits-exprparen.c -O3 -g (test for excess errors)
FAIL: gcc.c-torture/compile/limits-exprparen.c -Os (test for excess errors)
FAIL: gcc.dg/tree-prof/bb-reorg.c compilation, -fprofile-use -D_PROFILE_USE
UNRESOLVED: gcc.dg/tree-prof/bb-reorg.c execution, -fprofile-use -D_PROFILE_USE
FAIL: gcc.dg/tree-prof/pr34999.c compilation, -fprofile-use -D_PROFILE_USE
UNRESOLVED: gcc.dg/tree-prof/pr34999.c execution, -fprofile-use -D_PROFILE_USE
=== gcc Summary for unix ===
# of expected passes 57826
# of unexpected failures 8
# of expected failures 190
# of unresolved testcases 2
# of unsupported tests 740
=== gcc Summary ===
# of expected passes 116022
# of unexpected failures 14
# of expected failures 381
# of unresolved testcases 2
# of unsupported tests 1181
/export/build/gnu/gcc-4.4-ix86/build-x86_64-linux/gcc/xgcc version 4.4.5 20100508 (prerelease) [ix86/gcc-4_4-branch revision 159190] (GCC)
=== gfortran tests ===
Running target unix/-m32
=== gfortran Summary for unix/-m32 ===
# of expected passes 30167
# of expected failures 10
# of unsupported tests 105
Running target unix
=== gfortran Summary for unix ===
# of expected passes 30296
# of expected failures 10
# of unsupported tests 44
=== gfortran Summary ===
# of expected passes 60463
# of expected failures 20
# of unsupported tests 149
/export/build/gnu/gcc-4.4-ix86/build-x86_64-linux/gcc/testsuite/gfortran/../../gfortran version 4.4.5 20100508 (prerelease) [ix86/gcc-4_4-branch revision 159190] (GCC)
=== g++ tests ===
Running target unix/-m32
=== g++ Summary for unix/-m32 ===
# of expected passes 20248
# of expected failures 157
# of unsupported tests 101
Running target unix
=== g++ Summary for unix ===
# of expected passes 19929
# of expected failures 157
# of unsupported tests 253
=== g++ Summary ===
# of expected passes 40177
# of expected failures 314
# of unsupported tests 354
/export/build/gnu/gcc-4.4-ix86/build-x86_64-linux/gcc/testsuite/g++/../../g++ version 4.4.5 20100508 (prerelease) [ix86/gcc-4_4-branch revision 159190] (GCC)
=== objc tests ===
Running target unix/-m32
=== objc Summary for unix/-m32 ===
# of expected passes 1874
# of expected failures 7
# of unsupported tests 24
Running target unix
=== objc Summary for unix ===
# of expected passes 1866
# of expected failures 15
# of unsupported tests 24
=== objc Summary ===
# of expected passes 3740
# of expected failures 22
# of unsupported tests 48
/export/build/gnu/gcc-4.4-ix86/build-x86_64-linux/gcc/xgcc version 4.4.5 20100508 (prerelease) [ix86/gcc-4_4-branch revision 159190] (GCC)
=== libffi tests ===
Running target unix/-m32
=== libffi Summary for unix/-m32 ===
# of expected passes 1389
# of unsupported tests 10
Running target unix
=== libffi Summary for unix ===
# of expected passes 1389
# of unsupported tests 10
=== libffi Summary ===
# of expected passes 2778
# of unsupported tests 20
=== libgomp tests ===
Running target unix/-m32
=== libgomp Summary for unix/-m32 ===
# of expected passes 2476
Running target unix
=== libgomp Summary for unix ===
# of expected passes 2476
=== libgomp Summary ===
# of expected passes 4952
=== libjava tests ===
Running target unix/-m32
FAIL: events output
=== libjava Summary for unix/-m32 ===
# of expected passes 2573
# of unexpected failures 1
Running target unix
=== libjava Summary for unix ===
# of expected passes 2574
=== libjava Summary ===
# of expected passes 5147
# of unexpected failures 1
=== libmudflap tests ===
Running target unix/-m32
FAIL: libmudflap.c++/pass41-frag.cxx execution test
FAIL: libmudflap.c++/pass41-frag.cxx (-static) execution test
FAIL: libmudflap.c++/pass41-frag.cxx ( -O) execution test
FAIL: libmudflap.c++/pass41-frag.cxx (-O2) execution test
FAIL: libmudflap.c++/pass41-frag.cxx (-O3) execution test
=== libmudflap Summary for unix/-m32 ===
# of expected passes 1889
# of unexpected failures 5
Running target unix
FAIL: libmudflap.c++/pass41-frag.cxx execution test
FAIL: libmudflap.c++/pass41-frag.cxx (-static) execution test
FAIL: libmudflap.c++/pass41-frag.cxx ( -O) execution test
FAIL: libmudflap.c++/pass41-frag.cxx (-O2) execution test
FAIL: libmudflap.c++/pass41-frag.cxx (-O3) execution test
=== libmudflap Summary for unix ===
# of expected passes 1889
# of unexpected failures 5
=== libmudflap Summary ===
# of expected passes 3778
# of unexpected failures 10
=== libstdc++ tests ===
Running target unix/-m32
=== libstdc++ Summary for unix/-m32 ===
# of expected passes 6498
# of expected failures 80
# of unsupported tests 20
Running target unix
=== libstdc++ Summary for unix ===
# of expected passes 6507
# of expected failures 80
# of unsupported tests 15
=== libstdc++ Summary ===
# of expected passes 13005
# of expected failures 160
# of unsupported tests 35
Compiler version: 4.4.5 20100508 (prerelease) [ix86/gcc-4_4-branch revision 159190] (GCC)
Platform: x86_64-unknown-linux-gnu
configure flags: --enable-clocale=gnu --with-system-zlib --enable-checking=assert --with-demangler-in-ld --enable-shared --enable-threads=posix --enable-haifa --prefix=/usr/gcc-4.4-ix86 --with-local-prefix=/usr/local