This is the mail archive of the
gcc-testresults@gcc.gnu.org
mailing list for the GCC project.
Results for 4.6.0 20100506 (experimental) [trunk revision 159094] (GCC) testsuite on hppa64-hp-hpux11.11
- From: John David Anglin <dave at hiauly3 dot hia dot nrc dot ca>
- To: dave at hiauly3 dot hia dot nrc dot ca, gcc-testresults at gcc dot gnu dot org
- Date: Thu, 6 May 2010 20:11:24 -0400 (EDT)
- Subject: Results for 4.6.0 20100506 (experimental) [trunk revision 159094] (GCC) testsuite on hppa64-hp-hpux11.11
Native configuration is hppa64-hp-hpux11.11
=== g++ tests ===
Running target unix
FAIL: g++.dg/ext/label13.C (test for excess errors)
WARNING: g++.dg/ext/label13.C compilation failed to produce executable
=== g++ Summary ===
# of expected passes 21219
# of unexpected failures 1
# of expected failures 153
# of unsupported tests 238
/test/gnu/gcc/objdir/gcc/testsuite/g++/../../g++ version 4.6.0 20100506 (experimental) [trunk revision 159094] (GCC)
=== gcc tests ===
Running target unix
WARNING: program timed out.
FAIL: gcc.c-torture/compile/limits-fnargs.c -O3 -g (test for excess errors)
XPASS: gcc.dg/funcorder.c scan-assembler-not link_error,%r
FAIL: gcc.dg/pr34668-1.c (internal compiler error)
FAIL: gcc.dg/pr34668-1.c (test for excess errors)
WARNING: program timed out.
FAIL: gcc.dg/pr43058.c (test for excess errors)
WARNING: program timed out.
FAIL: gcc.dg/lto/20090116 c_lto_20090116_0.o-c_lto_20090116_0.o link, (internal compiler error)
UNRESOLVED: gcc.dg/lto/20090116 c_lto_20090116_0.o-c_lto_20090116_0.o execute -O1 -fwhopr -fPIC
FAIL: gcc.dg/lto/20090126-1 c_lto_20090126-1_0.o-c_lto_20090126-1_0.o link, (internal compiler error)
UNRESOLVED: gcc.dg/lto/20090126-1 c_lto_20090126-1_0.o-c_lto_20090126-1_0.o execute -O0 -fwhopr
FAIL: gcc.dg/lto/20090313 c_lto_20090313_0.o-c_lto_20090313_0.o link
UNRESOLVED: gcc.dg/lto/20090313 c_lto_20090313_0.o-c_lto_20090313_0.o execute -O0 -fwhopr
FAIL: gcc.dg/lto/20090313 c_lto_20090313_0.o-c_lto_20090313_0.o link
UNRESOLVED: gcc.dg/lto/20090313 c_lto_20090313_0.o-c_lto_20090313_0.o execute -O2 -fwhopr
FAIL: gcc.dg/lto/20090313 c_lto_20090313_0.o-c_lto_20090313_0.o link
UNRESOLVED: gcc.dg/lto/20090313 c_lto_20090313_0.o-c_lto_20090313_0.o execute -O0 -flto
FAIL: gcc.dg/lto/20090313 c_lto_20090313_0.o-c_lto_20090313_0.o link
UNRESOLVED: gcc.dg/lto/20090313 c_lto_20090313_0.o-c_lto_20090313_0.o execute -O2 -flto
FAIL: gcc.dg/lto/20100423-2 c_lto_20100423-2_0.o-c_lto_20100423-2_1.o link
UNRESOLVED: gcc.dg/lto/20100423-2 c_lto_20100423-2_0.o-c_lto_20100423-2_1.o execute -O2 -flto
FAIL: gcc.dg/lto/20100423-2 c_lto_20100423-2_0.o-c_lto_20100423-2_1.o link
UNRESOLVED: gcc.dg/lto/20100423-2 c_lto_20100423-2_0.o-c_lto_20100423-2_1.o execute -O2 -fwhopr
FAIL: gcc.dg/lto/20100423-2 c_lto_20100423-2_0.o-c_lto_20100423-2_1.o link
UNRESOLVED: gcc.dg/lto/20100423-2 c_lto_20100423-2_0.o-c_lto_20100423-2_1.o execute -O3 -flto
FAIL: gcc.dg/lto/20100423-2 c_lto_20100423-2_0.o-c_lto_20100423-2_1.o link
UNRESOLVED: gcc.dg/lto/20100423-2 c_lto_20100423-2_0.o-c_lto_20100423-2_1.o execute -O3 -fwhopr
=== gcc Summary ===
# of expected passes 62282
# of unexpected failures 14
# of unexpected successes 1
# of expected failures 91
# of unresolved testcases 10
# of unsupported tests 798
/test/gnu/gcc/objdir/gcc/xgcc version 4.6.0 20100506 (experimental) [trunk revision 159094] (GCC)
=== gfortran tests ===
Running target unix
FAIL: gfortran.dg/array_constructor_11.f90 -O3 -g (internal compiler error)
FAIL: gfortran.dg/array_constructor_11.f90 -O3 -g (test for excess errors)
WARNING: gfortran.dg/array_constructor_11.f90 -O3 -g compilation failed to produce executable
=== gfortran Summary ===
# of expected passes 33305
# of unexpected failures 2
# of expected failures 21
# of unsupported tests 285
/test/gnu/gcc/objdir/gcc/testsuite/gfortran/../../gfortran version 4.6.0 20100506 (experimental) [trunk revision 159094] (GCC)
=== obj-c++ tests ===
Running target unix
FAIL: obj-c++.dg/const-str-5.mm -fgnu-runtime (test for excess errors)
FAIL: obj-c++.dg/const-str-6.mm -fgnu-runtime (test for excess errors)
WARNING: obj-c++.dg/lookup-2.mm -fgnu-runtime compilation failed to produce executable
WARNING: obj-c++.dg/try-catch-2.mm -fgnu-runtime compilation failed to produce executable
WARNING: obj-c++.dg/try-catch-9.mm -fgnu-runtime compilation failed to produce executable
=== obj-c++ Summary ===
# of expected passes 431
# of unexpected failures 2
# of expected failures 11
# of unsupported tests 13
/test/gnu/gcc/objdir/gcc/testsuite/obj-c++/../../g++ version 4.6.0 20100506 (experimental) [trunk revision 159094] (GCC)
=== objc tests ===
Running target unix
=== objc Summary ===
# of expected passes 1872
# of expected failures 15
# of unsupported tests 21
/test/gnu/gcc/objdir/gcc/xgcc version 4.6.0 20100506 (experimental) [trunk revision 159094] (GCC)
=== libgomp tests ===
Running target unix
=== libgomp Summary ===
# of expected passes 2476
# of unsupported tests 9
=== libstdc++ tests ===
Running target unix
FAIL: 25_algorithms/fill/4.cc (test for excess errors)
WARNING: 25_algorithms/fill/4.cc compilation failed to produce executable
FAIL: 25_algorithms/fill_n/1.cc (test for excess errors)
WARNING: 25_algorithms/fill_n/1.cc compilation failed to produce executable
FAIL: ext/profile/all.cc (test for excess errors)
=== libstdc++ Summary ===
# of expected passes 6327
# of unexpected failures 3
# of expected failures 89
# of unsupported tests 616
Compiler version: 4.6.0 20100506 (experimental) [trunk revision 159094] (GCC)
Platform: hppa64-hp-hpux11.11
configure flags:Test Run By dave on Thu May 6 08:54:27 2010