This is the mail archive of the
gcc-testresults@gcc.gnu.org
mailing list for the GCC project.
Results for 4.6.0 20100430 (experimental) (GCC) gfortran testsuite on x86_64-w64-mingw32
- From: nightstrike at gcc17 dot fsffrance dot org
- To: gcc-testresults at gcc dot gnu dot org
- Date: Tue, 04 May 2010 20:29:26 +0200
- Subject: Results for 4.6.0 20100430 (experimental) (GCC) gfortran testsuite on x86_64-w64-mingw32
Target is x86_64-w64-mingw32
Host is i686-pc-cygwin
=== gfortran tests ===
Running target unix
WARNING: Assuming target board is the local machine (which is probably wrong).
FAIL: gfortran.dg/array_constructor_11.f90 (internal compiler error)
FAIL: gfortran.dg/array_constructor_11.f90 (test for excess errors)
WARNING: gfortran.dg/array_constructor_11.f90 compilation failed to produce executable
FAIL: gfortran.dg/complex_intrinsic_5.f90 execution test
FAIL: gfortran.dg/complex_intrinsic_5.f90 execution test
FAIL: gfortran.dg/complex_intrinsic_5.f90 execution test
FAIL: gfortran.dg/complex_intrinsic_5.f90 execution test
FAIL: gfortran.dg/complex_intrinsic_5.f90 execution test
FAIL: gfortran.dg/complex_intrinsic_5.f90 execution test
FAIL: gfortran.dg/complex_intrinsic_5.f90 execution test
FAIL: gfortran.dg/complex_intrinsic_5.f90 execution test
FAIL: gfortran.dg/dev_null.F90 execution test
FAIL: gfortran.dg/dev_null.F90 execution test
FAIL: gfortran.dg/dev_null.F90 execution test
FAIL: gfortran.dg/dev_null.F90 execution test
FAIL: gfortran.dg/dev_null.F90 execution test
FAIL: gfortran.dg/dev_null.F90 execution test
FAIL: gfortran.dg/dev_null.F90 execution test
FAIL: gfortran.dg/dev_null.F90 execution test
FAIL: gfortran.dg/ftell_3.f90 execution test
FAIL: gfortran.dg/ftell_3.f90 execution test
FAIL: gfortran.dg/ftell_3.f90 execution test
FAIL: gfortran.dg/ftell_3.f90 execution test
FAIL: gfortran.dg/ftell_3.f90 execution test
FAIL: gfortran.dg/ftell_3.f90 execution test
FAIL: gfortran.dg/ftell_3.f90 execution test
FAIL: gfortran.dg/ftell_3.f90 execution test
FAIL: gfortran.dg/inquire_size.f90 execution test
FAIL: gfortran.dg/inquire_size.f90 execution test
FAIL: gfortran.dg/inquire_size.f90 execution test
FAIL: gfortran.dg/inquire_size.f90 execution test
FAIL: gfortran.dg/inquire_size.f90 execution test
FAIL: gfortran.dg/inquire_size.f90 execution test
FAIL: gfortran.dg/inquire_size.f90 execution test
FAIL: gfortran.dg/inquire_size.f90 execution test
FAIL: gfortran.dg/streamio_16.f90 execution test
FAIL: gfortran.dg/streamio_16.f90 execution test
FAIL: gfortran.dg/streamio_16.f90 execution test
FAIL: gfortran.dg/streamio_16.f90 execution test
FAIL: gfortran.dg/streamio_16.f90 execution test
FAIL: gfortran.dg/streamio_16.f90 execution test
FAIL: gfortran.dg/streamio_16.f90 execution test
FAIL: gfortran.dg/streamio_16.f90 execution test
FAIL: gfortran.dg/write_to_null.F90 execution test
FAIL: gfortran.dg/write_to_null.F90 execution test
FAIL: gfortran.dg/write_to_null.F90 execution test
FAIL: gfortran.dg/write_to_null.F90 execution test
FAIL: gfortran.dg/write_to_null.F90 execution test
FAIL: gfortran.dg/write_to_null.F90 execution test
FAIL: gfortran.dg/write_to_null.F90 execution test
FAIL: gfortran.dg/write_to_null.F90 execution test
=== gfortran Summary ===
# of expected passes 34072
# of unexpected failures 50
# of expected failures 21
# of unsupported tests 114
/tmp/build/gcc/obj/gcc/testsuite/gfortran/../../gfortran version 4.6.0 20100430 (experimental) (GCC)
Compiler version: 4.6.0 20100430 (experimental) (GCC) gfortran
Platform: x86_64-w64-mingw32
configure flags: --target=x86_64-w64-mingw32 --prefix=/tmp/build/root --with-sysroot=/tmp/build/root --with-gmp=/tmp/build/gmp/install --with-mpfr=/tmp/build/mpfr/install --with-mpc=/tmp/build/mpc/install --enable-languages=all,obj-c++ --enable-fully-dynamic-string --disable-multilib
BOOT_CFLAGS=-g -O2