This is the mail archive of the gcc-testresults@gcc.gnu.org mailing list for the GCC project.


Index Nav: [Date Index] [Subject Index] [Author Index] [Thread Index]
Message Nav: [Date Prev] [Date Next] [Thread Prev] [Thread Next]
Other format: [Raw text]

Results for 4.6.0 20100503 (experimental) (GCC) testsuite on spu-unknown-elf


GCC Version:      4.6.0, SVN revision: 158988
                  svn co -r 158988 svn://gcc.gnu.org/svn/gcc/trunk
Newlib Version:   2010-05-03 10:52 UTC
                  cvs -z 9 -d :pserver:anoncvs@sources.redhat.com:/cvs/src co -D '2010-05-03 10:52 UTC' newlib
Binutils Version: 2010-05-03 10:52 UTC
                  cvs -z 9 -d :pserver:anoncvs@sourceware.org:/cvs/src co -D '2010-05-03 10:52 UTC' binutils
GDB Version:      2010-05-03 10:52 UTC
                  cvs -d :pserver:anoncvs@sourceware.org:/cvs/src co -D '2010-05-03 10:52 UTC' gdb


build host info: 
$ uname -s -r -m -p -i -o
Linux 2.6.18-194.el5 ppc64 ppc64 ppc64 GNU/Linux

$ gcc -v
Using built-in specs.
Target: ppc64-redhat-linux
Configured with: ../configure --prefix=/usr --mandir=/usr/share/man --infodir=/usr/share/info --enable-shared --enable-threads=posix --enable-checking=release --with-system-zlib --enable-__cxa_atexit --disable-libunwind-exceptions --enable-libgcj-multifile --enable-languages=c,c++,objc,obj-c++,java,fortran --enable-java-awt=gtk --disable-dssi --enable-plugin --with-java-home=/usr/lib/jvm/java-1.4.2-gcj-1.4.2.0/jre --enable-secureplt --with-long-double-128 --host=ppc64-redhat-linux --build=ppc64-redhat-linux --target=ppc64-redhat-linux --with-cpu=default32
Thread model: posix
gcc version 4.1.2 20080704 (Red Hat 4.1.2-48)

$ ld -v
GNU ld version 2.17.50.0.6-14.el5 20061020



############################################################
# GCC test suite results                                   #
############################################################
Target is spu-unknown-elf

		=== gcc tests ===


Running target cell-native
FAIL: gcc.c-torture/compile/limits-exprparen.c  -O0  (test for excess errors)
FAIL: gcc.c-torture/compile/limits-exprparen.c  -O1  (test for excess errors)
FAIL: gcc.c-torture/compile/limits-exprparen.c  -O2  (test for excess errors)
FAIL: gcc.c-torture/compile/limits-exprparen.c  -O3 -fomit-frame-pointer  (test for excess errors)
FAIL: gcc.c-torture/compile/limits-exprparen.c  -O3 -g  (test for excess errors)
FAIL: gcc.c-torture/compile/limits-exprparen.c  -Os  (test for excess errors)
FAIL: gcc.c-torture/execute/builtins/memmove-chk.c execution,  -O1 
FAIL: gcc.c-torture/execute/builtins/memmove.c execution,  -O1 
FAIL: tmpdir-gcc.dg-struct-layout-1/t028 c_compat_x_tst.o-c_compat_y_tst.o link
UNRESOLVED: tmpdir-gcc.dg-struct-layout-1/t028 c_compat_x_tst.o-c_compat_y_tst.o execute 
FAIL: gcc.dg/const-uniq-1.c scan-tree-dump-times gimple "LC0" 2
FAIL: gcc.dg/errno-1.c scan-assembler do_not_optimize_away
FAIL: gcc.dg/ftrapv-1.c (test for excess errors)
WARNING: gcc.dg/ftrapv-1.c compilation failed to produce executable
FAIL: gcc.dg/ftrapv-2.c (test for excess errors)
WARNING: gcc.dg/ftrapv-2.c compilation failed to produce executable
FAIL: gcc.dg/march.c  (test for errors, line )
FAIL: gcc.dg/march.c (test for excess errors)
FAIL: gcc.dg/mtune.c  (test for errors, line )
FAIL: gcc.dg/mtune.c (test for excess errors)
FAIL: gcc.dg/pr30286.c (test for excess errors)
WARNING: gcc.dg/pr30286.c compilation failed to produce executable
FAIL: gcc.dg/pr30643.c scan-assembler-not undefined
FAIL: gcc.dg/pr34668-1.c (internal compiler error)
FAIL: gcc.dg/pr34668-1.c (test for excess errors)
FAIL: gcc.dg/pr38364.c (test for excess errors)
WARNING: gcc.dg/pr38364.c compilation failed to produce executable
FAIL: gcc.dg/pr42427.c (test for excess errors)
FAIL: gcc.dg/pr42629.c (test for excess errors)
FAIL: gcc.dg/pr42715.c (test for excess errors)
FAIL: gcc.dg/pr43670.c (test for excess errors)
FAIL: gcc.dg/profile-generate-3.c (test for excess errors)
FAIL: gcc.dg/sms-2.c scan-rtl-dump-times sms "SMS succeeded" 1
FAIL: gcc.dg/sms-3.c scan-rtl-dump-times sms "SMS succeeded" 1
FAIL: gcc.dg/sms-5.c scan-rtl-dump-times sms "SMS succeeded" 1
FAIL: gcc.dg/sms-6.c scan-rtl-dump-times sms "SMS succeeded" 1
FAIL: gcc.dg/sms-7.c scan-rtl-dump-times sms "SMS succeeded" 1
FAIL: gcc.dg/matrix/transpose-1.c compilation,  -fprofile-generate -O3
UNRESOLVED: gcc.dg/matrix/transpose-1.c execution,    -fprofile-generate -O3
UNRESOLVED: gcc.dg/matrix/transpose-1.c compilation,  -fprofile-use -fipa-matrix-reorg -fdump-ipa-matrix-reorg -O3 -fwhole-program -combine
UNRESOLVED: gcc.dg/matrix/transpose-1.c execution,    -fprofile-use -fipa-matrix-reorg -fdump-ipa-matrix-reorg -O3 -fwhole-program -combine
FAIL: gcc.dg/matrix/transpose-2.c compilation,  -fprofile-generate -O3
UNRESOLVED: gcc.dg/matrix/transpose-2.c execution,    -fprofile-generate -O3
UNRESOLVED: gcc.dg/matrix/transpose-2.c compilation,  -fprofile-use -fipa-matrix-reorg -fdump-ipa-matrix-reorg -O3 -fwhole-program -combine
UNRESOLVED: gcc.dg/matrix/transpose-2.c execution,    -fprofile-use -fipa-matrix-reorg -fdump-ipa-matrix-reorg -O3 -fwhole-program -combine
FAIL: gcc.dg/matrix/transpose-3.c compilation,  -fprofile-generate -O3
UNRESOLVED: gcc.dg/matrix/transpose-3.c execution,    -fprofile-generate -O3
UNRESOLVED: gcc.dg/matrix/transpose-3.c compilation,  -fprofile-use -fipa-matrix-reorg -fdump-ipa-matrix-reorg -O3 -fwhole-program -combine
UNRESOLVED: gcc.dg/matrix/transpose-3.c execution,    -fprofile-use -fipa-matrix-reorg -fdump-ipa-matrix-reorg -O3 -fwhole-program -combine
FAIL: gcc.dg/matrix/transpose-4.c compilation,  -fprofile-generate -O3
UNRESOLVED: gcc.dg/matrix/transpose-4.c execution,    -fprofile-generate -O3
UNRESOLVED: gcc.dg/matrix/transpose-4.c compilation,  -fprofile-use -fipa-matrix-reorg -fdump-ipa-matrix-reorg -O3 -fwhole-program -combine
UNRESOLVED: gcc.dg/matrix/transpose-4.c execution,    -fprofile-use -fipa-matrix-reorg -fdump-ipa-matrix-reorg -O3 -fwhole-program -combine
FAIL: gcc.dg/matrix/transpose-5.c compilation,  -fprofile-generate -O3
UNRESOLVED: gcc.dg/matrix/transpose-5.c execution,    -fprofile-generate -O3
UNRESOLVED: gcc.dg/matrix/transpose-5.c compilation,  -fprofile-use -fipa-matrix-reorg -fdump-ipa-matrix-reorg -O3 -fwhole-program -combine
UNRESOLVED: gcc.dg/matrix/transpose-5.c execution,    -fprofile-use -fipa-matrix-reorg -fdump-ipa-matrix-reorg -O3 -fwhole-program -combine
FAIL: gcc.dg/matrix/transpose-6.c compilation,  -fprofile-generate -O3
UNRESOLVED: gcc.dg/matrix/transpose-6.c execution,    -fprofile-generate -O3
UNRESOLVED: gcc.dg/matrix/transpose-6.c compilation,  -fprofile-use -fipa-matrix-reorg -fdump-ipa-matrix-reorg -O3 -fwhole-program -combine
UNRESOLVED: gcc.dg/matrix/transpose-6.c execution,    -fprofile-use -fipa-matrix-reorg -fdump-ipa-matrix-reorg -O3 -fwhole-program -combine
FAIL: gcc.dg/struct/w_prof_global_array.c compilation,  -O3 -fwhole-program -combine -fipa-type-escape -fprofile-generate
UNRESOLVED: gcc.dg/struct/w_prof_global_array.c execution,    -O3 -fwhole-program -combine -fipa-type-escape -fprofile-generate
UNRESOLVED: gcc.dg/struct/w_prof_global_array.c compilation,  -O3 -fwhole-program -combine -fipa-type-escape -fprofile-use -fipa-struct-reorg -fdump-ipa-all
UNRESOLVED: gcc.dg/struct/w_prof_global_array.c execution,    -O3 -fwhole-program -combine -fipa-type-escape -fprofile-use -fipa-struct-reorg -fdump-ipa-all
FAIL: gcc.dg/struct/w_prof_global_var.c compilation,  -O3 -fwhole-program -combine -fipa-type-escape -fprofile-generate
UNRESOLVED: gcc.dg/struct/w_prof_global_var.c execution,    -O3 -fwhole-program -combine -fipa-type-escape -fprofile-generate
UNRESOLVED: gcc.dg/struct/w_prof_global_var.c compilation,  -O3 -fwhole-program -combine -fipa-type-escape -fprofile-use -fipa-struct-reorg -fdump-ipa-all
UNRESOLVED: gcc.dg/struct/w_prof_global_var.c execution,    -O3 -fwhole-program -combine -fipa-type-escape -fprofile-use -fipa-struct-reorg -fdump-ipa-all
FAIL: gcc.dg/struct/w_prof_local_array.c compilation,  -O3 -fwhole-program -combine -fipa-type-escape -fprofile-generate
UNRESOLVED: gcc.dg/struct/w_prof_local_array.c execution,    -O3 -fwhole-program -combine -fipa-type-escape -fprofile-generate
UNRESOLVED: gcc.dg/struct/w_prof_local_array.c compilation,  -O3 -fwhole-program -combine -fipa-type-escape -fprofile-use -fipa-struct-reorg -fdump-ipa-all
UNRESOLVED: gcc.dg/struct/w_prof_local_array.c execution,    -O3 -fwhole-program -combine -fipa-type-escape -fprofile-use -fipa-struct-reorg -fdump-ipa-all
FAIL: gcc.dg/struct/w_prof_local_var.c compilation,  -O3 -fwhole-program -combine -fipa-type-escape -fprofile-generate
UNRESOLVED: gcc.dg/struct/w_prof_local_var.c execution,    -O3 -fwhole-program -combine -fipa-type-escape -fprofile-generate
UNRESOLVED: gcc.dg/struct/w_prof_local_var.c compilation,  -O3 -fwhole-program -combine -fipa-type-escape -fprofile-use -fipa-struct-reorg -fdump-ipa-all
UNRESOLVED: gcc.dg/struct/w_prof_local_var.c execution,    -O3 -fwhole-program -combine -fipa-type-escape -fprofile-use -fipa-struct-reorg -fdump-ipa-all
FAIL: gcc.dg/struct/w_prof_single_str_global.c compilation,  -O3 -fwhole-program -combine -fipa-type-escape -fprofile-generate
UNRESOLVED: gcc.dg/struct/w_prof_single_str_global.c execution,    -O3 -fwhole-program -combine -fipa-type-escape -fprofile-generate
UNRESOLVED: gcc.dg/struct/w_prof_single_str_global.c compilation,  -O3 -fwhole-program -combine -fipa-type-escape -fprofile-use -fipa-struct-reorg -fdump-ipa-all
UNRESOLVED: gcc.dg/struct/w_prof_single_str_global.c execution,    -O3 -fwhole-program -combine -fipa-type-escape -fprofile-use -fipa-struct-reorg -fdump-ipa-all
FAIL: gcc.dg/struct/w_prof_two_strs.c compilation,  -O3 -fwhole-program -combine -fipa-type-escape -fprofile-generate
UNRESOLVED: gcc.dg/struct/w_prof_two_strs.c execution,    -O3 -fwhole-program -combine -fipa-type-escape -fprofile-generate
UNRESOLVED: gcc.dg/struct/w_prof_two_strs.c compilation,  -O3 -fwhole-program -combine -fipa-type-escape -fprofile-use -fipa-struct-reorg -fdump-ipa-all
UNRESOLVED: gcc.dg/struct/w_prof_two_strs.c execution,    -O3 -fwhole-program -combine -fipa-type-escape -fprofile-use -fipa-struct-reorg -fdump-ipa-all
FAIL: gcc.dg/struct/w_ratio_cold_str.c compilation,  -O3 -fwhole-program -combine -fipa-type-escape -fprofile-generate
UNRESOLVED: gcc.dg/struct/w_ratio_cold_str.c execution,    -O3 -fwhole-program -combine -fipa-type-escape -fprofile-generate
UNRESOLVED: gcc.dg/struct/w_ratio_cold_str.c compilation,  -O3 -fwhole-program -combine -fipa-type-escape -fprofile-use -fipa-struct-reorg -fdump-ipa-all --param struct-reorg-cold-struct-ratio=30
UNRESOLVED: gcc.dg/struct/w_ratio_cold_str.c execution,    -O3 -fwhole-program -combine -fipa-type-escape -fprofile-use -fipa-struct-reorg -fdump-ipa-all --param struct-reorg-cold-struct-ratio=30
FAIL: c-c++-common/torture/complex-sign-add.c  -O0  execution test
FAIL: c-c++-common/torture/complex-sign-add.c  -O1  execution test
FAIL: c-c++-common/torture/complex-sign-add.c  -O2  execution test
FAIL: c-c++-common/torture/complex-sign-add.c  -O3 -fomit-frame-pointer  execution test
FAIL: c-c++-common/torture/complex-sign-add.c  -O3 -fomit-frame-pointer -funroll-loops  execution test
FAIL: c-c++-common/torture/complex-sign-add.c  -O3 -fomit-frame-pointer -funroll-all-loops -finline-functions  execution test
FAIL: c-c++-common/torture/complex-sign-add.c  -O3 -g  execution test
FAIL: c-c++-common/torture/complex-sign-add.c  -Os  execution test
FAIL: c-c++-common/torture/complex-sign-mixed-add.c  -O0  execution test
FAIL: c-c++-common/torture/complex-sign-mixed-add.c  -O1  execution test
FAIL: c-c++-common/torture/complex-sign-mixed-add.c  -O2  execution test
FAIL: c-c++-common/torture/complex-sign-mixed-add.c  -O3 -fomit-frame-pointer  execution test
FAIL: c-c++-common/torture/complex-sign-mixed-add.c  -O3 -fomit-frame-pointer -funroll-loops  execution test
FAIL: c-c++-common/torture/complex-sign-mixed-add.c  -O3 -fomit-frame-pointer -funroll-all-loops -finline-functions  execution test
FAIL: c-c++-common/torture/complex-sign-mixed-add.c  -O3 -g  execution test
FAIL: c-c++-common/torture/complex-sign-mixed-add.c  -Os  execution test
FAIL: c-c++-common/torture/complex-sign-mixed-div.c  -O0  execution test
FAIL: c-c++-common/torture/complex-sign-mixed-div.c  -O1  execution test
FAIL: c-c++-common/torture/complex-sign-mixed-div.c  -O2  execution test
FAIL: c-c++-common/torture/complex-sign-mixed-div.c  -O3 -fomit-frame-pointer  execution test
FAIL: c-c++-common/torture/complex-sign-mixed-div.c  -O3 -fomit-frame-pointer -funroll-loops  execution test
FAIL: c-c++-common/torture/complex-sign-mixed-div.c  -O3 -fomit-frame-pointer -funroll-all-loops -finline-functions  execution test
FAIL: c-c++-common/torture/complex-sign-mixed-div.c  -O3 -g  execution test
FAIL: c-c++-common/torture/complex-sign-mixed-div.c  -Os  execution test
FAIL: c-c++-common/torture/complex-sign-mixed-mul.c  -O0  execution test
FAIL: c-c++-common/torture/complex-sign-mixed-mul.c  -O1  execution test
FAIL: c-c++-common/torture/complex-sign-mixed-mul.c  -O2  execution test
FAIL: c-c++-common/torture/complex-sign-mixed-mul.c  -O3 -fomit-frame-pointer  execution test
FAIL: c-c++-common/torture/complex-sign-mixed-mul.c  -O3 -fomit-frame-pointer -funroll-loops  execution test
FAIL: c-c++-common/torture/complex-sign-mixed-mul.c  -O3 -fomit-frame-pointer -funroll-all-loops -finline-functions  execution test
FAIL: c-c++-common/torture/complex-sign-mixed-mul.c  -O3 -g  execution test
FAIL: c-c++-common/torture/complex-sign-mixed-mul.c  -Os  execution test
FAIL: c-c++-common/torture/complex-sign-mixed-sub.c  -O0  execution test
FAIL: c-c++-common/torture/complex-sign-mixed-sub.c  -O1  execution test
FAIL: c-c++-common/torture/complex-sign-mixed-sub.c  -O2  execution test
FAIL: c-c++-common/torture/complex-sign-mixed-sub.c  -O3 -fomit-frame-pointer  execution test
FAIL: c-c++-common/torture/complex-sign-mixed-sub.c  -O3 -fomit-frame-pointer -funroll-loops  execution test
FAIL: c-c++-common/torture/complex-sign-mixed-sub.c  -O3 -fomit-frame-pointer -funroll-all-loops -finline-functions  execution test
FAIL: c-c++-common/torture/complex-sign-mixed-sub.c  -O3 -g  execution test
FAIL: c-c++-common/torture/complex-sign-mixed-sub.c  -Os  execution test
FAIL: c-c++-common/torture/complex-sign-mul-minus-one.c  -O0  execution test
FAIL: c-c++-common/torture/complex-sign-mul-minus-one.c  -O1  execution test
FAIL: c-c++-common/torture/complex-sign-mul-minus-one.c  -O2  execution test
FAIL: c-c++-common/torture/complex-sign-mul-minus-one.c  -O3 -fomit-frame-pointer  execution test
FAIL: c-c++-common/torture/complex-sign-mul-minus-one.c  -O3 -fomit-frame-pointer -funroll-loops  execution test
FAIL: c-c++-common/torture/complex-sign-mul-minus-one.c  -O3 -fomit-frame-pointer -funroll-all-loops -finline-functions  execution test
FAIL: c-c++-common/torture/complex-sign-mul-minus-one.c  -O3 -g  execution test
FAIL: c-c++-common/torture/complex-sign-mul-minus-one.c  -Os  execution test
FAIL: c-c++-common/torture/complex-sign-mul-one.c  -O0  execution test
FAIL: c-c++-common/torture/complex-sign-mul-one.c  -O1  execution test
FAIL: c-c++-common/torture/complex-sign-mul-one.c  -O2  execution test
FAIL: c-c++-common/torture/complex-sign-mul-one.c  -O3 -fomit-frame-pointer  execution test
FAIL: c-c++-common/torture/complex-sign-mul-one.c  -O3 -fomit-frame-pointer -funroll-loops  execution test
FAIL: c-c++-common/torture/complex-sign-mul-one.c  -O3 -fomit-frame-pointer -funroll-all-loops -finline-functions  execution test
FAIL: c-c++-common/torture/complex-sign-mul-one.c  -O3 -g  execution test
FAIL: c-c++-common/torture/complex-sign-mul-one.c  -Os  execution test
FAIL: c-c++-common/torture/complex-sign-mul.c  -O0  execution test
FAIL: c-c++-common/torture/complex-sign-mul.c  -O1  execution test
FAIL: c-c++-common/torture/complex-sign-mul.c  -O2  execution test
FAIL: c-c++-common/torture/complex-sign-mul.c  -O3 -fomit-frame-pointer  execution test
FAIL: c-c++-common/torture/complex-sign-mul.c  -O3 -fomit-frame-pointer -funroll-loops  execution test
FAIL: c-c++-common/torture/complex-sign-mul.c  -O3 -fomit-frame-pointer -funroll-all-loops -finline-functions  execution test
FAIL: c-c++-common/torture/complex-sign-mul.c  -O3 -g  execution test
FAIL: c-c++-common/torture/complex-sign-mul.c  -Os  execution test
FAIL: c-c++-common/torture/complex-sign-sub.c  -O0  execution test
FAIL: c-c++-common/torture/complex-sign-sub.c  -O1  execution test
FAIL: c-c++-common/torture/complex-sign-sub.c  -O2  execution test
FAIL: c-c++-common/torture/complex-sign-sub.c  -O3 -fomit-frame-pointer  execution test
FAIL: c-c++-common/torture/complex-sign-sub.c  -O3 -fomit-frame-pointer -funroll-loops  execution test
FAIL: c-c++-common/torture/complex-sign-sub.c  -O3 -fomit-frame-pointer -funroll-all-loops -finline-functions  execution test
FAIL: c-c++-common/torture/complex-sign-sub.c  -O3 -g  execution test
FAIL: c-c++-common/torture/complex-sign-sub.c  -Os  execution test
FAIL: gcc.dg/torture/builtin-cproj-1.c  -O0  (test for excess errors)
FAIL: gcc.dg/torture/builtin-cproj-1.c  -O1  (test for excess errors)
FAIL: gcc.dg/torture/builtin-cproj-1.c  -O2  (test for excess errors)
FAIL: gcc.dg/torture/builtin-cproj-1.c  -O3 -fomit-frame-pointer  (test for excess errors)
FAIL: gcc.dg/torture/builtin-cproj-1.c  -O3 -fomit-frame-pointer -funroll-loops  (test for excess errors)
FAIL: gcc.dg/torture/builtin-cproj-1.c  -O3 -fomit-frame-pointer -funroll-all-loops -finline-functions  (test for excess errors)
FAIL: gcc.dg/torture/builtin-cproj-1.c  -O3 -g  (test for excess errors)
FAIL: gcc.dg/torture/builtin-cproj-1.c  -Os  (test for excess errors)
FAIL: gcc.dg/tree-prof/bb-reorg.c compilation,  -fprofile-generate -D_PROFILE_GENERATE
UNRESOLVED: gcc.dg/tree-prof/bb-reorg.c execution,    -fprofile-generate -D_PROFILE_GENERATE
UNRESOLVED: gcc.dg/tree-prof/bb-reorg.c compilation,  -fprofile-use -D_PROFILE_USE
UNRESOLVED: gcc.dg/tree-prof/bb-reorg.c execution,    -fprofile-use -D_PROFILE_USE
FAIL: gcc.dg/tree-prof/ic-misattribution-1.c compilation,  -fprofile-generate -D_PROFILE_GENERATE
UNRESOLVED: gcc.dg/tree-prof/ic-misattribution-1.c execution,    -fprofile-generate -D_PROFILE_GENERATE
UNRESOLVED: gcc.dg/tree-prof/ic-misattribution-1.c compilation,  -fprofile-use -D_PROFILE_USE
UNRESOLVED: gcc.dg/tree-prof/ic-misattribution-1.c execution,    -fprofile-use -D_PROFILE_USE
FAIL: gcc.dg/tree-prof/ic-misattribution-1a.c compilation,  -fprofile-generate -D_PROFILE_GENERATE
UNRESOLVED: gcc.dg/tree-prof/ic-misattribution-1a.c execution,    -fprofile-generate -D_PROFILE_GENERATE
UNRESOLVED: gcc.dg/tree-prof/ic-misattribution-1a.c compilation,  -fprofile-use -D_PROFILE_USE
UNRESOLVED: gcc.dg/tree-prof/ic-misattribution-1a.c execution,    -fprofile-use -D_PROFILE_USE
FAIL: gcc.dg/tree-prof/indir-call-prof.c compilation,  -fprofile-generate -D_PROFILE_GENERATE
UNRESOLVED: gcc.dg/tree-prof/indir-call-prof.c execution,    -fprofile-generate -D_PROFILE_GENERATE
UNRESOLVED: gcc.dg/tree-prof/indir-call-prof.c compilation,  -fprofile-use -D_PROFILE_USE
UNRESOLVED: gcc.dg/tree-prof/indir-call-prof.c execution,    -fprofile-use -D_PROFILE_USE
FAIL: gcc.dg/tree-prof/inliner-1.c compilation,  -fprofile-generate -D_PROFILE_GENERATE
UNRESOLVED: gcc.dg/tree-prof/inliner-1.c execution,    -fprofile-generate -D_PROFILE_GENERATE
UNRESOLVED: gcc.dg/tree-prof/inliner-1.c compilation,  -fprofile-use -D_PROFILE_USE
UNRESOLVED: gcc.dg/tree-prof/inliner-1.c execution,    -fprofile-use -D_PROFILE_USE
FAIL: gcc.dg/tree-prof/pr34999.c compilation,  -fprofile-generate -D_PROFILE_GENERATE
UNRESOLVED: gcc.dg/tree-prof/pr34999.c execution,    -fprofile-generate -D_PROFILE_GENERATE
UNRESOLVED: gcc.dg/tree-prof/pr34999.c compilation,  -fprofile-use -D_PROFILE_USE
UNRESOLVED: gcc.dg/tree-prof/pr34999.c execution,    -fprofile-use -D_PROFILE_USE
FAIL: gcc.dg/tree-prof/stringop-1.c compilation,  -fprofile-generate -D_PROFILE_GENERATE
UNRESOLVED: gcc.dg/tree-prof/stringop-1.c execution,    -fprofile-generate -D_PROFILE_GENERATE
UNRESOLVED: gcc.dg/tree-prof/stringop-1.c compilation,  -fprofile-use -D_PROFILE_USE
UNRESOLVED: gcc.dg/tree-prof/stringop-1.c execution,    -fprofile-use -D_PROFILE_USE
FAIL: gcc.dg/tree-prof/stringop-2.c compilation,  -fprofile-generate -D_PROFILE_GENERATE
UNRESOLVED: gcc.dg/tree-prof/stringop-2.c execution,    -fprofile-generate -D_PROFILE_GENERATE
UNRESOLVED: gcc.dg/tree-prof/stringop-2.c compilation,  -fprofile-use -D_PROFILE_USE
UNRESOLVED: gcc.dg/tree-prof/stringop-2.c execution,    -fprofile-use -D_PROFILE_USE
FAIL: gcc.dg/tree-prof/tracer-1.c compilation,  -fprofile-generate -D_PROFILE_GENERATE
UNRESOLVED: gcc.dg/tree-prof/tracer-1.c execution,    -fprofile-generate -D_PROFILE_GENERATE
UNRESOLVED: gcc.dg/tree-prof/tracer-1.c compilation,  -fprofile-use -D_PROFILE_USE
UNRESOLVED: gcc.dg/tree-prof/tracer-1.c execution,    -fprofile-use -D_PROFILE_USE
FAIL: gcc.dg/tree-prof/update-cunroll-2.c compilation,  -fprofile-generate -D_PROFILE_GENERATE
UNRESOLVED: gcc.dg/tree-prof/update-cunroll-2.c execution,    -fprofile-generate -D_PROFILE_GENERATE
UNRESOLVED: gcc.dg/tree-prof/update-cunroll-2.c compilation,  -fprofile-use -D_PROFILE_USE
UNRESOLVED: gcc.dg/tree-prof/update-cunroll-2.c execution,    -fprofile-use -D_PROFILE_USE
FAIL: gcc.dg/tree-prof/update-loopch.c compilation,  -fprofile-generate -D_PROFILE_GENERATE
UNRESOLVED: gcc.dg/tree-prof/update-loopch.c execution,    -fprofile-generate -D_PROFILE_GENERATE
UNRESOLVED: gcc.dg/tree-prof/update-loopch.c compilation,  -fprofile-use -D_PROFILE_USE
UNRESOLVED: gcc.dg/tree-prof/update-loopch.c execution,    -fprofile-use -D_PROFILE_USE
FAIL: gcc.dg/tree-prof/update-tailcall.c compilation,  -fprofile-generate -D_PROFILE_GENERATE
UNRESOLVED: gcc.dg/tree-prof/update-tailcall.c execution,    -fprofile-generate -D_PROFILE_GENERATE
UNRESOLVED: gcc.dg/tree-prof/update-tailcall.c compilation,  -fprofile-use -D_PROFILE_USE
UNRESOLVED: gcc.dg/tree-prof/update-tailcall.c execution,    -fprofile-use -D_PROFILE_USE
FAIL: gcc.dg/tree-prof/val-prof-1.c compilation,  -fprofile-generate -D_PROFILE_GENERATE
UNRESOLVED: gcc.dg/tree-prof/val-prof-1.c execution,    -fprofile-generate -D_PROFILE_GENERATE
UNRESOLVED: gcc.dg/tree-prof/val-prof-1.c compilation,  -fprofile-use -D_PROFILE_USE
UNRESOLVED: gcc.dg/tree-prof/val-prof-1.c execution,    -fprofile-use -D_PROFILE_USE
FAIL: gcc.dg/tree-prof/val-prof-2.c compilation,  -fprofile-generate -D_PROFILE_GENERATE
UNRESOLVED: gcc.dg/tree-prof/val-prof-2.c execution,    -fprofile-generate -D_PROFILE_GENERATE
UNRESOLVED: gcc.dg/tree-prof/val-prof-2.c compilation,  -fprofile-use -D_PROFILE_USE
UNRESOLVED: gcc.dg/tree-prof/val-prof-2.c execution,    -fprofile-use -D_PROFILE_USE
FAIL: gcc.dg/tree-prof/val-prof-3.c compilation,  -fprofile-generate -D_PROFILE_GENERATE
UNRESOLVED: gcc.dg/tree-prof/val-prof-3.c execution,    -fprofile-generate -D_PROFILE_GENERATE
UNRESOLVED: gcc.dg/tree-prof/val-prof-3.c compilation,  -fprofile-use -D_PROFILE_USE
UNRESOLVED: gcc.dg/tree-prof/val-prof-3.c execution,    -fprofile-use -D_PROFILE_USE
FAIL: gcc.dg/tree-prof/val-prof-4.c compilation,  -fprofile-generate -D_PROFILE_GENERATE
UNRESOLVED: gcc.dg/tree-prof/val-prof-4.c execution,    -fprofile-generate -D_PROFILE_GENERATE
UNRESOLVED: gcc.dg/tree-prof/val-prof-4.c compilation,  -fprofile-use -D_PROFILE_USE
UNRESOLVED: gcc.dg/tree-prof/val-prof-4.c execution,    -fprofile-use -D_PROFILE_USE
FAIL: gcc.dg/tree-prof/val-prof-5.c compilation,  -fprofile-generate -D_PROFILE_GENERATE
UNRESOLVED: gcc.dg/tree-prof/val-prof-5.c execution,    -fprofile-generate -D_PROFILE_GENERATE
UNRESOLVED: gcc.dg/tree-prof/val-prof-5.c compilation,  -fprofile-use -D_PROFILE_USE
UNRESOLVED: gcc.dg/tree-prof/val-prof-5.c execution,    -fprofile-use -D_PROFILE_USE
FAIL: gcc.dg/tree-prof/val-prof-6.c compilation,  -fprofile-generate -D_PROFILE_GENERATE
UNRESOLVED: gcc.dg/tree-prof/val-prof-6.c execution,    -fprofile-generate -D_PROFILE_GENERATE
UNRESOLVED: gcc.dg/tree-prof/val-prof-6.c compilation,  -fprofile-use -D_PROFILE_USE
UNRESOLVED: gcc.dg/tree-prof/val-prof-6.c execution,    -fprofile-use -D_PROFILE_USE
FAIL: gcc.dg/tree-prof/wcoverage-mismatch.c compilation,  -fprofile-generate -D_PROFILE_GENERATE
UNRESOLVED: gcc.dg/tree-prof/wcoverage-mismatch.c execution,    -fprofile-generate -D_PROFILE_GENERATE
UNRESOLVED: gcc.dg/tree-prof/wcoverage-mismatch.c compilation,  -fprofile-use -D_PROFILE_USE
UNRESOLVED: gcc.dg/tree-prof/wcoverage-mismatch.c execution,    -fprofile-use -D_PROFILE_USE
FAIL: gcc.dg/tree-ssa/loop-11.c scan-tree-dump-times optimized "if " 0
FAIL: gcc.dg/tree-ssa/loop-36.c scan-tree-dump-not dce2 "c.array"
FAIL: gcc.dg/tree-ssa/loop-37.c (test for excess errors)
FAIL: gcc.dg/tree-ssa/loop-37.c scan-tree-dump-not optimized "my_array"
FAIL: gcc.dg/tree-ssa/pr21829.c scan-tree-dump-not optimized "if \\("
FAIL: gcc.dg/vect/pr35821-spu.c scan-tree-dump-times vect "vectorized 1 loops" 1
FAIL: gcc.dg/vect/slp-perm-5.c scan-tree-dump-times vect "vectorized 1 loops" 1
FAIL: gcc.dg/vect/slp-perm-6.c scan-tree-dump-times vect "vectorized 1 loops" 1
FAIL: gcc.misc-tests/bprob-1.c execution: file bprob-1.gcda does not exist,  -fprofile-arcs
UNRESOLVED: gcc.misc-tests/bprob-1.c compilation,  -fprofile-use
UNRESOLVED: gcc.misc-tests/bprob-1.c execution,    -fprofile-use
FAIL: gcc.misc-tests/bprob-2.c execution: file bprob-2.gcda does not exist,  -fprofile-arcs
UNRESOLVED: gcc.misc-tests/bprob-2.c compilation,  -fprofile-use
UNRESOLVED: gcc.misc-tests/bprob-2.c execution,    -fprofile-use

		=== gcc Summary ===

# of expected passes		54614
# of unexpected failures	154
# of expected failures		169
# of unresolved testcases	101
# of unsupported tests		773
/home/kwerner/dailybuild/spu-tc-2010-05-03/gcc-build/gcc/xgcc  version 4.6.0 20100503 (experimental) (GCC) 

		=== gfortran tests ===


Running target cell-native
FAIL: gfortran.dg/array_constructor_11.f90  -O3 -g  (internal compiler error)
FAIL: gfortran.dg/array_constructor_11.f90  -O3 -g  (test for excess errors)
WARNING: gfortran.dg/array_constructor_11.f90  -O3 -g  compilation failed to produce executable
FAIL: gfortran.dg/complex_intrinsic_5.f90  -O0  execution test
FAIL: gfortran.dg/complex_intrinsic_5.f90  -O1  execution test
FAIL: gfortran.dg/complex_intrinsic_5.f90  -O2  execution test
FAIL: gfortran.dg/complex_intrinsic_5.f90  -O3 -fomit-frame-pointer  execution test
FAIL: gfortran.dg/complex_intrinsic_5.f90  -O3 -fomit-frame-pointer -funroll-loops  execution test
FAIL: gfortran.dg/complex_intrinsic_5.f90  -O3 -fomit-frame-pointer -funroll-all-loops -finline-functions  execution test
FAIL: gfortran.dg/complex_intrinsic_5.f90  -O3 -g  execution test
FAIL: gfortran.dg/complex_intrinsic_5.f90  -Os  execution test
FAIL: gfortran.dg/erf_2.F90  -O0  execution test
FAIL: gfortran.dg/sum_init_expr.f03  -O  execution test

		=== gfortran Summary ===

# of expected passes		32944
# of unexpected failures	12
# of expected failures		57
# of unsupported tests		437
/home/kwerner/dailybuild/spu-tc-2010-05-03/gcc-build/gcc/testsuite/gfortran/../../gfortran  version 4.6.0 20100503 (experimental) (GCC) 

		=== g++ tests ===


Running target cell-native
FAIL: g++.dg/bprob/g++-bprob-1.C execution: file g++-bprob-1.gcda does not exist,  -g  -fprofile-arcs
UNRESOLVED: g++.dg/bprob/g++-bprob-1.C compilation,  -g  -fprofile-use
UNRESOLVED: g++.dg/bprob/g++-bprob-1.C execution,    -g  -fprofile-use
FAIL: g++.dg/bprob/g++-bprob-1.C execution: file g++-bprob-1.gcda does not exist,  -O0  -fprofile-arcs
UNRESOLVED: g++.dg/bprob/g++-bprob-1.C compilation,  -O0  -fprofile-use
UNRESOLVED: g++.dg/bprob/g++-bprob-1.C execution,    -O0  -fprofile-use
FAIL: g++.dg/bprob/g++-bprob-1.C execution: file g++-bprob-1.gcda does not exist,  -O1  -fprofile-arcs
UNRESOLVED: g++.dg/bprob/g++-bprob-1.C compilation,  -O1  -fprofile-use
UNRESOLVED: g++.dg/bprob/g++-bprob-1.C execution,    -O1  -fprofile-use
FAIL: g++.dg/bprob/g++-bprob-1.C execution: file g++-bprob-1.gcda does not exist,  -O2  -fprofile-arcs
UNRESOLVED: g++.dg/bprob/g++-bprob-1.C compilation,  -O2  -fprofile-use
UNRESOLVED: g++.dg/bprob/g++-bprob-1.C execution,    -O2  -fprofile-use
FAIL: g++.dg/bprob/g++-bprob-1.C execution: file g++-bprob-1.gcda does not exist,  -O3  -fprofile-arcs
UNRESOLVED: g++.dg/bprob/g++-bprob-1.C compilation,  -O3  -fprofile-use
UNRESOLVED: g++.dg/bprob/g++-bprob-1.C execution,    -O3  -fprofile-use
FAIL: g++.dg/bprob/g++-bprob-1.C execution: file g++-bprob-1.gcda does not exist,  -O3 -g  -fprofile-arcs
UNRESOLVED: g++.dg/bprob/g++-bprob-1.C compilation,  -O3 -g  -fprofile-use
UNRESOLVED: g++.dg/bprob/g++-bprob-1.C execution,    -O3 -g  -fprofile-use
FAIL: g++.dg/bprob/g++-bprob-1.C execution: file g++-bprob-1.gcda does not exist,  -Os  -fprofile-arcs
UNRESOLVED: g++.dg/bprob/g++-bprob-1.C compilation,  -Os  -fprofile-use
UNRESOLVED: g++.dg/bprob/g++-bprob-1.C execution,    -Os  -fprofile-use
FAIL: g++.dg/bprob/g++-bprob-2.C execution: file g++-bprob-2.gcda does not exist,  -g  -fprofile-arcs
UNRESOLVED: g++.dg/bprob/g++-bprob-2.C compilation,  -g  -fprofile-use
UNRESOLVED: g++.dg/bprob/g++-bprob-2.C execution,    -g  -fprofile-use
FAIL: g++.dg/bprob/g++-bprob-2.C execution: file g++-bprob-2.gcda does not exist,  -O0  -fprofile-arcs
UNRESOLVED: g++.dg/bprob/g++-bprob-2.C compilation,  -O0  -fprofile-use
UNRESOLVED: g++.dg/bprob/g++-bprob-2.C execution,    -O0  -fprofile-use
FAIL: g++.dg/bprob/g++-bprob-2.C execution: file g++-bprob-2.gcda does not exist,  -O1  -fprofile-arcs
UNRESOLVED: g++.dg/bprob/g++-bprob-2.C compilation,  -O1  -fprofile-use
UNRESOLVED: g++.dg/bprob/g++-bprob-2.C execution,    -O1  -fprofile-use
FAIL: g++.dg/bprob/g++-bprob-2.C execution: file g++-bprob-2.gcda does not exist,  -O2  -fprofile-arcs
UNRESOLVED: g++.dg/bprob/g++-bprob-2.C compilation,  -O2  -fprofile-use
UNRESOLVED: g++.dg/bprob/g++-bprob-2.C execution,    -O2  -fprofile-use
FAIL: g++.dg/bprob/g++-bprob-2.C execution: file g++-bprob-2.gcda does not exist,  -O3  -fprofile-arcs
UNRESOLVED: g++.dg/bprob/g++-bprob-2.C compilation,  -O3  -fprofile-use
UNRESOLVED: g++.dg/bprob/g++-bprob-2.C execution,    -O3  -fprofile-use
FAIL: g++.dg/bprob/g++-bprob-2.C execution: file g++-bprob-2.gcda does not exist,  -O3 -g  -fprofile-arcs
UNRESOLVED: g++.dg/bprob/g++-bprob-2.C compilation,  -O3 -g  -fprofile-use
UNRESOLVED: g++.dg/bprob/g++-bprob-2.C execution,    -O3 -g  -fprofile-use
FAIL: g++.dg/bprob/g++-bprob-2.C execution: file g++-bprob-2.gcda does not exist,  -Os  -fprofile-arcs
UNRESOLVED: g++.dg/bprob/g++-bprob-2.C compilation,  -Os  -fprofile-use
UNRESOLVED: g++.dg/bprob/g++-bprob-2.C execution,    -Os  -fprofile-use
FAIL: g++.dg/abi/packed1.C (test for excess errors)
FAIL: g++.dg/opt/longbranch1.C (test for excess errors)
FAIL: g++.dg/other/pr42645-1.C (test for excess errors)
FAIL: g++.dg/other/pr42685.C (test for excess errors)
FAIL: c-c++-common/torture/complex-sign-add.c  -O0  execution test
FAIL: c-c++-common/torture/complex-sign-add.c  -O1  execution test
FAIL: c-c++-common/torture/complex-sign-add.c  -O2  execution test
FAIL: c-c++-common/torture/complex-sign-add.c  -O3 -fomit-frame-pointer  execution test
FAIL: c-c++-common/torture/complex-sign-add.c  -O3 -fomit-frame-pointer -funroll-loops  execution test
FAIL: c-c++-common/torture/complex-sign-add.c  -O3 -fomit-frame-pointer -funroll-all-loops -finline-functions  execution test
FAIL: c-c++-common/torture/complex-sign-add.c  -O3 -g  execution test
FAIL: c-c++-common/torture/complex-sign-add.c  -Os  execution test
FAIL: c-c++-common/torture/complex-sign-mixed-add.c  -O0  execution test
FAIL: c-c++-common/torture/complex-sign-mixed-add.c  -O1  execution test
FAIL: c-c++-common/torture/complex-sign-mixed-add.c  -O2  execution test
FAIL: c-c++-common/torture/complex-sign-mixed-add.c  -O3 -fomit-frame-pointer  execution test
FAIL: c-c++-common/torture/complex-sign-mixed-add.c  -O3 -fomit-frame-pointer -funroll-loops  execution test
FAIL: c-c++-common/torture/complex-sign-mixed-add.c  -O3 -fomit-frame-pointer -funroll-all-loops -finline-functions  execution test
FAIL: c-c++-common/torture/complex-sign-mixed-add.c  -O3 -g  execution test
FAIL: c-c++-common/torture/complex-sign-mixed-add.c  -Os  execution test
FAIL: c-c++-common/torture/complex-sign-mixed-div.c  -O0  execution test
FAIL: c-c++-common/torture/complex-sign-mixed-div.c  -O1  execution test
FAIL: c-c++-common/torture/complex-sign-mixed-div.c  -O2  execution test
FAIL: c-c++-common/torture/complex-sign-mixed-div.c  -O3 -fomit-frame-pointer  execution test
FAIL: c-c++-common/torture/complex-sign-mixed-div.c  -O3 -fomit-frame-pointer -funroll-loops  execution test
FAIL: c-c++-common/torture/complex-sign-mixed-div.c  -O3 -fomit-frame-pointer -funroll-all-loops -finline-functions  execution test
FAIL: c-c++-common/torture/complex-sign-mixed-div.c  -O3 -g  execution test
FAIL: c-c++-common/torture/complex-sign-mixed-div.c  -Os  execution test
FAIL: c-c++-common/torture/complex-sign-mixed-mul.c  -O0  execution test
FAIL: c-c++-common/torture/complex-sign-mixed-mul.c  -O1  execution test
FAIL: c-c++-common/torture/complex-sign-mixed-mul.c  -O2  execution test
FAIL: c-c++-common/torture/complex-sign-mixed-mul.c  -O3 -fomit-frame-pointer  execution test
FAIL: c-c++-common/torture/complex-sign-mixed-mul.c  -O3 -fomit-frame-pointer -funroll-loops  execution test
FAIL: c-c++-common/torture/complex-sign-mixed-mul.c  -O3 -fomit-frame-pointer -funroll-all-loops -finline-functions  execution test
FAIL: c-c++-common/torture/complex-sign-mixed-mul.c  -O3 -g  execution test
FAIL: c-c++-common/torture/complex-sign-mixed-mul.c  -Os  execution test
FAIL: c-c++-common/torture/complex-sign-mixed-sub.c  -O0  execution test
FAIL: c-c++-common/torture/complex-sign-mixed-sub.c  -O1  execution test
FAIL: c-c++-common/torture/complex-sign-mixed-sub.c  -O2  execution test
FAIL: c-c++-common/torture/complex-sign-mixed-sub.c  -O3 -fomit-frame-pointer  execution test
FAIL: c-c++-common/torture/complex-sign-mixed-sub.c  -O3 -fomit-frame-pointer -funroll-loops  execution test
FAIL: c-c++-common/torture/complex-sign-mixed-sub.c  -O3 -fomit-frame-pointer -funroll-all-loops -finline-functions  execution test
FAIL: c-c++-common/torture/complex-sign-mixed-sub.c  -O3 -g  execution test
FAIL: c-c++-common/torture/complex-sign-mixed-sub.c  -Os  execution test
FAIL: c-c++-common/torture/complex-sign-mul-minus-one.c  -O0  execution test
FAIL: c-c++-common/torture/complex-sign-mul-minus-one.c  -O1  execution test
FAIL: c-c++-common/torture/complex-sign-mul-minus-one.c  -O2  execution test
FAIL: c-c++-common/torture/complex-sign-mul-minus-one.c  -O3 -fomit-frame-pointer  execution test
FAIL: c-c++-common/torture/complex-sign-mul-minus-one.c  -O3 -fomit-frame-pointer -funroll-loops  execution test
FAIL: c-c++-common/torture/complex-sign-mul-minus-one.c  -O3 -fomit-frame-pointer -funroll-all-loops -finline-functions  execution test
FAIL: c-c++-common/torture/complex-sign-mul-minus-one.c  -O3 -g  execution test
FAIL: c-c++-common/torture/complex-sign-mul-minus-one.c  -Os  execution test
FAIL: c-c++-common/torture/complex-sign-mul-one.c  -O0  execution test
FAIL: c-c++-common/torture/complex-sign-mul-one.c  -O1  execution test
FAIL: c-c++-common/torture/complex-sign-mul-one.c  -O2  execution test
FAIL: c-c++-common/torture/complex-sign-mul-one.c  -O3 -fomit-frame-pointer  execution test
FAIL: c-c++-common/torture/complex-sign-mul-one.c  -O3 -fomit-frame-pointer -funroll-loops  execution test
FAIL: c-c++-common/torture/complex-sign-mul-one.c  -O3 -fomit-frame-pointer -funroll-all-loops -finline-functions  execution test
FAIL: c-c++-common/torture/complex-sign-mul-one.c  -O3 -g  execution test
FAIL: c-c++-common/torture/complex-sign-mul-one.c  -Os  execution test
FAIL: c-c++-common/torture/complex-sign-mul.c  -O0  execution test
FAIL: c-c++-common/torture/complex-sign-mul.c  -O1  execution test
FAIL: c-c++-common/torture/complex-sign-mul.c  -O2  execution test
FAIL: c-c++-common/torture/complex-sign-mul.c  -O3 -fomit-frame-pointer  execution test
FAIL: c-c++-common/torture/complex-sign-mul.c  -O3 -fomit-frame-pointer -funroll-loops  execution test
FAIL: c-c++-common/torture/complex-sign-mul.c  -O3 -fomit-frame-pointer -funroll-all-loops -finline-functions  execution test
FAIL: c-c++-common/torture/complex-sign-mul.c  -O3 -g  execution test
FAIL: c-c++-common/torture/complex-sign-mul.c  -Os  execution test
FAIL: c-c++-common/torture/complex-sign-sub.c  -O0  execution test
FAIL: c-c++-common/torture/complex-sign-sub.c  -O1  execution test
FAIL: c-c++-common/torture/complex-sign-sub.c  -O2  execution test
FAIL: c-c++-common/torture/complex-sign-sub.c  -O3 -fomit-frame-pointer  execution test
FAIL: c-c++-common/torture/complex-sign-sub.c  -O3 -fomit-frame-pointer -funroll-loops  execution test
FAIL: c-c++-common/torture/complex-sign-sub.c  -O3 -fomit-frame-pointer -funroll-all-loops -finline-functions  execution test
FAIL: c-c++-common/torture/complex-sign-sub.c  -O3 -g  execution test
FAIL: c-c++-common/torture/complex-sign-sub.c  -Os  execution test
FAIL: g++.dg/tree-prof/indir-call-prof.C compilation,  -g  -fprofile-generate
UNRESOLVED: g++.dg/tree-prof/indir-call-prof.C execution,    -g  -fprofile-generate
UNRESOLVED: g++.dg/tree-prof/indir-call-prof.C compilation,  -g  -fprofile-use
UNRESOLVED: g++.dg/tree-prof/indir-call-prof.C execution,    -g  -fprofile-use
FAIL: g++.dg/tree-prof/indir-call-prof.C compilation,  -O0  -fprofile-generate
UNRESOLVED: g++.dg/tree-prof/indir-call-prof.C execution,    -O0  -fprofile-generate
UNRESOLVED: g++.dg/tree-prof/indir-call-prof.C compilation,  -O0  -fprofile-use
UNRESOLVED: g++.dg/tree-prof/indir-call-prof.C execution,    -O0  -fprofile-use
FAIL: g++.dg/tree-prof/indir-call-prof.C compilation,  -O1  -fprofile-generate
UNRESOLVED: g++.dg/tree-prof/indir-call-prof.C execution,    -O1  -fprofile-generate
UNRESOLVED: g++.dg/tree-prof/indir-call-prof.C compilation,  -O1  -fprofile-use
UNRESOLVED: g++.dg/tree-prof/indir-call-prof.C execution,    -O1  -fprofile-use
FAIL: g++.dg/tree-prof/indir-call-prof.C compilation,  -O2  -fprofile-generate
UNRESOLVED: g++.dg/tree-prof/indir-call-prof.C execution,    -O2  -fprofile-generate
UNRESOLVED: g++.dg/tree-prof/indir-call-prof.C compilation,  -O2  -fprofile-use
UNRESOLVED: g++.dg/tree-prof/indir-call-prof.C execution,    -O2  -fprofile-use
FAIL: g++.dg/tree-prof/indir-call-prof.C compilation,  -O3  -fprofile-generate
UNRESOLVED: g++.dg/tree-prof/indir-call-prof.C execution,    -O3  -fprofile-generate
UNRESOLVED: g++.dg/tree-prof/indir-call-prof.C compilation,  -O3  -fprofile-use
UNRESOLVED: g++.dg/tree-prof/indir-call-prof.C execution,    -O3  -fprofile-use
FAIL: g++.dg/tree-prof/indir-call-prof.C compilation,  -O3 -g  -fprofile-generate
UNRESOLVED: g++.dg/tree-prof/indir-call-prof.C execution,    -O3 -g  -fprofile-generate
UNRESOLVED: g++.dg/tree-prof/indir-call-prof.C compilation,  -O3 -g  -fprofile-use
UNRESOLVED: g++.dg/tree-prof/indir-call-prof.C execution,    -O3 -g  -fprofile-use
FAIL: g++.dg/tree-prof/indir-call-prof.C compilation,  -Os  -fprofile-generate
UNRESOLVED: g++.dg/tree-prof/indir-call-prof.C execution,    -Os  -fprofile-generate
UNRESOLVED: g++.dg/tree-prof/indir-call-prof.C compilation,  -Os  -fprofile-use
UNRESOLVED: g++.dg/tree-prof/indir-call-prof.C execution,    -Os  -fprofile-use
FAIL: g++.dg/tree-prof/inline_mismatch_args.C compilation,  -g  -fprofile-generate
UNRESOLVED: g++.dg/tree-prof/inline_mismatch_args.C execution,    -g  -fprofile-generate
UNRESOLVED: g++.dg/tree-prof/inline_mismatch_args.C compilation,  -g  -fprofile-use
UNRESOLVED: g++.dg/tree-prof/inline_mismatch_args.C execution,    -g  -fprofile-use
FAIL: g++.dg/tree-prof/inline_mismatch_args.C compilation,  -O0  -fprofile-generate
UNRESOLVED: g++.dg/tree-prof/inline_mismatch_args.C execution,    -O0  -fprofile-generate
UNRESOLVED: g++.dg/tree-prof/inline_mismatch_args.C compilation,  -O0  -fprofile-use
UNRESOLVED: g++.dg/tree-prof/inline_mismatch_args.C execution,    -O0  -fprofile-use
FAIL: g++.dg/tree-prof/inline_mismatch_args.C compilation,  -O1  -fprofile-generate
UNRESOLVED: g++.dg/tree-prof/inline_mismatch_args.C execution,    -O1  -fprofile-generate
UNRESOLVED: g++.dg/tree-prof/inline_mismatch_args.C compilation,  -O1  -fprofile-use
UNRESOLVED: g++.dg/tree-prof/inline_mismatch_args.C execution,    -O1  -fprofile-use
FAIL: g++.dg/tree-prof/inline_mismatch_args.C compilation,  -O2  -fprofile-generate
UNRESOLVED: g++.dg/tree-prof/inline_mismatch_args.C execution,    -O2  -fprofile-generate
UNRESOLVED: g++.dg/tree-prof/inline_mismatch_args.C compilation,  -O2  -fprofile-use
UNRESOLVED: g++.dg/tree-prof/inline_mismatch_args.C execution,    -O2  -fprofile-use
FAIL: g++.dg/tree-prof/inline_mismatch_args.C compilation,  -O3  -fprofile-generate
UNRESOLVED: g++.dg/tree-prof/inline_mismatch_args.C execution,    -O3  -fprofile-generate
UNRESOLVED: g++.dg/tree-prof/inline_mismatch_args.C compilation,  -O3  -fprofile-use
UNRESOLVED: g++.dg/tree-prof/inline_mismatch_args.C execution,    -O3  -fprofile-use
FAIL: g++.dg/tree-prof/inline_mismatch_args.C compilation,  -O3 -g  -fprofile-generate
UNRESOLVED: g++.dg/tree-prof/inline_mismatch_args.C execution,    -O3 -g  -fprofile-generate
UNRESOLVED: g++.dg/tree-prof/inline_mismatch_args.C compilation,  -O3 -g  -fprofile-use
UNRESOLVED: g++.dg/tree-prof/inline_mismatch_args.C execution,    -O3 -g  -fprofile-use
FAIL: g++.dg/tree-prof/inline_mismatch_args.C compilation,  -Os  -fprofile-generate
UNRESOLVED: g++.dg/tree-prof/inline_mismatch_args.C execution,    -Os  -fprofile-generate
UNRESOLVED: g++.dg/tree-prof/inline_mismatch_args.C compilation,  -Os  -fprofile-use
UNRESOLVED: g++.dg/tree-prof/inline_mismatch_args.C execution,    -Os  -fprofile-use
FAIL: g++.old-deja/g++.jason/thunk3.C (test for excess errors)
WARNING: g++.old-deja/g++.jason/thunk3.C compilation failed to produce executable

		=== g++ Summary ===

# of expected passes		20601
# of unexpected failures	105
# of expected failures		148
# of unresolved testcases	70
# of unsupported tests		287
/home/kwerner/dailybuild/spu-tc-2010-05-03/gcc-build/gcc/testsuite/g++/../../g++  version 4.6.0 20100503 (experimental) (GCC) 


Compiler version: 4.6.0 20100503 (experimental) (GCC) 
Platform: spu-unknown-elf
configure flags: --target=spu --disable-nls --enable-languages=c,c++,fortran --with-newlib --enable-version-specific-runtime-libs --prefix=/home/kwerner/dailybuild/spu-tc-2010-05-03/spu-toolchain

############################################################
# Binutils test suite results                              #
############################################################
Target is spu-unknown-elf
Host   is powerpc64-unknown-linux-gnu

		=== binutils tests ===


Running target unix
WARNING: Assuming target board is the local machine (which is probably wrong).

		=== binutils Summary ===

# of expected passes		69
# of unsupported tests		4
Host   is powerpc64-unknown-linux-gnu

		=== gas tests ===


Running target unix
WARNING: Assuming target board is the local machine (which is probably wrong).

		=== gas Summary ===

# of expected passes		106
Host   is powerpc64-unknown-linux-gnu

		=== ld tests ===


Running target unix
WARNING: Assuming target board is the local machine (which is probably wrong).
FAIL: ld-elf/orphan-region

		=== ld Summary ===

# of expected passes		172
# of unexpected failures	1
# of expected failures		8
# of untested testcases		1
# of unsupported tests		3

Platform: spu-unknown-elf
configure flags: --target=spu --prefix=/home/kwerner/dailybuild/spu-tc-2010-05-03/spu-toolchain

############################################################
# GDB test suite results                                   #
############################################################
Native configuration is powerpc64-unknown-linux-gnu

		=== gdb tests ===


Running target cell-native
FAIL: gdb.arch/ppc64-atomic-inst.exp: running to main in runto
ERROR: Couldn't run to breakpoint
UNRESOLVED: gdb.asm/asm-source.exp: f at main
FAIL: gdb.base/checkpoint.exp: Diff input and output one
FAIL: gdb.base/checkpoint.exp: Diff input and output two
FAIL: gdb.base/checkpoint.exp: delete copy1
ERROR: internal buffer is full.
UNRESOLVED: gdb.base/default.exp: info set
FAIL: gdb.base/default.exp: shell echo Hi dad!
ERROR: internal buffer is full.
UNRESOLVED: gdb.base/default.exp: show
FAIL: gdb.base/frame-args.exp: frame 1 with print frame-arguments set to scalars
FAIL: gdb.base/interrupt.exp: call function when asleep (wrong output)
FAIL: gdb.base/interrupt.exp: Send Control-C, second time
FAIL: gdb.base/interrupt.exp: signal SIGINT (the program is no longer running)
FAIL: gdb.base/interrupt.exp: send end of file
FAIL: gdb.base/longjmp.exp: next over longjmp(1)
FAIL: gdb.base/longjmp.exp: next over call_longjmp (2)
FAIL: gdb.base/longjmp.exp: next over patt3
FAIL: gdb.base/macscp.exp: info macro FROM_COMMANDLINE
FAIL: gdb.base/maint.exp: maint print psymbols
FAIL: gdb.base/maint.exp: maint print msymbols
FAIL: gdb.base/maint.exp: maint print msymbols
FAIL: gdb.base/maint.exp: maint print symbols
ERROR: (/home/kwerner/dailybuild/spu-tc-2010-05-03/gdb-build/gdb/testsuite/gdb.base/reread) No such file or directory
UNRESOLVED: gdb.base/reread.exp: breakpoint foo in first file (got interactive prompt) (PRMS 13484)
FAIL: gdb.base/reread.exp: run to foo() (PRMS 13484)
FAIL: gdb.base/reread.exp: run to foo() second time
ERROR: (/home/kwerner/dailybuild/spu-tc-2010-05-03/gdb-build/gdb/testsuite/gdb.base/reread) No such file or directory
UNRESOLVED: gdb.base/reread.exp: second pass: breakpoint foo in first file (got interactive prompt)
FAIL: gdb.base/reread.exp: second pass: run to foo()
FAIL: gdb.base/reread.exp: second pass: continue to completion (the program is no longer running)
FAIL: gdb.base/reread.exp: second pass: run to foo() second time
FAIL: gdb.base/shreloc.exp: (msymbol) relocated static vars have different addresses
FAIL: gdb.base/shreloc.exp: (msymbol) relocated extern vars have different addresses
FAIL: gdb.base/shreloc.exp: (msymbol) relocated functions have different addresses
FAIL: gdb.base/watch-read.exp: read watchpoint triggers when value doesn't change, trapping reads and writes
FAIL: gdb.base/watch-read.exp: only read watchpoint triggers when value doesn't change
FAIL: gdb.base/watch-vfork.exp: Watchpoint triggers after vfork (sw) (timeout)
FAIL: gdb.cp/abstract-origin.exp: p problem
FAIL: gdb.cp/cpexprs.exp: list base::overload(void)
FAIL: gdb.cp/cpexprs.exp: setting breakpoint at base::overload(void)
FAIL: gdb.cp/cpexprs.exp: continue to base::overload(void) (the program exited)
ERROR: internal buffer is full.
UNRESOLVED: gdb.cp/pr10687.exp: p a
FAIL: gdb.dwarf2/dw2-ranges.exp: info line main
FAIL: gdb.dwarf2/dw2-ranges.exp: info line func
FAIL: gdb.dwarf2/dw2-ranges.exp: info line main2
FAIL: gdb.dwarf2/dw2-ranges.exp: info line func2
FAIL: gdb.mi/mi-file-transfer.exp: put binary file
FAIL: gdb.mi/mi-file-transfer.exp: get binary file
FAIL: gdb.mi/mi-file-transfer.exp: compare intermediate binary file
FAIL: gdb.mi/mi-file-transfer.exp: compare binary file
FAIL: gdb.mi/mi-file-transfer.exp: deleted binary file
FAIL: gdb.mi/mi-nsmoribund.exp: unexpected stop
FAIL: gdb.mi/mi-var-cmd.exp: in-and-out-of-scope: in scope now
FAIL: gdb.modula2/unbounded-array.exp: print unbounded array contents
FAIL: gdb.objc/objcdecode.exp: continue after break on multiply defined symbol (GDB internal error)
FAIL: gdb.opt/inline-bt.exp: continue to bar (1)
FAIL: gdb.opt/inline-bt.exp: continue to bar (2)
FAIL: gdb.opt/inline-bt.exp: continue to bar (3)
FAIL: gdb.opt/inline-cmds.exp: continue to bar (1)
FAIL: gdb.opt/inline-cmds.exp: continue to bar (2)
FAIL: gdb.opt/inline-cmds.exp: continue to marker
FAIL: gdb.opt/inline-cmds.exp: step into finish marker
FAIL: gdb.opt/inline-cmds.exp: enter inlined_fn from noinline
FAIL: gdb.opt/inline-cmds.exp: backtrace at inlined_fn from noinline
FAIL: gdb.opt/inline-cmds.exp: inlined_fn from noinline inlined
FAIL: gdb.opt/inline-cmds.exp: up to noinline
FAIL: gdb.opt/inline-cmds.exp: noinline from outer_inline1 not inlined
FAIL: gdb.opt/inline-cmds.exp: up to outer_inline1
FAIL: gdb.opt/inline-cmds.exp: outer_inline1 inlined
FAIL: gdb.opt/inline-cmds.exp: up to outer_inline2
FAIL: gdb.opt/inline-cmds.exp: outer_inline2 inlined
FAIL: gdb.opt/inline-cmds.exp: up from outer_inline2
FAIL: gdb.opt/inline-cmds.exp: main not inlined
FAIL: gdb.opt/inline-locals.exp: continue to bar (1)
FAIL: gdb.opt/inline-locals.exp: continue to bar (2)
FAIL: gdb.opt/inline-locals.exp: continue to bar (3)
FAIL: gdb.server/ext-attach.exp: attach to remote program 1
FAIL: gdb.server/ext-attach.exp: detach
FAIL: gdb.server/ext-attach.exp: attach to remote program 2
FAIL: gdb.server/file-transfer.exp: put binary file
FAIL: gdb.server/file-transfer.exp: get binary file
FAIL: gdb.server/file-transfer.exp: compare intermediate binary file
FAIL: gdb.server/file-transfer.exp: compare binary file
FAIL: gdb.server/file-transfer.exp: deleted binary file
FAIL: gdb.server/file-transfer.exp: put text file
FAIL: gdb.server/file-transfer.exp: get text file
FAIL: gdb.server/file-transfer.exp: compare intermediate text file
FAIL: gdb.server/file-transfer.exp: compare text file
FAIL: gdb.server/file-transfer.exp: deleted text file
FAIL: gdb.server/server-mon.exp: monitor help
FAIL: gdb.server/server-mon.exp: monitor
FAIL: gdb.server/server-mon.exp: monitor set debug 1
FAIL: gdb.server/server-mon.exp: monitor set debug 0
FAIL: gdb.server/server-mon.exp: monitor set remote-debug 1
FAIL: gdb.server/server-mon.exp: monitor set remote-debug 0
FAIL: gdb.server/server-run.exp: loaded dynamic linker
FAIL: gdb.server/server-run.exp: continue to main (the program is no longer running)
FAIL: gdb.threads/local-watch-wrong-thread.exp: set local watchpoint on *myp
FAIL: gdb.threads/local-watch-wrong-thread.exp: local watchpoint triggers (timeout)
ERROR: Delete all breakpoints in delete_breakpoints (timeout)
UNRESOLVED: gdb.threads/local-watch-wrong-thread.exp: set local watchpoint on *myp, with false conditional (timeout)
FAIL: gdb.threads/local-watch-wrong-thread.exp: breakpoint on the other thread (timeout)
FAIL: gdb.threads/local-watch-wrong-thread.exp: the other thread stopped on breakpoint (timeout)
FAIL: gdb.threads/local-watch-wrong-thread.exp: delete 5 (timeout)
FAIL: gdb.threads/local-watch-wrong-thread.exp: local watchpoint is still in breakpoint list (timeout)
FAIL: gdb.threads/local-watch-wrong-thread.exp: let local watchpoint trigger (timeout)
FAIL: gdb.threads/local-watch-wrong-thread.exp: local watchpoint still triggers (timeout)
FAIL: gdb.threads/local-watch-wrong-thread.exp: let thread_function0 return (timeout)
FAIL: gdb.threads/local-watch-wrong-thread.exp: breakpoint on thread_function0's caller (timeout)
FAIL: gdb.threads/local-watch-wrong-thread.exp: local watchpoint automatically deleted (timeout)
FAIL: gdb.threads/watchthreads.exp: watch args[1]
FAIL: gdb.threads/watchthreads.exp: threaded watch loop
FAIL: gdb.threads/watchthreads.exp: first watchpoint on args[1] hit
FAIL: gdb.threads/watchthreads.exp: watchpoint on args[0] hit in thread
FAIL: gdb.threads/watchthreads.exp: watchpoint on args[1] hit in thread
FAIL: gdb.threads/watchthreads.exp: combination of threaded watchpoints = 30
FAIL: gdb.trace/tfile.exp: print constglob on trace file

		=== gdb Summary ===

# of expected passes		14905
# of unexpected failures	106
# of expected failures		46
# of known failures		56
# of unresolved testcases	7
# of untested testcases		11
# of unsupported tests		60
/home/kwerner/dailybuild/spu-tc-2010-05-03/gdb-build/gdb/testsuite/../../gdb/gdb version  7.1.50.20100503-cvs -nw -nx 


Platform: powerpc64-unknown-linux-gnu
configure flags: --enable-targets=spu --with-expat --disable-nls --disable-install-libbfd --prefix=/home/kwerner/dailybuild/spu-tc-2010-05-03/spu-toolchain


Index Nav: [Date Index] [Subject Index] [Author Index] [Thread Index]
Message Nav: [Date Prev] [Date Next] [Thread Prev] [Thread Next]