This is the mail archive of the
gcc-testresults@gcc.gnu.org
mailing list for the GCC project.
Results for 4.5.0 (GCC) testsuite on sparc-sun-solaris2.10
- From: Sean McGovern <sean at seanmcgovern dot ca>
- To: gcc-testresults at gcc dot gnu dot org
- Date: Thu, 29 Apr 2010 20:53:28 -0400 (EDT)
- Subject: Results for 4.5.0 (GCC) testsuite on sparc-sun-solaris2.10
\$ uname -a
SunOS spark 5.10 Generic_141444-09 sun4u sparc SUNW,Sun-Blade-1000
\$ cat /etc/release
Solaris 10 10/09 s10s_u8wos_08a SPARC
Copyright 2009 Sun Microsystems, Inc. All Rights Reserved.
Use is subject to license terms.
Assembled 16 September 2009
\$ /usr/local/bin/as --version
GNU assembler (GNU Binutils) 2.20.1.20100303
\$ /usr/ccs/bin/ld -V
ld: Software Generation Utilities - Solaris Link Editors: 5.10-1.497
\$ /usr/sbin/psrinfo -pv
The physical processor has 1 virtual processor (0)
UltraSPARC-III (portid 0 impl 0x14 ver 0x34 clock 750 MHz)
Bootstrapped with:
\$ /usr/sfw/bin/gcc -v
Reading specs from /usr/sfw/lib/gcc/sparc-sun-solaris2.10/3.4.3/specs
Configured with: /sfw10/builds/build/sfw10-patch/usr/src/cmd/gcc/gcc-3.4.3/configure --prefix=/usr/sfw --with-as=/usr/ccs/bin/as --without-gnu-as --with-ld=/usr/ccs/bin/ld --without-gnu-ld --enable-languages=c,c++ --enable-shared
Thread model: posix
gcc version 3.4.3 (csl-sol210-3_4-branch+sol_rpath)
LAST_UPDATED: Obtained from SVN: tags/gcc_4_5_0_release revision 158339
Native configuration is sparc-sun-solaris2.10
=== g++ tests ===
Running target unix/-m32
FAIL: g++.dg/lto/20090303 cp_lto_20090303_0.o-cp_lto_20090303_0.o execute -fwhopr
XPASS: g++.old-deja/g++.other/init19.C execution test
=== g++ Summary for unix/-m32 ===
# of expected passes 21966
# of unexpected failures 1
# of unexpected successes 1
# of expected failures 152
# of unsupported tests 218
Running target unix/-m64
FAIL: g++.dg/lto/20090303 cp_lto_20090303_0.o-cp_lto_20090303_0.o link
UNRESOLVED: g++.dg/lto/20090303 cp_lto_20090303_0.o-cp_lto_20090303_0.o execute -fwhopr
XPASS: g++.old-deja/g++.other/init19.C execution test
=== g++ Summary for unix/-m64 ===
# of expected passes 21926
# of unexpected failures 1
# of unexpected successes 1
# of expected failures 152
# of unresolved testcases 1
# of unsupported tests 219
=== g++ Summary ===
# of expected passes 43892
# of unexpected failures 2
# of unexpected successes 2
# of expected failures 304
# of unresolved testcases 1
# of unsupported tests 437
/var/opt/BUILD/gcc45-objdir/gcc/testsuite/g++/../../g++ version 4.5.0 (GCC)
=== gcc tests ===
Running target unix/-m32
FAIL: gcc.c-torture/execute/pr38819.c execution, -O2
FAIL: gcc.c-torture/execute/pr38819.c execution, -O3 -fomit-frame-pointer
FAIL: gcc.c-torture/execute/pr38819.c execution, -O3 -fomit-frame-pointer -funroll-loops
FAIL: gcc.c-torture/execute/pr38819.c execution, -O3 -fomit-frame-pointer -funroll-all-loops -finline-functions
FAIL: gcc.c-torture/execute/pr38819.c execution, -O3 -g
FAIL: gcc.c-torture/execute/pr38819.c execution, -O2 -flto
FAIL: gcc.c-torture/execute/pr38819.c execution, -O2 -fwhopr
FAIL: gcc.dg/lto/20090729 c_lto_20090729_0.o-c_lto_20090729_1.o link
UNRESOLVED: gcc.dg/lto/20090729 c_lto_20090729_0.o-c_lto_20090729_1.o execute -w
FAIL: gcc.dg/vect/pr43430-1.c scan-tree-dump-times vect "vectorized 1 loops" 1
FAIL: gcc.dg/vect/slp-multitypes-2.c execution test
=== gcc Summary for unix/-m32 ===
# of expected passes 64194
# of unexpected failures 10
# of expected failures 196
# of unresolved testcases 1
# of unsupported tests 891
Running target unix/-m64
FAIL: gcc.dg/cpp/trad/include.c (internal compiler error)
FAIL: gcc.dg/cpp/trad/include.c (test for excess errors)
FAIL: gcc.dg/lto/20090210 c_lto_20090210_0.o-c_lto_20090210_1.o link
UNRESOLVED: gcc.dg/lto/20090210 c_lto_20090210_0.o-c_lto_20090210_1.o execute -O0 -fwhopr
FAIL: gcc.dg/lto/20090210 c_lto_20090210_0.o-c_lto_20090210_1.o link
UNRESOLVED: gcc.dg/lto/20090210 c_lto_20090210_0.o-c_lto_20090210_1.o execute -O2 -fwhopr
FAIL: gcc.dg/lto/20090210 c_lto_20090210_0.o-c_lto_20090210_1.o link
UNRESOLVED: gcc.dg/lto/20090210 c_lto_20090210_0.o-c_lto_20090210_1.o execute -O0 -flto
FAIL: gcc.dg/lto/20090210 c_lto_20090210_0.o-c_lto_20090210_1.o link
UNRESOLVED: gcc.dg/lto/20090210 c_lto_20090210_0.o-c_lto_20090210_1.o execute -O2 -flto
FAIL: gcc.dg/lto/20090729 c_lto_20090729_0.o-c_lto_20090729_1.o link
UNRESOLVED: gcc.dg/lto/20090729 c_lto_20090729_0.o-c_lto_20090729_1.o execute -w
FAIL: gcc.dg/vect/pr43430-1.c scan-tree-dump-times vect "vectorized 1 loops" 1
=== gcc Summary for unix/-m64 ===
# of expected passes 64183
# of unexpected failures 8
# of expected failures 192
# of unresolved testcases 5
# of unsupported tests 897
=== gcc Summary ===
# of expected passes 128377
# of unexpected failures 18
# of expected failures 388
# of unresolved testcases 6
# of unsupported tests 1788
/var/opt/BUILD/gcc45-objdir/gcc/xgcc version 4.5.0 (GCC)
=== libgomp tests ===
Running target unix/-m32
=== libgomp Summary for unix/-m32 ===
# of expected passes 993
# of unsupported tests 9
Running target unix/-m64
=== libgomp Summary for unix/-m64 ===
# of expected passes 993
# of unsupported tests 9
=== libgomp Summary ===
# of expected passes 1986
# of unsupported tests 18
=== libstdc++ tests ===
Running target unix/-m32
FAIL: 20_util/shared_ptr/cons/unique_ptr.cc execution test
FAIL: 20_util/shared_ptr/cons/unique_ptr_deleter.cc execution test
FAIL: 20_util/shared_ptr/cons/unique_ptr_deleter_ref_1.cc execution test
FAIL: 20_util/shared_ptr/cons/unique_ptr_deleter_ref_2.cc execution test
FAIL: 20_util/shared_ptr/creation/dr925.cc execution test
XPASS: 27_io/basic_istream/extractors_arithmetic/char/12.cc execution test
XPASS: 27_io/basic_istream/extractors_arithmetic/wchar_t/12.cc execution test
FAIL: 30_threads/future/members/wait.cc (test for excess errors)
WARNING: 30_threads/future/members/wait.cc compilation failed to produce executable
FAIL: 30_threads/shared_future/members/wait.cc (test for excess errors)
WARNING: 30_threads/shared_future/members/wait.cc compilation failed to produce executable
FAIL: ext/profile/all.cc (test for excess errors)
FAIL: ext/throw_allocator/check_delete.cc execution test
FAIL: ext/throw_allocator/deallocate_local.cc execution test
=== libstdc++ Summary for unix/-m32 ===
# of expected passes 6658
# of unexpected failures 10
# of unexpected successes 2
# of expected failures 92
# of unsupported tests 444
Running target unix/-m64
FAIL: 20_util/shared_ptr/cons/unique_ptr.cc execution test
FAIL: 20_util/shared_ptr/cons/unique_ptr_deleter.cc execution test
FAIL: 20_util/shared_ptr/cons/unique_ptr_deleter_ref_1.cc execution test
FAIL: 20_util/shared_ptr/cons/unique_ptr_deleter_ref_2.cc execution test
FAIL: 20_util/shared_ptr/creation/dr925.cc execution test
XPASS: 27_io/basic_istream/extractors_arithmetic/char/12.cc execution test
XPASS: 27_io/basic_istream/extractors_arithmetic/wchar_t/12.cc execution test
FAIL: 30_threads/future/members/wait.cc (test for excess errors)
WARNING: 30_threads/future/members/wait.cc compilation failed to produce executable
FAIL: 30_threads/shared_future/members/wait.cc (test for excess errors)
WARNING: 30_threads/shared_future/members/wait.cc compilation failed to produce executable
FAIL: ext/profile/all.cc (test for excess errors)
FAIL: ext/throw_allocator/check_delete.cc execution test
FAIL: ext/throw_allocator/deallocate_local.cc execution test
=== libstdc++ Summary for unix/-m64 ===
# of expected passes 6658
# of unexpected failures 10
# of unexpected successes 2
# of expected failures 92
# of unsupported tests 444
=== libstdc++ Summary ===
# of expected passes 13316
# of unexpected failures 20
# of unexpected successes 4
# of expected failures 184
# of unsupported tests 888
Compiler version: 4.5.0 (GCC)
Platform: sparc-sun-solaris2.10
configure flags: --prefix=/usr/local/gcc4 --build=sparc-sun-solaris2.10 --with-gnu-as --with-as=/usr/local/bin/as --without-gnu-ld --with-ld=/usr/ccs/bin/ld --enable-shared --enable-multilib --enable-languages=c,c++ --enable-threads=posix --enable-checking=release --enable-bootstrap --enable-ssp --enable-libssp --enable-version-specific-runtime-libs --enable-lto --with-libelf=/local --with-system-zlib --with-included-gettext --enable-libstdcxx-allocator=mt