This is the mail archive of the
gcc-testresults@gcc.gnu.org
mailing list for the GCC project.
Results for 4.6.0 20100422 (experimental) (GCC) testsuite on i386-pc-solaris2.10
- From: Rainer Orth <ro at CeBiTec dot Uni-Bielefeld dot DE>
- To: gcc-testresults at gcc dot gnu dot org
- Date: Wed, 28 Apr 2010 18:01:17 +0200 (MEST)
- Subject: Results for 4.6.0 20100422 (experimental) (GCC) testsuite on i386-pc-solaris2.10
=== acats tests ===
=== acats Summary ===
# of expected passes 2321
# of unexpected failures 0
Native configuration is i386-pc-solaris2.10
=== g++ tests ===
Running target unix
XPASS: g++.old-deja/g++.oliva/dwarf2.C (test for excess errors)
XPASS: g++.old-deja/g++.oliva/dwarf3.C (test for excess errors)
XPASS: g++.old-deja/g++.other/init19.C execution test
=== g++ Summary for unix ===
# of expected passes 22852
# of unexpected successes 3
# of expected failures 152
# of unsupported tests 164
Running target unix/-m64
FAIL: g++.dg/tls/static-1.C execution test
XPASS: g++.old-deja/g++.oliva/dwarf2.C (test for excess errors)
XPASS: g++.old-deja/g++.oliva/dwarf3.C (test for excess errors)
XPASS: g++.old-deja/g++.other/init19.C execution test
=== g++ Summary for unix/-m64 ===
# of expected passes 22439
# of unexpected failures 1
# of unexpected successes 3
# of expected failures 152
# of unsupported tests 363
=== g++ Summary ===
# of expected passes 45291
# of unexpected failures 1
# of unexpected successes 6
# of expected failures 304
# of unsupported tests 527
/vol/gcc/obj/regression/trunk/10-gcc/build/gcc/testsuite/g++/../../g++ version 4.6.0 20100422 (experimental) (GCC)
=== gcc tests ===
Running target unix
FAIL: gcc.c-torture/compile/limits-exprparen.c -O0 (test for excess errors)
FAIL: gcc.c-torture/compile/limits-exprparen.c -O1 (test for excess errors)
FAIL: gcc.c-torture/compile/limits-exprparen.c -O2 (test for excess errors)
FAIL: gcc.c-torture/compile/limits-exprparen.c -O3 -fomit-frame-pointer (test for excess errors)
FAIL: gcc.c-torture/compile/limits-exprparen.c -O3 -g (test for excess errors)
FAIL: gcc.c-torture/compile/limits-exprparen.c -Os (test for excess errors)
FAIL: gcc.c-torture/compile/limits-exprparen.c -O2 -flto (test for excess errors)
FAIL: gcc.c-torture/compile/limits-exprparen.c -O2 -fwhopr (test for excess errors)
FAIL: gcc.dg/pr34668-1.c (internal compiler error)
FAIL: gcc.dg/pr34668-1.c (test for excess errors)
FAIL: gcc.dg/lto/20081201-2 c_lto_20081201-2_0.o-c_lto_20081201-2_1.o execute -O3 -fwhopr
FAIL: gcc.dg/lto/20090729 c_lto_20090729_0.o-c_lto_20090729_1.o link
UNRESOLVED: gcc.dg/lto/20090729 c_lto_20090729_0.o-c_lto_20090729_1.o execute -w
FAIL: largefile.c -O0 -g -I. (test for excess errors)
FAIL: gcc.dg/pch/largefile.c -O0 -g assembly comparison
FAIL: largefile.c -O0 -I. (test for excess errors)
FAIL: gcc.dg/pch/largefile.c -O0 assembly comparison
FAIL: largefile.c -O1 -I. (test for excess errors)
FAIL: gcc.dg/pch/largefile.c -O1 assembly comparison
FAIL: largefile.c -O2 -I. (test for excess errors)
FAIL: gcc.dg/pch/largefile.c -O2 assembly comparison
FAIL: largefile.c -O3 -fomit-frame-pointer -I. (test for excess errors)
FAIL: gcc.dg/pch/largefile.c -O3 -fomit-frame-pointer assembly comparison
FAIL: largefile.c -O3 -g -I. (test for excess errors)
FAIL: gcc.dg/pch/largefile.c -O3 -g assembly comparison
FAIL: largefile.c -Os -I. (test for excess errors)
FAIL: gcc.dg/pch/largefile.c -Os assembly comparison
FAIL: gcc.target/i386/abi-2.c scan-assembler-times ymm0 1
FAIL: gcc.target/i386/pr22076.c scan-assembler-times movq 3
FAIL: gcc.target/i386/pr22076.c scan-assembler-not movl
=== gcc Summary for unix ===
# of expected passes 70054
# of unexpected failures 29
# of expected failures 172
# of unresolved testcases 1
# of unsupported tests 1153
Running target unix/-m64
FAIL: gcc.c-torture/compile/limits-exprparen.c -O0 (test for excess errors)
FAIL: gcc.c-torture/compile/limits-exprparen.c -O1 (test for excess errors)
FAIL: gcc.c-torture/compile/limits-exprparen.c -O2 (test for excess errors)
FAIL: gcc.c-torture/compile/limits-exprparen.c -O3 -fomit-frame-pointer (test for excess errors)
FAIL: gcc.c-torture/compile/limits-exprparen.c -O3 -g (test for excess errors)
FAIL: gcc.c-torture/compile/limits-exprparen.c -Os (test for excess errors)
FAIL: gcc.c-torture/compile/limits-exprparen.c -O2 -flto (test for excess errors)
FAIL: gcc.c-torture/compile/limits-exprparen.c -O2 -fwhopr (test for excess errors)
FAIL: gcc.c-torture/execute/960321-1.c compilation, -O1
UNRESOLVED: gcc.c-torture/execute/960321-1.c execution, -O1
FAIL: gcc.c-torture/execute/960321-1.c compilation, -O2
UNRESOLVED: gcc.c-torture/execute/960321-1.c execution, -O2
FAIL: gcc.c-torture/execute/960321-1.c compilation, -O3 -fomit-frame-pointer
UNRESOLVED: gcc.c-torture/execute/960321-1.c execution, -O3 -fomit-frame-pointer
FAIL: gcc.c-torture/execute/960321-1.c compilation, -O3 -g
UNRESOLVED: gcc.c-torture/execute/960321-1.c execution, -O3 -g
FAIL: gcc.c-torture/execute/960321-1.c compilation, -Os
UNRESOLVED: gcc.c-torture/execute/960321-1.c execution, -Os
FAIL: gcc.c-torture/execute/960321-1.c compilation, -O2 -flto
UNRESOLVED: gcc.c-torture/execute/960321-1.c execution, -O2 -flto
FAIL: gcc.c-torture/execute/960321-1.c compilation, -O2 -fwhopr
UNRESOLVED: gcc.c-torture/execute/960321-1.c execution, -O2 -fwhopr
FAIL: gcc.dg/cpp/trad/include.c (internal compiler error)
FAIL: gcc.dg/cpp/trad/include.c (test for excess errors)
FAIL: gcc.dg/pr34668-1.c (internal compiler error)
FAIL: gcc.dg/pr34668-1.c (test for excess errors)
FAIL: gcc.dg/lto/20081201-2 c_lto_20081201-2_0.o-c_lto_20081201-2_1.o execute -O3 -fwhopr
FAIL: gcc.dg/lto/20090729 c_lto_20090729_0.o-c_lto_20090729_1.o link
UNRESOLVED: gcc.dg/lto/20090729 c_lto_20090729_0.o-c_lto_20090729_1.o execute -w
FAIL: largefile.c -O0 -g -I. (test for excess errors)
FAIL: gcc.dg/pch/largefile.c -O0 -g assembly comparison
FAIL: largefile.c -O0 -I. (test for excess errors)
FAIL: gcc.dg/pch/largefile.c -O0 assembly comparison
FAIL: largefile.c -O1 -I. (test for excess errors)
FAIL: gcc.dg/pch/largefile.c -O1 assembly comparison
FAIL: largefile.c -O2 -I. (test for excess errors)
FAIL: gcc.dg/pch/largefile.c -O2 assembly comparison
FAIL: largefile.c -O3 -fomit-frame-pointer -I. (test for excess errors)
FAIL: gcc.dg/pch/largefile.c -O3 -fomit-frame-pointer assembly comparison
FAIL: largefile.c -O3 -g -I. (test for excess errors)
FAIL: gcc.dg/pch/largefile.c -O3 -g assembly comparison
FAIL: largefile.c -Os -I. (test for excess errors)
FAIL: gcc.dg/pch/largefile.c -Os assembly comparison
FAIL: gcc.target/i386/wmul-1.c scan-assembler-times imull 2
FAIL: gcc.target/i386/wmul-2.c scan-assembler-times imull 1
FAIL: gcc.target/x86_64/abi/test_3_element_struct_and_unions.c compilation, -O0
UNRESOLVED: gcc.target/x86_64/abi/test_3_element_struct_and_unions.c execution, -O0
FAIL: gcc.target/x86_64/abi/test_3_element_struct_and_unions.c compilation, -O1
UNRESOLVED: gcc.target/x86_64/abi/test_3_element_struct_and_unions.c execution, -O1
FAIL: gcc.target/x86_64/abi/test_3_element_struct_and_unions.c compilation, -O2
UNRESOLVED: gcc.target/x86_64/abi/test_3_element_struct_and_unions.c execution, -O2
FAIL: gcc.target/x86_64/abi/test_3_element_struct_and_unions.c compilation, -O3 -fomit-frame-pointer
UNRESOLVED: gcc.target/x86_64/abi/test_3_element_struct_and_unions.c execution, -O3 -fomit-frame-pointer
FAIL: gcc.target/x86_64/abi/test_3_element_struct_and_unions.c compilation, -O3 -g
UNRESOLVED: gcc.target/x86_64/abi/test_3_element_struct_and_unions.c execution, -O3 -g
FAIL: gcc.target/x86_64/abi/test_3_element_struct_and_unions.c compilation, -Os
UNRESOLVED: gcc.target/x86_64/abi/test_3_element_struct_and_unions.c execution, -Os
FAIL: gcc.target/x86_64/abi/test_basic_alignment.c compilation, -O0
UNRESOLVED: gcc.target/x86_64/abi/test_basic_alignment.c execution, -O0
FAIL: gcc.target/x86_64/abi/test_basic_alignment.c compilation, -O1
UNRESOLVED: gcc.target/x86_64/abi/test_basic_alignment.c execution, -O1
FAIL: gcc.target/x86_64/abi/test_basic_alignment.c compilation, -O2
UNRESOLVED: gcc.target/x86_64/abi/test_basic_alignment.c execution, -O2
FAIL: gcc.target/x86_64/abi/test_basic_alignment.c compilation, -O3 -fomit-frame-pointer
UNRESOLVED: gcc.target/x86_64/abi/test_basic_alignment.c execution, -O3 -fomit-frame-pointer
FAIL: gcc.target/x86_64/abi/test_basic_alignment.c compilation, -O3 -g
UNRESOLVED: gcc.target/x86_64/abi/test_basic_alignment.c execution, -O3 -g
FAIL: gcc.target/x86_64/abi/test_basic_alignment.c compilation, -Os
UNRESOLVED: gcc.target/x86_64/abi/test_basic_alignment.c execution, -Os
FAIL: gcc.target/x86_64/abi/test_basic_array_size_and_align.c compilation, -O0
UNRESOLVED: gcc.target/x86_64/abi/test_basic_array_size_and_align.c execution, -O0
FAIL: gcc.target/x86_64/abi/test_basic_array_size_and_align.c compilation, -O1
UNRESOLVED: gcc.target/x86_64/abi/test_basic_array_size_and_align.c execution, -O1
FAIL: gcc.target/x86_64/abi/test_basic_array_size_and_align.c compilation, -O2
UNRESOLVED: gcc.target/x86_64/abi/test_basic_array_size_and_align.c execution, -O2
FAIL: gcc.target/x86_64/abi/test_basic_array_size_and_align.c compilation, -O3 -fomit-frame-pointer
UNRESOLVED: gcc.target/x86_64/abi/test_basic_array_size_and_align.c execution, -O3 -fomit-frame-pointer
FAIL: gcc.target/x86_64/abi/test_basic_array_size_and_align.c compilation, -O3 -g
UNRESOLVED: gcc.target/x86_64/abi/test_basic_array_size_and_align.c execution, -O3 -g
FAIL: gcc.target/x86_64/abi/test_basic_array_size_and_align.c compilation, -Os
UNRESOLVED: gcc.target/x86_64/abi/test_basic_array_size_and_align.c execution, -Os
FAIL: gcc.target/x86_64/abi/test_basic_returning.c compilation, -O0
UNRESOLVED: gcc.target/x86_64/abi/test_basic_returning.c execution, -O0
FAIL: gcc.target/x86_64/abi/test_basic_returning.c compilation, -O1
UNRESOLVED: gcc.target/x86_64/abi/test_basic_returning.c execution, -O1
FAIL: gcc.target/x86_64/abi/test_basic_returning.c compilation, -O2
UNRESOLVED: gcc.target/x86_64/abi/test_basic_returning.c execution, -O2
FAIL: gcc.target/x86_64/abi/test_basic_returning.c compilation, -O3 -fomit-frame-pointer
UNRESOLVED: gcc.target/x86_64/abi/test_basic_returning.c execution, -O3 -fomit-frame-pointer
FAIL: gcc.target/x86_64/abi/test_basic_returning.c compilation, -O3 -g
UNRESOLVED: gcc.target/x86_64/abi/test_basic_returning.c execution, -O3 -g
FAIL: gcc.target/x86_64/abi/test_basic_returning.c compilation, -Os
UNRESOLVED: gcc.target/x86_64/abi/test_basic_returning.c execution, -Os
FAIL: gcc.target/x86_64/abi/test_basic_sizes.c compilation, -O0
UNRESOLVED: gcc.target/x86_64/abi/test_basic_sizes.c execution, -O0
FAIL: gcc.target/x86_64/abi/test_basic_sizes.c compilation, -O1
UNRESOLVED: gcc.target/x86_64/abi/test_basic_sizes.c execution, -O1
FAIL: gcc.target/x86_64/abi/test_basic_sizes.c compilation, -O2
UNRESOLVED: gcc.target/x86_64/abi/test_basic_sizes.c execution, -O2
FAIL: gcc.target/x86_64/abi/test_basic_sizes.c compilation, -O3 -fomit-frame-pointer
UNRESOLVED: gcc.target/x86_64/abi/test_basic_sizes.c execution, -O3 -fomit-frame-pointer
FAIL: gcc.target/x86_64/abi/test_basic_sizes.c compilation, -O3 -g
UNRESOLVED: gcc.target/x86_64/abi/test_basic_sizes.c execution, -O3 -g
FAIL: gcc.target/x86_64/abi/test_basic_sizes.c compilation, -Os
UNRESOLVED: gcc.target/x86_64/abi/test_basic_sizes.c execution, -Os
FAIL: gcc.target/x86_64/abi/test_basic_struct_size_and_align.c compilation, -O0
UNRESOLVED: gcc.target/x86_64/abi/test_basic_struct_size_and_align.c execution, -O0
FAIL: gcc.target/x86_64/abi/test_basic_struct_size_and_align.c compilation, -O1
UNRESOLVED: gcc.target/x86_64/abi/test_basic_struct_size_and_align.c execution, -O1
FAIL: gcc.target/x86_64/abi/test_basic_struct_size_and_align.c compilation, -O2
UNRESOLVED: gcc.target/x86_64/abi/test_basic_struct_size_and_align.c execution, -O2
FAIL: gcc.target/x86_64/abi/test_basic_struct_size_and_align.c compilation, -O3 -fomit-frame-pointer
UNRESOLVED: gcc.target/x86_64/abi/test_basic_struct_size_and_align.c execution, -O3 -fomit-frame-pointer
FAIL: gcc.target/x86_64/abi/test_basic_struct_size_and_align.c compilation, -O3 -g
UNRESOLVED: gcc.target/x86_64/abi/test_basic_struct_size_and_align.c execution, -O3 -g
FAIL: gcc.target/x86_64/abi/test_basic_struct_size_and_align.c compilation, -Os
UNRESOLVED: gcc.target/x86_64/abi/test_basic_struct_size_and_align.c execution, -Os
FAIL: gcc.target/x86_64/abi/test_basic_union_size_and_align.c compilation, -O0
UNRESOLVED: gcc.target/x86_64/abi/test_basic_union_size_and_align.c execution, -O0
FAIL: gcc.target/x86_64/abi/test_basic_union_size_and_align.c compilation, -O1
UNRESOLVED: gcc.target/x86_64/abi/test_basic_union_size_and_align.c execution, -O1
FAIL: gcc.target/x86_64/abi/test_basic_union_size_and_align.c compilation, -O2
UNRESOLVED: gcc.target/x86_64/abi/test_basic_union_size_and_align.c execution, -O2
FAIL: gcc.target/x86_64/abi/test_basic_union_size_and_align.c compilation, -O3 -fomit-frame-pointer
UNRESOLVED: gcc.target/x86_64/abi/test_basic_union_size_and_align.c execution, -O3 -fomit-frame-pointer
FAIL: gcc.target/x86_64/abi/test_basic_union_size_and_align.c compilation, -O3 -g
UNRESOLVED: gcc.target/x86_64/abi/test_basic_union_size_and_align.c execution, -O3 -g
FAIL: gcc.target/x86_64/abi/test_basic_union_size_and_align.c compilation, -Os
UNRESOLVED: gcc.target/x86_64/abi/test_basic_union_size_and_align.c execution, -Os
FAIL: gcc.target/x86_64/abi/test_bitfields.c compilation, -O0
UNRESOLVED: gcc.target/x86_64/abi/test_bitfields.c execution, -O0
FAIL: gcc.target/x86_64/abi/test_bitfields.c compilation, -O1
UNRESOLVED: gcc.target/x86_64/abi/test_bitfields.c execution, -O1
FAIL: gcc.target/x86_64/abi/test_bitfields.c compilation, -O2
UNRESOLVED: gcc.target/x86_64/abi/test_bitfields.c execution, -O2
FAIL: gcc.target/x86_64/abi/test_bitfields.c compilation, -O3 -fomit-frame-pointer
UNRESOLVED: gcc.target/x86_64/abi/test_bitfields.c execution, -O3 -fomit-frame-pointer
FAIL: gcc.target/x86_64/abi/test_bitfields.c compilation, -O3 -g
UNRESOLVED: gcc.target/x86_64/abi/test_bitfields.c execution, -O3 -g
FAIL: gcc.target/x86_64/abi/test_bitfields.c compilation, -Os
UNRESOLVED: gcc.target/x86_64/abi/test_bitfields.c execution, -Os
FAIL: gcc.target/x86_64/abi/test_complex_returning.c compilation, -O0
UNRESOLVED: gcc.target/x86_64/abi/test_complex_returning.c execution, -O0
FAIL: gcc.target/x86_64/abi/test_complex_returning.c compilation, -O1
UNRESOLVED: gcc.target/x86_64/abi/test_complex_returning.c execution, -O1
FAIL: gcc.target/x86_64/abi/test_complex_returning.c compilation, -O2
UNRESOLVED: gcc.target/x86_64/abi/test_complex_returning.c execution, -O2
FAIL: gcc.target/x86_64/abi/test_complex_returning.c compilation, -O3 -fomit-frame-pointer
UNRESOLVED: gcc.target/x86_64/abi/test_complex_returning.c execution, -O3 -fomit-frame-pointer
FAIL: gcc.target/x86_64/abi/test_complex_returning.c compilation, -O3 -g
UNRESOLVED: gcc.target/x86_64/abi/test_complex_returning.c execution, -O3 -g
FAIL: gcc.target/x86_64/abi/test_complex_returning.c compilation, -Os
UNRESOLVED: gcc.target/x86_64/abi/test_complex_returning.c execution, -Os
FAIL: gcc.target/x86_64/abi/test_m64m128_returning.c compilation, -O0
UNRESOLVED: gcc.target/x86_64/abi/test_m64m128_returning.c execution, -O0
FAIL: gcc.target/x86_64/abi/test_m64m128_returning.c compilation, -O1
UNRESOLVED: gcc.target/x86_64/abi/test_m64m128_returning.c execution, -O1
FAIL: gcc.target/x86_64/abi/test_m64m128_returning.c compilation, -O2
UNRESOLVED: gcc.target/x86_64/abi/test_m64m128_returning.c execution, -O2
FAIL: gcc.target/x86_64/abi/test_m64m128_returning.c compilation, -O3 -fomit-frame-pointer
UNRESOLVED: gcc.target/x86_64/abi/test_m64m128_returning.c execution, -O3 -fomit-frame-pointer
FAIL: gcc.target/x86_64/abi/test_m64m128_returning.c compilation, -O3 -g
UNRESOLVED: gcc.target/x86_64/abi/test_m64m128_returning.c execution, -O3 -g
FAIL: gcc.target/x86_64/abi/test_m64m128_returning.c compilation, -Os
UNRESOLVED: gcc.target/x86_64/abi/test_m64m128_returning.c execution, -Os
FAIL: gcc.target/x86_64/abi/test_passing_floats.c compilation, -O0
UNRESOLVED: gcc.target/x86_64/abi/test_passing_floats.c execution, -O0
FAIL: gcc.target/x86_64/abi/test_passing_floats.c compilation, -O1
UNRESOLVED: gcc.target/x86_64/abi/test_passing_floats.c execution, -O1
FAIL: gcc.target/x86_64/abi/test_passing_floats.c compilation, -O2
UNRESOLVED: gcc.target/x86_64/abi/test_passing_floats.c execution, -O2
FAIL: gcc.target/x86_64/abi/test_passing_floats.c compilation, -O3 -fomit-frame-pointer
UNRESOLVED: gcc.target/x86_64/abi/test_passing_floats.c execution, -O3 -fomit-frame-pointer
FAIL: gcc.target/x86_64/abi/test_passing_floats.c compilation, -O3 -g
UNRESOLVED: gcc.target/x86_64/abi/test_passing_floats.c execution, -O3 -g
FAIL: gcc.target/x86_64/abi/test_passing_floats.c compilation, -Os
UNRESOLVED: gcc.target/x86_64/abi/test_passing_floats.c execution, -Os
FAIL: gcc.target/x86_64/abi/test_passing_integers.c compilation, -O0
UNRESOLVED: gcc.target/x86_64/abi/test_passing_integers.c execution, -O0
FAIL: gcc.target/x86_64/abi/test_passing_integers.c compilation, -O1
UNRESOLVED: gcc.target/x86_64/abi/test_passing_integers.c execution, -O1
FAIL: gcc.target/x86_64/abi/test_passing_integers.c compilation, -O2
UNRESOLVED: gcc.target/x86_64/abi/test_passing_integers.c execution, -O2
FAIL: gcc.target/x86_64/abi/test_passing_integers.c compilation, -O3 -fomit-frame-pointer
UNRESOLVED: gcc.target/x86_64/abi/test_passing_integers.c execution, -O3 -fomit-frame-pointer
FAIL: gcc.target/x86_64/abi/test_passing_integers.c compilation, -O3 -g
UNRESOLVED: gcc.target/x86_64/abi/test_passing_integers.c execution, -O3 -g
FAIL: gcc.target/x86_64/abi/test_passing_integers.c compilation, -Os
UNRESOLVED: gcc.target/x86_64/abi/test_passing_integers.c execution, -Os
FAIL: gcc.target/x86_64/abi/test_passing_m64m128.c compilation, -O0
UNRESOLVED: gcc.target/x86_64/abi/test_passing_m64m128.c execution, -O0
FAIL: gcc.target/x86_64/abi/test_passing_m64m128.c compilation, -O1
UNRESOLVED: gcc.target/x86_64/abi/test_passing_m64m128.c execution, -O1
FAIL: gcc.target/x86_64/abi/test_passing_m64m128.c compilation, -O2
UNRESOLVED: gcc.target/x86_64/abi/test_passing_m64m128.c execution, -O2
FAIL: gcc.target/x86_64/abi/test_passing_m64m128.c compilation, -O3 -fomit-frame-pointer
UNRESOLVED: gcc.target/x86_64/abi/test_passing_m64m128.c execution, -O3 -fomit-frame-pointer
FAIL: gcc.target/x86_64/abi/test_passing_m64m128.c compilation, -O3 -fomit-frame-pointer -funroll-loops
UNRESOLVED: gcc.target/x86_64/abi/test_passing_m64m128.c execution, -O3 -fomit-frame-pointer -funroll-loops
FAIL: gcc.target/x86_64/abi/test_passing_m64m128.c compilation, -O3 -fomit-frame-pointer -funroll-all-loops -finline-functions
UNRESOLVED: gcc.target/x86_64/abi/test_passing_m64m128.c execution, -O3 -fomit-frame-pointer -funroll-all-loops -finline-functions
FAIL: gcc.target/x86_64/abi/test_passing_m64m128.c compilation, -O3 -g
UNRESOLVED: gcc.target/x86_64/abi/test_passing_m64m128.c execution, -O3 -g
FAIL: gcc.target/x86_64/abi/test_passing_m64m128.c compilation, -Os
UNRESOLVED: gcc.target/x86_64/abi/test_passing_m64m128.c execution, -Os
FAIL: gcc.target/x86_64/abi/test_passing_structs.c compilation, -O0
UNRESOLVED: gcc.target/x86_64/abi/test_passing_structs.c execution, -O0
FAIL: gcc.target/x86_64/abi/test_passing_structs.c compilation, -O1
UNRESOLVED: gcc.target/x86_64/abi/test_passing_structs.c execution, -O1
FAIL: gcc.target/x86_64/abi/test_passing_structs.c compilation, -O2
UNRESOLVED: gcc.target/x86_64/abi/test_passing_structs.c execution, -O2
FAIL: gcc.target/x86_64/abi/test_passing_structs.c compilation, -O3 -fomit-frame-pointer
UNRESOLVED: gcc.target/x86_64/abi/test_passing_structs.c execution, -O3 -fomit-frame-pointer
FAIL: gcc.target/x86_64/abi/test_passing_structs.c compilation, -O3 -fomit-frame-pointer -funroll-loops
UNRESOLVED: gcc.target/x86_64/abi/test_passing_structs.c execution, -O3 -fomit-frame-pointer -funroll-loops
FAIL: gcc.target/x86_64/abi/test_passing_structs.c compilation, -O3 -fomit-frame-pointer -funroll-all-loops -finline-functions
UNRESOLVED: gcc.target/x86_64/abi/test_passing_structs.c execution, -O3 -fomit-frame-pointer -funroll-all-loops -finline-functions
FAIL: gcc.target/x86_64/abi/test_passing_structs.c compilation, -O3 -g
UNRESOLVED: gcc.target/x86_64/abi/test_passing_structs.c execution, -O3 -g
FAIL: gcc.target/x86_64/abi/test_passing_structs.c compilation, -Os
UNRESOLVED: gcc.target/x86_64/abi/test_passing_structs.c execution, -Os
FAIL: gcc.target/x86_64/abi/test_passing_structs_and_unions.c compilation, -O0
UNRESOLVED: gcc.target/x86_64/abi/test_passing_structs_and_unions.c execution, -O0
FAIL: gcc.target/x86_64/abi/test_passing_structs_and_unions.c compilation, -O1
UNRESOLVED: gcc.target/x86_64/abi/test_passing_structs_and_unions.c execution, -O1
FAIL: gcc.target/x86_64/abi/test_passing_structs_and_unions.c compilation, -O2
UNRESOLVED: gcc.target/x86_64/abi/test_passing_structs_and_unions.c execution, -O2
FAIL: gcc.target/x86_64/abi/test_passing_structs_and_unions.c compilation, -O3 -fomit-frame-pointer
UNRESOLVED: gcc.target/x86_64/abi/test_passing_structs_and_unions.c execution, -O3 -fomit-frame-pointer
FAIL: gcc.target/x86_64/abi/test_passing_structs_and_unions.c compilation, -O3 -g
UNRESOLVED: gcc.target/x86_64/abi/test_passing_structs_and_unions.c execution, -O3 -g
FAIL: gcc.target/x86_64/abi/test_passing_structs_and_unions.c compilation, -Os
UNRESOLVED: gcc.target/x86_64/abi/test_passing_structs_and_unions.c execution, -Os
FAIL: gcc.target/x86_64/abi/test_passing_unions.c compilation, -O0
UNRESOLVED: gcc.target/x86_64/abi/test_passing_unions.c execution, -O0
FAIL: gcc.target/x86_64/abi/test_passing_unions.c compilation, -O1
UNRESOLVED: gcc.target/x86_64/abi/test_passing_unions.c execution, -O1
FAIL: gcc.target/x86_64/abi/test_passing_unions.c compilation, -O2
UNRESOLVED: gcc.target/x86_64/abi/test_passing_unions.c execution, -O2
FAIL: gcc.target/x86_64/abi/test_passing_unions.c compilation, -O3 -fomit-frame-pointer
UNRESOLVED: gcc.target/x86_64/abi/test_passing_unions.c execution, -O3 -fomit-frame-pointer
FAIL: gcc.target/x86_64/abi/test_passing_unions.c compilation, -O3 -fomit-frame-pointer -funroll-loops
UNRESOLVED: gcc.target/x86_64/abi/test_passing_unions.c execution, -O3 -fomit-frame-pointer -funroll-loops
FAIL: gcc.target/x86_64/abi/test_passing_unions.c compilation, -O3 -fomit-frame-pointer -funroll-all-loops -finline-functions
UNRESOLVED: gcc.target/x86_64/abi/test_passing_unions.c execution, -O3 -fomit-frame-pointer -funroll-all-loops -finline-functions
FAIL: gcc.target/x86_64/abi/test_passing_unions.c compilation, -O3 -g
UNRESOLVED: gcc.target/x86_64/abi/test_passing_unions.c execution, -O3 -g
FAIL: gcc.target/x86_64/abi/test_passing_unions.c compilation, -Os
UNRESOLVED: gcc.target/x86_64/abi/test_passing_unions.c execution, -Os
FAIL: gcc.target/x86_64/abi/test_struct_returning.c compilation, -O0
UNRESOLVED: gcc.target/x86_64/abi/test_struct_returning.c execution, -O0
FAIL: gcc.target/x86_64/abi/test_struct_returning.c compilation, -O1
UNRESOLVED: gcc.target/x86_64/abi/test_struct_returning.c execution, -O1
FAIL: gcc.target/x86_64/abi/test_struct_returning.c compilation, -O2
UNRESOLVED: gcc.target/x86_64/abi/test_struct_returning.c execution, -O2
FAIL: gcc.target/x86_64/abi/test_struct_returning.c compilation, -O3 -fomit-frame-pointer
UNRESOLVED: gcc.target/x86_64/abi/test_struct_returning.c execution, -O3 -fomit-frame-pointer
FAIL: gcc.target/x86_64/abi/test_struct_returning.c compilation, -O3 -fomit-frame-pointer -funroll-loops
UNRESOLVED: gcc.target/x86_64/abi/test_struct_returning.c execution, -O3 -fomit-frame-pointer -funroll-loops
FAIL: gcc.target/x86_64/abi/test_struct_returning.c compilation, -O3 -fomit-frame-pointer -funroll-all-loops -finline-functions
UNRESOLVED: gcc.target/x86_64/abi/test_struct_returning.c execution, -O3 -fomit-frame-pointer -funroll-all-loops -finline-functions
FAIL: gcc.target/x86_64/abi/test_struct_returning.c compilation, -O3 -g
UNRESOLVED: gcc.target/x86_64/abi/test_struct_returning.c execution, -O3 -g
FAIL: gcc.target/x86_64/abi/test_struct_returning.c compilation, -Os
UNRESOLVED: gcc.target/x86_64/abi/test_struct_returning.c execution, -Os
FAIL: gcc.target/x86_64/abi/test_varargs.c compilation, -O0
UNRESOLVED: gcc.target/x86_64/abi/test_varargs.c execution, -O0
FAIL: gcc.target/x86_64/abi/test_varargs.c compilation, -O1
UNRESOLVED: gcc.target/x86_64/abi/test_varargs.c execution, -O1
FAIL: gcc.target/x86_64/abi/test_varargs.c compilation, -O2
UNRESOLVED: gcc.target/x86_64/abi/test_varargs.c execution, -O2
FAIL: gcc.target/x86_64/abi/test_varargs.c compilation, -O3 -fomit-frame-pointer
UNRESOLVED: gcc.target/x86_64/abi/test_varargs.c execution, -O3 -fomit-frame-pointer
FAIL: gcc.target/x86_64/abi/test_varargs.c compilation, -O3 -fomit-frame-pointer -funroll-loops
UNRESOLVED: gcc.target/x86_64/abi/test_varargs.c execution, -O3 -fomit-frame-pointer -funroll-loops
FAIL: gcc.target/x86_64/abi/test_varargs.c compilation, -O3 -fomit-frame-pointer -funroll-all-loops -finline-functions
UNRESOLVED: gcc.target/x86_64/abi/test_varargs.c execution, -O3 -fomit-frame-pointer -funroll-all-loops -finline-functions
FAIL: gcc.target/x86_64/abi/test_varargs.c compilation, -O3 -g
UNRESOLVED: gcc.target/x86_64/abi/test_varargs.c execution, -O3 -g
FAIL: gcc.target/x86_64/abi/test_varargs.c compilation, -Os
UNRESOLVED: gcc.target/x86_64/abi/test_varargs.c execution, -Os
=== gcc Summary for unix/-m64 ===
# of expected passes 69199
# of unexpected failures 155
# of expected failures 171
# of unresolved testcases 126
# of unsupported tests 1546
=== gcc Summary ===
# of expected passes 139253
# of unexpected failures 184
# of expected failures 343
# of unresolved testcases 127
# of unsupported tests 2699
/vol/gcc/obj/regression/trunk/10-gcc/build/gcc/xgcc version 4.6.0 20100422 (experimental) (GCC)
=== gfortran tests ===
Running target unix
FAIL: gfortran.dg/array_constructor_23.f -O3 -fomit-frame-pointer execution test
FAIL: gfortran.dg/array_constructor_23.f -O3 -fomit-frame-pointer -funroll-loops execution test
FAIL: gfortran.dg/array_constructor_23.f -O3 -fomit-frame-pointer -funroll-all-loops -finline-functions execution test
FAIL: gfortran.dg/array_constructor_23.f -O3 -g execution test
FAIL: gfortran.dg/atan2_1.f90 -O0 execution test
FAIL: gfortran.dg/lto/20091015-1 f_lto_20091015-1_0.o-f_lto_20091015-1_2.o link
UNRESOLVED: gfortran.dg/lto/20091015-1 f_lto_20091015-1_0.o-f_lto_20091015-1_2.o execute -O0 -fwhopr
FAIL: gfortran.dg/lto/20091015-1 f_lto_20091015-1_0.o-f_lto_20091015-1_2.o link
UNRESOLVED: gfortran.dg/lto/20091015-1 f_lto_20091015-1_0.o-f_lto_20091015-1_2.o execute -O2 -fwhopr
FAIL: gfortran.dg/lto/20091015-1 f_lto_20091015-1_0.o-f_lto_20091015-1_2.o link
UNRESOLVED: gfortran.dg/lto/20091015-1 f_lto_20091015-1_0.o-f_lto_20091015-1_2.o execute -O0 -flto
FAIL: gfortran.dg/lto/20091015-1 f_lto_20091015-1_0.o-f_lto_20091015-1_2.o link
UNRESOLVED: gfortran.dg/lto/20091015-1 f_lto_20091015-1_0.o-f_lto_20091015-1_2.o execute -O2 -flto
=== gfortran Summary for unix ===
# of expected passes 34109
# of unexpected failures 9
# of expected failures 20
# of unresolved testcases 4
# of unsupported tests 153
Running target unix/-m64
FAIL: gfortran.dg/lto/20091015-1 f_lto_20091015-1_0.o-f_lto_20091015-1_2.o link
UNRESOLVED: gfortran.dg/lto/20091015-1 f_lto_20091015-1_0.o-f_lto_20091015-1_2.o execute -O0 -fwhopr
FAIL: gfortran.dg/lto/20091015-1 f_lto_20091015-1_0.o-f_lto_20091015-1_2.o link
UNRESOLVED: gfortran.dg/lto/20091015-1 f_lto_20091015-1_0.o-f_lto_20091015-1_2.o execute -O2 -fwhopr
FAIL: gfortran.dg/lto/20091015-1 f_lto_20091015-1_0.o-f_lto_20091015-1_2.o link
UNRESOLVED: gfortran.dg/lto/20091015-1 f_lto_20091015-1_0.o-f_lto_20091015-1_2.o execute -O0 -flto
FAIL: gfortran.dg/lto/20091015-1 f_lto_20091015-1_0.o-f_lto_20091015-1_2.o link
UNRESOLVED: gfortran.dg/lto/20091015-1 f_lto_20091015-1_0.o-f_lto_20091015-1_2.o execute -O2 -flto
=== gfortran Summary for unix/-m64 ===
# of expected passes 34275
# of unexpected failures 4
# of expected failures 20
# of unresolved testcases 4
# of unsupported tests 77
=== gfortran Summary ===
# of expected passes 68384
# of unexpected failures 13
# of expected failures 40
# of unresolved testcases 8
# of unsupported tests 230
/vol/gcc/obj/regression/trunk/10-gcc/build/gcc/testsuite/gfortran/../../gfortran version 4.6.0 20100422 (experimental) (GCC)
=== gnat tests ===
Running target unix
=== gnat Summary for unix ===
# of expected passes 775
# of expected failures 8
# of unsupported tests 1
Running target unix/-m64
=== gnat Summary for unix/-m64 ===
# of expected passes 775
# of expected failures 8
# of unsupported tests 1
=== gnat Summary ===
# of expected passes 1550
# of expected failures 16
# of unsupported tests 2
=== objc tests ===
Running target unix
=== objc Summary for unix ===
# of expected passes 1877
# of expected failures 7
# of unsupported tests 20
Running target unix/-m64
=== objc Summary for unix/-m64 ===
# of expected passes 1869
# of expected failures 15
# of unsupported tests 20
=== objc Summary ===
# of expected passes 3746
# of expected failures 22
# of unsupported tests 40
/vol/gcc/obj/regression/trunk/10-gcc/build/gcc/xgcc version 4.6.0 20100422 (experimental) (GCC)
=== libffi tests ===
Running target unix
=== libffi Summary for unix ===
# of expected passes 1624
# of expected failures 10
# of unsupported tests 15
Running target unix/-m64
=== libffi Summary for unix/-m64 ===
# of expected passes 1624
# of expected failures 10
# of unsupported tests 15
=== libffi Summary ===
# of expected passes 3248
# of expected failures 20
# of unsupported tests 30
=== libgomp tests ===
Running target unix
=== libgomp Summary for unix ===
# of expected passes 2472
# of unsupported tests 2
Running target unix/-m64
FAIL: libgomp.c/atomic-2.c (test for excess errors)
WARNING: libgomp.c/atomic-2.c compilation failed to produce executable
FAIL: libgomp.c/atomic-5.c (test for excess errors)
WARNING: libgomp.c/atomic-5.c compilation failed to produce executable
FAIL: libgomp.c/copyin-3.c execution test
FAIL: libgomp.c/nqueens-1.c execution test
FAIL: libgomp.c/pr24455.c execution test
FAIL: libgomp.c++/ctor-10.C -O0 execution test
FAIL: libgomp.c++/ctor-10.C -O1 execution test
FAIL: libgomp.c++/ctor-10.C -O2 execution test
FAIL: libgomp.c++/ctor-10.C -O3 -fomit-frame-pointer execution test
FAIL: libgomp.c++/ctor-10.C -O3 -fomit-frame-pointer -funroll-loops execution test
FAIL: libgomp.c++/ctor-10.C -O3 -fomit-frame-pointer -funroll-all-loops -finline-functions execution test
FAIL: libgomp.c++/ctor-10.C -O3 -g execution test
FAIL: libgomp.c++/ctor-10.C -Os execution test
FAIL: libgomp.c++/pr24455.C -O0 execution test
FAIL: libgomp.c++/pr24455.C -O1 execution test
FAIL: libgomp.c++/pr24455.C -O2 execution test
FAIL: libgomp.c++/pr24455.C -O3 -fomit-frame-pointer execution test
FAIL: libgomp.c++/pr24455.C -O3 -fomit-frame-pointer -funroll-loops execution test
FAIL: libgomp.c++/pr24455.C -O3 -fomit-frame-pointer -funroll-all-loops -finline-functions execution test
FAIL: libgomp.c++/pr24455.C -O3 -g execution test
FAIL: libgomp.c++/pr24455.C -Os execution test
FAIL: libgomp.fortran/appendix-a/a.22.8.f90 -O0 execution test
FAIL: libgomp.fortran/appendix-a/a.22.8.f90 -O1 execution test
FAIL: libgomp.fortran/appendix-a/a.22.8.f90 -O2 execution test
FAIL: libgomp.fortran/appendix-a/a.22.8.f90 -O3 -fomit-frame-pointer execution test
FAIL: libgomp.fortran/appendix-a/a.22.8.f90 -O3 -fomit-frame-pointer -funroll-loops execution test
FAIL: libgomp.fortran/appendix-a/a.22.8.f90 -O3 -fomit-frame-pointer -funroll-all-loops -finline-functions execution test
FAIL: libgomp.fortran/appendix-a/a.22.8.f90 -O3 -g execution test
FAIL: libgomp.fortran/appendix-a/a.22.8.f90 -Os execution test
FAIL: libgomp.fortran/threadprivate1.f90 -O0 execution test
FAIL: libgomp.fortran/threadprivate1.f90 -O1 execution test
FAIL: libgomp.fortran/threadprivate1.f90 -O2 execution test
FAIL: libgomp.fortran/threadprivate1.f90 -O3 -fomit-frame-pointer execution test
FAIL: libgomp.fortran/threadprivate1.f90 -O3 -fomit-frame-pointer -funroll-loops execution test
FAIL: libgomp.fortran/threadprivate1.f90 -O3 -fomit-frame-pointer -funroll-all-loops -finline-functions execution test
FAIL: libgomp.fortran/threadprivate1.f90 -O3 -g execution test
FAIL: libgomp.fortran/threadprivate1.f90 -Os execution test
FAIL: libgomp.fortran/threadprivate2.f90 -O0 execution test
FAIL: libgomp.fortran/threadprivate2.f90 -O1 execution test
FAIL: libgomp.fortran/threadprivate2.f90 -O2 execution test
FAIL: libgomp.fortran/threadprivate2.f90 -O3 -fomit-frame-pointer execution test
FAIL: libgomp.fortran/threadprivate2.f90 -O3 -fomit-frame-pointer -funroll-loops execution test
FAIL: libgomp.fortran/threadprivate2.f90 -O3 -fomit-frame-pointer -funroll-all-loops -finline-functions execution test
FAIL: libgomp.fortran/threadprivate2.f90 -O3 -g execution test
FAIL: libgomp.fortran/threadprivate2.f90 -Os execution test
=== libgomp Summary for unix/-m64 ===
# of expected passes 2425
# of unexpected failures 45
# of unsupported tests 2
=== libgomp Summary ===
# of expected passes 4897
# of unexpected failures 45
# of unsupported tests 4
=== libjava tests ===
Running target unix
FAIL: Throw_2 execution - source compiled test
FAIL: Throw_2 -findirect-dispatch execution - source compiled test
FAIL: Throw_2 -O3 execution - source compiled test
FAIL: Throw_2 -O3 -findirect-dispatch execution - source compiled test
=== libjava Summary for unix ===
# of expected passes 2566
# of unexpected failures 4
# of untested testcases 4
Running target unix/-m64
FAIL: PR16923 run
FAIL: Throw_2 execution - source compiled test
FAIL: Throw_2 -findirect-dispatch execution - source compiled test
FAIL: Throw_2 -O3 execution - source compiled test
FAIL: Throw_2 -O3 -findirect-dispatch execution - source compiled test
=== libjava Summary for unix/-m64 ===
# of expected passes 2565
# of unexpected failures 5
# of untested testcases 5
=== libjava Summary ===
# of expected passes 5131
# of unexpected failures 9
# of untested testcases 9
=== libstdc++ tests ===
Running target unix
FAIL: 27_io/basic_ofstream/cons/char/1.cc execution test
FAIL: ext/enc_filebuf/char/13598.cc execution test
FAIL: ext/profile/all.cc (test for excess errors)
WARNING: program timed out.
=== libstdc++ Summary for unix ===
# of expected passes 6683
# of unexpected failures 3
# of expected failures 94
# of unsupported tests 436
Running target unix/-m64
XPASS: 22_locale/num_put/put/char/14220.cc execution test
XPASS: 22_locale/num_put/put/wchar_t/14220.cc execution test
FAIL: ext/enc_filebuf/char/13598.cc execution test
FAIL: ext/profile/all.cc (test for excess errors)
=== libstdc++ Summary for unix/-m64 ===
# of expected passes 6684
# of unexpected failures 2
# of unexpected successes 2
# of expected failures 92
# of unsupported tests 436
=== libstdc++ Summary ===
# of expected passes 13367
# of unexpected failures 5
# of unexpected successes 2
# of expected failures 186
# of unsupported tests 872
=== libstdc++ Summary ===
Compiler version: 4.6.0 20100422 (experimental) (GCC)
Platform: i386-pc-solaris2.10
configure flags: --prefix=/vol/gcc --target=i386-pc-solaris2.10 --with-gmp=/vol/gcc --with-mpfr=/vol/gcc --with-mpc=/vol/gcc --enable-languages=all,ada
BOOT_CFLAGS=-g -O2