This is the mail archive of the
gcc-testresults@gcc.gnu.org
mailing list for the GCC project.
Results for 4.6.0 20100419 (experimental) [trunk revision 158526] (GCC) testsuite on i686-pc-linux-gnu
- From: hjl at gnu-29 dot sc dot intel dot com (H.J. Lu (ia32))
- To: gcc-testresults at gcc dot gnu dot org
- Date: Mon, 19 Apr 2010 17:29:21 -0700
- Subject: Results for 4.6.0 20100419 (experimental) [trunk revision 158526] (GCC) testsuite on i686-pc-linux-gnu
LAST_UPDATED: Mon Apr 19 21:41:52 UTC 2010 (revision 158526)
Native configuration is i686-pc-linux-gnu
=== g++ tests ===
Running target unix
FAIL: g++.dg/template/typedef32.C (test for excess errors)
=== g++ Summary ===
# of expected passes 23199
# of unexpected failures 1
# of expected failures 151
# of unsupported tests 112
/export/gnu/import/svn/gcc-test/bld/gcc/testsuite/g++/../../g++ version 4.6.0 20100419 (experimental) [trunk revision 158526] (GCC)
=== gcc tests ===
Running target unix
FAIL: gcc.dg/pr34668-1.c (internal compiler error)
FAIL: gcc.dg/pr34668-1.c (test for excess errors)
XPASS: gcc.dg/guality/example.c -O0 execution test
XPASS: gcc.dg/guality/example.c -O1 execution test
XPASS: gcc.dg/guality/example.c -O2 execution test
XPASS: gcc.dg/guality/example.c -O2 -flto execution test
XPASS: gcc.dg/guality/example.c -O2 -fwhopr execution test
XPASS: gcc.dg/guality/guality.c -O0 execution test
XPASS: gcc.dg/guality/guality.c -O1 execution test
XPASS: gcc.dg/guality/guality.c -O2 execution test
XPASS: gcc.dg/guality/guality.c -O3 -fomit-frame-pointer execution test
XPASS: gcc.dg/guality/guality.c -O3 -g execution test
XPASS: gcc.dg/guality/guality.c -Os execution test
XPASS: gcc.dg/guality/guality.c -O2 -flto execution test
XPASS: gcc.dg/guality/guality.c -O2 -fwhopr execution test
XPASS: gcc.dg/guality/inline-params.c -O2 execution test
XPASS: gcc.dg/guality/inline-params.c -O3 -fomit-frame-pointer execution test
XPASS: gcc.dg/guality/inline-params.c -O3 -g execution test
XPASS: gcc.dg/guality/inline-params.c -Os execution test
XPASS: gcc.dg/guality/pr41353-1.c -O0 line 28 j == 28 + 37
XPASS: gcc.dg/guality/pr41353-1.c -O1 line 28 j == 28 + 37
XPASS: gcc.dg/guality/pr41353-1.c -O2 line 28 j == 28 + 37
XPASS: gcc.dg/guality/pr41353-1.c -O3 -fomit-frame-pointer line 28 j == 28 + 37
XPASS: gcc.dg/guality/pr41353-1.c -O3 -g line 28 j == 28 + 37
XPASS: gcc.dg/guality/pr41353-1.c -Os line 28 j == 28 + 37
FAIL: gcc.dg/guality/pr41353-1.c -O2 -flto line 28 i == 37
FAIL: gcc.dg/guality/pr41353-1.c -O2 -flto line 28 i1 == 2 * 37
FAIL: gcc.dg/guality/pr41353-1.c -O2 -flto line 28 i2 == 3 * 37
FAIL: gcc.dg/guality/pr41353-1.c -O2 -fwhopr line 28 i == 37
FAIL: gcc.dg/guality/pr41353-1.c -O2 -fwhopr line 28 i1 == 2 * 37
FAIL: gcc.dg/guality/pr41353-1.c -O2 -fwhopr line 28 i2 == 3 * 37
XPASS: gcc.dg/guality/pr41447-1.c -O0 execution test
XPASS: gcc.dg/guality/pr41447-1.c -O1 execution test
XPASS: gcc.dg/guality/pr41447-1.c -O2 execution test
XPASS: gcc.dg/guality/pr41447-1.c -O3 -fomit-frame-pointer execution test
XPASS: gcc.dg/guality/pr41447-1.c -O3 -g execution test
XPASS: gcc.dg/guality/pr41447-1.c -Os execution test
XPASS: gcc.dg/guality/pr41447-1.c -O2 -flto execution test
XPASS: gcc.dg/guality/pr41616-1.c -O0 execution test
XPASS: gcc.dg/guality/pr41616-1.c -O1 execution test
XPASS: gcc.dg/guality/pr41616-1.c -O2 execution test
XPASS: gcc.dg/guality/pr41616-1.c -Os execution test
XPASS: gcc.dg/guality/pr41616-1.c -O2 -flto execution test
XPASS: gcc.dg/guality/pr41616-1.c -O2 -fwhopr execution test
FAIL: gcc.dg/guality/vla-1.c -O2 -flto line 17 sizeof (a) == 6
FAIL: gcc.dg/guality/vla-1.c -O2 -flto line 24 sizeof (a) == 17 * sizeof (short)
FAIL: gcc.dg/guality/vla-1.c -O2 -fwhopr line 17 sizeof (a) == 6
FAIL: gcc.dg/guality/vla-1.c -O2 -fwhopr line 24 sizeof (a) == 17 * sizeof (short)
=== gcc Summary ===
# of expected passes 73230
# of unexpected failures 12
# of unexpected successes 36
# of expected failures 193
# of unsupported tests 615
/export/gnu/import/svn/gcc-test/bld/gcc/xgcc version 4.6.0 20100419 (experimental) [trunk revision 158526] (GCC)
=== gfortran tests ===
Running target unix
=== gfortran Summary ===
# of expected passes 34206
# of expected failures 31
# of unsupported tests 121
/export/gnu/import/svn/gcc-test/bld/gcc/testsuite/gfortran/../../gfortran version 4.6.0 20100419 (experimental) [trunk revision 158526] (GCC)
=== objc tests ===
Running target unix
=== objc Summary ===
# of expected passes 1877
# of expected failures 7
# of unsupported tests 20
/export/gnu/import/svn/gcc-test/bld/gcc/xgcc version 4.6.0 20100419 (experimental) [trunk revision 158526] (GCC)
=== libffi tests ===
Running target unix
=== libffi Summary ===
# of expected passes 1624
# of expected failures 10
# of unsupported tests 15
=== libgomp tests ===
Running target unix
FAIL: libgomp.c++/for-3.C -O0 (test for excess errors)
WARNING: libgomp.c++/for-3.C -O0 compilation failed to produce executable
FAIL: libgomp.c++/for-3.C -O1 (test for excess errors)
WARNING: libgomp.c++/for-3.C -O1 compilation failed to produce executable
FAIL: libgomp.c++/for-3.C -O2 (test for excess errors)
WARNING: libgomp.c++/for-3.C -O2 compilation failed to produce executable
FAIL: libgomp.c++/for-3.C -O3 -fomit-frame-pointer (test for excess errors)
WARNING: libgomp.c++/for-3.C -O3 -fomit-frame-pointer compilation failed to produce executable
FAIL: libgomp.c++/for-3.C -O3 -fomit-frame-pointer -funroll-loops (test for excess errors)
WARNING: libgomp.c++/for-3.C -O3 -fomit-frame-pointer -funroll-loops compilation failed to produce executable
FAIL: libgomp.c++/for-3.C -O3 -fomit-frame-pointer -funroll-all-loops -finline-functions (test for excess errors)
WARNING: libgomp.c++/for-3.C -O3 -fomit-frame-pointer -funroll-all-loops -finline-functions compilation failed to produce executable
FAIL: libgomp.c++/for-3.C -O3 -g (test for excess errors)
WARNING: libgomp.c++/for-3.C -O3 -g compilation failed to produce executable
FAIL: libgomp.c++/for-3.C -Os (test for excess errors)
WARNING: libgomp.c++/for-3.C -Os compilation failed to produce executable
FAIL: libgomp.c++/for-4.C -O0 (test for excess errors)
WARNING: libgomp.c++/for-4.C -O0 compilation failed to produce executable
FAIL: libgomp.c++/for-4.C -O1 (test for excess errors)
WARNING: libgomp.c++/for-4.C -O1 compilation failed to produce executable
FAIL: libgomp.c++/for-4.C -O2 (test for excess errors)
WARNING: libgomp.c++/for-4.C -O2 compilation failed to produce executable
FAIL: libgomp.c++/for-4.C -O3 -fomit-frame-pointer (test for excess errors)
WARNING: libgomp.c++/for-4.C -O3 -fomit-frame-pointer compilation failed to produce executable
FAIL: libgomp.c++/for-4.C -O3 -fomit-frame-pointer -funroll-loops (test for excess errors)
WARNING: libgomp.c++/for-4.C -O3 -fomit-frame-pointer -funroll-loops compilation failed to produce executable
FAIL: libgomp.c++/for-4.C -O3 -fomit-frame-pointer -funroll-all-loops -finline-functions (test for excess errors)
WARNING: libgomp.c++/for-4.C -O3 -fomit-frame-pointer -funroll-all-loops -finline-functions compilation failed to produce executable
FAIL: libgomp.c++/for-4.C -O3 -g (test for excess errors)
WARNING: libgomp.c++/for-4.C -O3 -g compilation failed to produce executable
FAIL: libgomp.c++/for-4.C -Os (test for excess errors)
WARNING: libgomp.c++/for-4.C -Os compilation failed to produce executable
FAIL: libgomp.graphite/force-parallel-1.c execution test
=== libgomp Summary ===
# of expected passes 2473
# of unexpected failures 17
=== libjava tests ===
Running target unix
=== libjava Summary ===
# of expected passes 2574
=== libmudflap tests ===
Running target unix
FAIL: libmudflap.c/fail31-frag.c (-O3) output pattern test
FAIL: libmudflap.c/pass45-frag.c (-O3) execution test
FAIL: libmudflap.c/pass45-frag.c (-O3) output pattern test
FAIL: libmudflap.c/pass45-frag.c (-O3) execution test
FAIL: libmudflap.c/pass45-frag.c (-O3) output pattern test
FAIL: libmudflap.c++/pass41-frag.cxx (test for excess errors)
FAIL: libmudflap.c++/pass41-frag.cxx execution test
FAIL: libmudflap.c++/pass57-frag.cxx (test for excess errors)
FAIL: libmudflap.c++/pass41-frag.cxx ( -O) (test for excess errors)
FAIL: libmudflap.c++/pass41-frag.cxx ( -O) execution test
FAIL: libmudflap.c++/pass57-frag.cxx ( -O) (test for excess errors)
FAIL: libmudflap.c++/pass41-frag.cxx (-O2) (test for excess errors)
FAIL: libmudflap.c++/pass41-frag.cxx (-O2) execution test
FAIL: libmudflap.c++/pass57-frag.cxx (-O2) (test for excess errors)
FAIL: libmudflap.c++/pass41-frag.cxx (-O3) (test for excess errors)
FAIL: libmudflap.c++/pass41-frag.cxx (-O3) execution test
FAIL: libmudflap.c++/pass57-frag.cxx (-O3) (test for excess errors)
=== libmudflap Summary ===
# of expected passes 1410
# of unexpected failures 17
=== libstdc++ tests ===
Running target unix
=== libstdc++ Summary ===
# of expected passes 7721
# of expected failures 95
# of unsupported tests 11
Compiler version: 4.6.0 20100419 (experimental) [trunk revision 158526] (GCC)
Platform: i686-pc-linux-gnu
configure flags: --enable-clocale=gnu --with-system-zlib --enable-shared --with-demangler-in-ld -with-plugin-ld=ld.gold --enable-gold --with-fpmath=sse