This is the mail archive of the
gcc-testresults@gcc.gnu.org
mailing list for the GCC project.
Results for 4.5.1 20100416 (prerelease) (GCC) testsuite on i386-pc-solaris2.11
- From: Rainer Orth <ro at CeBiTec dot Uni-Bielefeld dot DE>
- To: gcc-testresults at gcc dot gnu dot org
- Date: Mon, 19 Apr 2010 18:28:50 +0200 (MEST)
- Subject: Results for 4.5.1 20100416 (prerelease) (GCC) testsuite on i386-pc-solaris2.11
=== acats tests ===
FAIL: c52103x
FAIL: c52104x
FAIL: c52104y
FAIL: c960001
FAIL: cb1010a
FAIL: cb1010c
FAIL: cb1010d
=== acats Summary ===
# of expected passes 2314
# of unexpected failures 7
Native configuration is i386-pc-solaris2.11
=== g++ tests ===
Running target unix
XPASS: g++.old-deja/g++.oliva/dwarf2.C (test for excess errors)
XPASS: g++.old-deja/g++.oliva/dwarf3.C (test for excess errors)
XPASS: g++.old-deja/g++.other/init19.C execution test
=== g++ Summary for unix ===
# of expected passes 22723
# of unexpected successes 3
# of expected failures 152
# of unsupported tests 164
Running target unix/-m64
FAIL: g++.dg/tls/static-1.C execution test
XPASS: g++.old-deja/g++.oliva/dwarf2.C (test for excess errors)
XPASS: g++.old-deja/g++.oliva/dwarf3.C (test for excess errors)
XPASS: g++.old-deja/g++.other/init19.C execution test
=== g++ Summary for unix/-m64 ===
# of expected passes 22342
# of unexpected failures 1
# of unexpected successes 3
# of expected failures 152
# of unsupported tests 347
=== g++ Summary ===
# of expected passes 45065
# of unexpected failures 1
# of unexpected successes 6
# of expected failures 304
# of unsupported tests 511
/vol/gcc/obj/regression/gcc-4.5-branch/11-gcc/build/gcc/testsuite/g++/../../g++ version 4.5.1 20100416 (prerelease) (GCC)
=== gcc tests ===
Running target unix
FAIL: gcc.dg/lto/20090729 c_lto_20090729_0.o-c_lto_20090729_1.o link
UNRESOLVED: gcc.dg/lto/20090729 c_lto_20090729_0.o-c_lto_20090729_1.o execute -w
FAIL: gcc.target/i386/abi-2.c scan-assembler-times ymm0 1
FAIL: gcc.target/i386/pr22076.c scan-assembler-times movq 3
FAIL: gcc.target/i386/pr22076.c scan-assembler-not movl
=== gcc Summary for unix ===
# of expected passes 69679
# of unexpected failures 4
# of expected failures 169
# of unresolved testcases 1
# of unsupported tests 1144
Running target unix/-m64
FAIL: gcc.c-torture/execute/960321-1.c compilation, -O1
UNRESOLVED: gcc.c-torture/execute/960321-1.c execution, -O1
FAIL: gcc.c-torture/execute/960321-1.c compilation, -O2
UNRESOLVED: gcc.c-torture/execute/960321-1.c execution, -O2
FAIL: gcc.c-torture/execute/960321-1.c compilation, -O3 -fomit-frame-pointer
UNRESOLVED: gcc.c-torture/execute/960321-1.c execution, -O3 -fomit-frame-pointer
FAIL: gcc.c-torture/execute/960321-1.c compilation, -O3 -g
UNRESOLVED: gcc.c-torture/execute/960321-1.c execution, -O3 -g
FAIL: gcc.c-torture/execute/960321-1.c compilation, -Os
UNRESOLVED: gcc.c-torture/execute/960321-1.c execution, -Os
FAIL: gcc.c-torture/execute/960321-1.c compilation, -O2 -flto
UNRESOLVED: gcc.c-torture/execute/960321-1.c execution, -O2 -flto
FAIL: gcc.c-torture/execute/960321-1.c compilation, -O2 -fwhopr
UNRESOLVED: gcc.c-torture/execute/960321-1.c execution, -O2 -fwhopr
FAIL: gcc.dg/cpp/trad/include.c (internal compiler error)
FAIL: gcc.dg/cpp/trad/include.c (test for excess errors)
FAIL: gcc.dg/lto/20090729 c_lto_20090729_0.o-c_lto_20090729_1.o link
UNRESOLVED: gcc.dg/lto/20090729 c_lto_20090729_0.o-c_lto_20090729_1.o execute -w
=== gcc Summary for unix/-m64 ===
# of expected passes 69123
# of unexpected failures 10
# of expected failures 168
# of unresolved testcases 8
# of unsupported tests 1507
=== gcc Summary ===
# of expected passes 138802
# of unexpected failures 14
# of expected failures 337
# of unresolved testcases 9
# of unsupported tests 2651
/vol/gcc/obj/regression/gcc-4.5-branch/11-gcc/build/gcc/xgcc version 4.5.1 20100416 (prerelease) (GCC)
=== gfortran tests ===
Running target unix
FAIL: gfortran.dg/array_constructor_23.f -O3 -fomit-frame-pointer execution test
FAIL: gfortran.dg/array_constructor_23.f -O3 -fomit-frame-pointer -funroll-loops execution test
FAIL: gfortran.dg/array_constructor_23.f -O3 -fomit-frame-pointer -funroll-all-loops -finline-functions execution test
FAIL: gfortran.dg/array_constructor_23.f -O3 -g execution test
FAIL: gfortran.dg/atan2_1.f90 -O0 execution test
FAIL: gfortran.dg/lto/20091015-1 f_lto_20091015-1_0.o-f_lto_20091015-1_2.o link
UNRESOLVED: gfortran.dg/lto/20091015-1 f_lto_20091015-1_0.o-f_lto_20091015-1_2.o execute -O0 -fwhopr
FAIL: gfortran.dg/lto/20091015-1 f_lto_20091015-1_0.o-f_lto_20091015-1_2.o link
UNRESOLVED: gfortran.dg/lto/20091015-1 f_lto_20091015-1_0.o-f_lto_20091015-1_2.o execute -O2 -fwhopr
FAIL: gfortran.dg/lto/20091015-1 f_lto_20091015-1_0.o-f_lto_20091015-1_2.o link
UNRESOLVED: gfortran.dg/lto/20091015-1 f_lto_20091015-1_0.o-f_lto_20091015-1_2.o execute -O0 -flto
FAIL: gfortran.dg/lto/20091015-1 f_lto_20091015-1_0.o-f_lto_20091015-1_2.o link
UNRESOLVED: gfortran.dg/lto/20091015-1 f_lto_20091015-1_0.o-f_lto_20091015-1_2.o execute -O2 -flto
=== gfortran Summary for unix ===
# of expected passes 33893
# of unexpected failures 9
# of expected failures 21
# of unresolved testcases 4
# of unsupported tests 145
Running target unix/-m64
FAIL: gfortran.dg/lto/20091015-1 f_lto_20091015-1_0.o-f_lto_20091015-1_2.o link
UNRESOLVED: gfortran.dg/lto/20091015-1 f_lto_20091015-1_0.o-f_lto_20091015-1_2.o execute -O0 -fwhopr
FAIL: gfortran.dg/lto/20091015-1 f_lto_20091015-1_0.o-f_lto_20091015-1_2.o link
UNRESOLVED: gfortran.dg/lto/20091015-1 f_lto_20091015-1_0.o-f_lto_20091015-1_2.o execute -O2 -fwhopr
FAIL: gfortran.dg/lto/20091015-1 f_lto_20091015-1_0.o-f_lto_20091015-1_2.o link
UNRESOLVED: gfortran.dg/lto/20091015-1 f_lto_20091015-1_0.o-f_lto_20091015-1_2.o execute -O0 -flto
FAIL: gfortran.dg/lto/20091015-1 f_lto_20091015-1_0.o-f_lto_20091015-1_2.o link
UNRESOLVED: gfortran.dg/lto/20091015-1 f_lto_20091015-1_0.o-f_lto_20091015-1_2.o execute -O2 -flto
=== gfortran Summary for unix/-m64 ===
# of expected passes 34059
# of unexpected failures 4
# of expected failures 21
# of unresolved testcases 4
# of unsupported tests 69
=== gfortran Summary ===
# of expected passes 67952
# of unexpected failures 13
# of expected failures 42
# of unresolved testcases 8
# of unsupported tests 214
/vol/gcc/obj/regression/gcc-4.5-branch/11-gcc/build/gcc/testsuite/gfortran/../../gfortran version 4.5.1 20100416 (prerelease) (GCC)
=== gnat tests ===
Running target unix
FAIL: gnat.dg/null_pointer_deref1.adb execution test
FAIL: gnat.dg/null_pointer_deref2.adb execution test
FAIL: gnat.dg/stack_check1.adb execution test
FAIL: gnat.dg/stack_check2.adb execution test
=== gnat Summary for unix ===
# of expected passes 752
# of unexpected failures 4
# of expected failures 7
# of unsupported tests 1
Running target unix/-m64
FAIL: gnat.dg/null_pointer_deref1.adb execution test
FAIL: gnat.dg/null_pointer_deref2.adb execution test
FAIL: gnat.dg/stack_check1.adb execution test
FAIL: gnat.dg/stack_check2.adb execution test
=== gnat Summary for unix/-m64 ===
# of expected passes 752
# of unexpected failures 4
# of expected failures 7
# of unsupported tests 1
=== gnat Summary ===
# of expected passes 1504
# of unexpected failures 8
# of expected failures 14
# of unsupported tests 2
=== objc tests ===
Running target unix
=== objc Summary for unix ===
# of expected passes 1876
# of expected failures 7
# of unsupported tests 21
Running target unix/-m64
=== objc Summary for unix/-m64 ===
# of expected passes 1868
# of expected failures 15
# of unsupported tests 21
=== objc Summary ===
# of expected passes 3744
# of expected failures 22
# of unsupported tests 42
/vol/gcc/obj/regression/gcc-4.5-branch/11-gcc/build/gcc/xgcc version 4.5.1 20100416 (prerelease) (GCC)
=== libffi tests ===
Running target unix
=== libffi Summary for unix ===
# of expected passes 1624
# of expected failures 10
# of unsupported tests 15
Running target unix/-m64
=== libffi Summary for unix/-m64 ===
# of expected passes 1624
# of expected failures 10
# of unsupported tests 15
=== libffi Summary ===
# of expected passes 3248
# of expected failures 20
# of unsupported tests 30
=== libgomp tests ===
Running target unix
=== libgomp Summary for unix ===
# of expected passes 2456
# of unsupported tests 2
Running target unix/-m64
FAIL: libgomp.c/atomic-2.c (test for excess errors)
WARNING: libgomp.c/atomic-2.c compilation failed to produce executable
FAIL: libgomp.c/atomic-5.c (test for excess errors)
WARNING: libgomp.c/atomic-5.c compilation failed to produce executable
FAIL: libgomp.c/copyin-3.c execution test
FAIL: libgomp.c/nqueens-1.c execution test
FAIL: libgomp.c/pr24455.c execution test
FAIL: libgomp.c++/ctor-10.C -O0 execution test
FAIL: libgomp.c++/ctor-10.C -O1 execution test
FAIL: libgomp.c++/ctor-10.C -O2 execution test
FAIL: libgomp.c++/ctor-10.C -O3 -fomit-frame-pointer execution test
FAIL: libgomp.c++/ctor-10.C -O3 -fomit-frame-pointer -funroll-loops execution test
FAIL: libgomp.c++/ctor-10.C -O3 -fomit-frame-pointer -funroll-all-loops -finline-functions execution test
FAIL: libgomp.c++/ctor-10.C -O3 -g execution test
FAIL: libgomp.c++/ctor-10.C -Os execution test
FAIL: libgomp.c++/pr24455.C -O0 execution test
FAIL: libgomp.c++/pr24455.C -O1 execution test
FAIL: libgomp.c++/pr24455.C -O2 execution test
FAIL: libgomp.c++/pr24455.C -O3 -fomit-frame-pointer execution test
FAIL: libgomp.c++/pr24455.C -O3 -fomit-frame-pointer -funroll-loops execution test
FAIL: libgomp.c++/pr24455.C -O3 -fomit-frame-pointer -funroll-all-loops -finline-functions execution test
FAIL: libgomp.c++/pr24455.C -O3 -g execution test
FAIL: libgomp.c++/pr24455.C -Os execution test
FAIL: libgomp.fortran/appendix-a/a.22.8.f90 -O0 execution test
FAIL: libgomp.fortran/appendix-a/a.22.8.f90 -O1 execution test
FAIL: libgomp.fortran/appendix-a/a.22.8.f90 -O2 execution test
FAIL: libgomp.fortran/appendix-a/a.22.8.f90 -O3 -fomit-frame-pointer execution test
FAIL: libgomp.fortran/appendix-a/a.22.8.f90 -O3 -fomit-frame-pointer -funroll-loops execution test
FAIL: libgomp.fortran/appendix-a/a.22.8.f90 -O3 -fomit-frame-pointer -funroll-all-loops -finline-functions execution test
FAIL: libgomp.fortran/appendix-a/a.22.8.f90 -O3 -g execution test
FAIL: libgomp.fortran/appendix-a/a.22.8.f90 -Os execution test
FAIL: libgomp.fortran/threadprivate1.f90 -O0 execution test
FAIL: libgomp.fortran/threadprivate1.f90 -O1 execution test
FAIL: libgomp.fortran/threadprivate1.f90 -O2 execution test
FAIL: libgomp.fortran/threadprivate1.f90 -O3 -fomit-frame-pointer execution test
FAIL: libgomp.fortran/threadprivate1.f90 -O3 -fomit-frame-pointer -funroll-loops execution test
FAIL: libgomp.fortran/threadprivate1.f90 -O3 -fomit-frame-pointer -funroll-all-loops -finline-functions execution test
FAIL: libgomp.fortran/threadprivate1.f90 -O3 -g execution test
FAIL: libgomp.fortran/threadprivate1.f90 -Os execution test
FAIL: libgomp.fortran/threadprivate2.f90 -O0 execution test
FAIL: libgomp.fortran/threadprivate2.f90 -O1 execution test
FAIL: libgomp.fortran/threadprivate2.f90 -O2 execution test
FAIL: libgomp.fortran/threadprivate2.f90 -O3 -fomit-frame-pointer execution test
FAIL: libgomp.fortran/threadprivate2.f90 -O3 -fomit-frame-pointer -funroll-loops execution test
FAIL: libgomp.fortran/threadprivate2.f90 -O3 -fomit-frame-pointer -funroll-all-loops -finline-functions execution test
FAIL: libgomp.fortran/threadprivate2.f90 -O3 -g execution test
FAIL: libgomp.fortran/threadprivate2.f90 -Os execution test
=== libgomp Summary for unix/-m64 ===
# of expected passes 2409
# of unexpected failures 45
# of unsupported tests 2
=== libgomp Summary ===
# of expected passes 4865
# of unexpected failures 45
# of unsupported tests 4
=== libjava tests ===
Running target unix
FAIL: Throw_2 execution - source compiled test
FAIL: Throw_2 -findirect-dispatch execution - source compiled test
FAIL: Throw_2 -O3 execution - source compiled test
FAIL: Throw_2 -O3 -findirect-dispatch execution - source compiled test
=== libjava Summary for unix ===
# of expected passes 2566
# of unexpected failures 4
# of untested testcases 4
Running target unix/-m64
FAIL: PR16923 run
FAIL: Throw_2 execution - source compiled test
FAIL: Throw_2 -findirect-dispatch execution - source compiled test
FAIL: Throw_2 -O3 execution - source compiled test
FAIL: Throw_2 -O3 -findirect-dispatch execution - source compiled test
=== libjava Summary for unix/-m64 ===
# of expected passes 2565
# of unexpected failures 5
# of untested testcases 5
=== libjava Summary ===
# of expected passes 5131
# of unexpected failures 9
# of untested testcases 9
=== libstdc++ tests ===
Running target unix
FAIL: ext/profile/all.cc (test for excess errors)
=== libstdc++ Summary for unix ===
# of expected passes 6687
# of unexpected failures 1
# of expected failures 92
# of unsupported tests 436
Running target unix/-m64
FAIL: ext/profile/all.cc (test for excess errors)
=== libstdc++ Summary for unix/-m64 ===
# of expected passes 6687
# of unexpected failures 1
# of expected failures 92
# of unsupported tests 436
=== libstdc++ Summary ===
# of expected passes 13374
# of unexpected failures 2
# of expected failures 184
# of unsupported tests 872
=== libstdc++ Summary ===
Compiler version: 4.5.1 20100416 (prerelease) (GCC)
Platform: i386-pc-solaris2.11
configure flags: --prefix=/vol/gcc --target=i386-pc-solaris2.11 --with-gmp=/vol/gcc --with-mpfr=/vol/gcc --with-mpc=/vol/gcc --enable-languages=all,ada
BOOT_CFLAGS=-g -O2