This is the mail archive of the
gcc-testresults@gcc.gnu.org
mailing list for the GCC project.
Results for 4.5.0 (GCC) testsuite on x86_64-apple-darwin10.3.0
- From: scottwales at coater dot physics dot usyd dot edu dot au (Scott Wales)
- To: gcc-testresults at gcc dot gnu dot org
- Date: Mon, 19 Apr 2010 18:28:52 +1000 (EST)
- Subject: Results for 4.5.0 (GCC) testsuite on x86_64-apple-darwin10.3.0
LAST_UPDATED: Obtained from SVN: tags/gcc_4_5_0_release revision 158339
Native configuration is x86_64-apple-darwin10.3.0
=== g++ tests ===
Running target unix
FAIL: g++.dg/abi/mangle40.C scan-assembler weak[^\\n]*_Z1fIDv4_fEvT_
FAIL: g++.dg/abi/mangle40.C scan-assembler weak[^\\n]*_ZN1AIDv4_fE1tE
WARNING: g++.dg/ext/label13.C compilation failed to produce executable
FAIL: g++.dg/tree-prof/partition1.C compilation, -g -fprofile-use
UNRESOLVED: g++.dg/tree-prof/partition1.C execution, -g -fprofile-use
FAIL: g++.dg/tree-prof/partition1.C compilation, -O3 -g -fprofile-use
UNRESOLVED: g++.dg/tree-prof/partition1.C execution, -O3 -g -fprofile-use
=== g++ Summary ===
# of expected passes 21391
# of unexpected failures 4
# of expected failures 150
# of unresolved testcases 2
# of unsupported tests 325
/Users/scottwales/src/gcc-4.5.0/objdir/gcc/testsuite/g++/../../g++ version 4.5.0 (GCC)
=== gcc tests ===
Running target unix
FAIL: gcc.dg/debug/dwarf2/aranges-fnsec-1.c scan-assembler DW_AT_ranges
FAIL: gcc.dg/framework-1.c (test for excess errors)
FAIL: gcc.dg/torture/builtin-math-7.c -O0 execution test
FAIL: gcc.dg/torture/builtin-math-7.c -O1 execution test
FAIL: gcc.dg/torture/builtin-math-7.c -O2 execution test
FAIL: gcc.dg/torture/builtin-math-7.c -O3 -fomit-frame-pointer execution test
FAIL: gcc.dg/torture/builtin-math-7.c -O3 -fomit-frame-pointer -funroll-loops execution test
FAIL: gcc.dg/torture/builtin-math-7.c -O3 -fomit-frame-pointer -funroll-all-loops -finline-functions execution test
FAIL: gcc.dg/torture/builtin-math-7.c -O3 -g execution test
FAIL: gcc.dg/torture/builtin-math-7.c -Os execution test
FAIL: gcc.target/i386/sse-19.c scan-assembler punpcklbw
=== gcc Summary ===
# of expected passes 58677
# of unexpected failures 11
# of expected failures 167
# of unsupported tests 1448
/Users/scottwales/src/gcc-4.5.0/objdir/gcc/xgcc version 4.5.0 (GCC)
=== gfortran tests ===
Running target unix
=== gfortran Summary ===
# of expected passes 33833
# of expected failures 21
# of unsupported tests 73
/Users/scottwales/src/gcc-4.5.0/objdir/gcc/testsuite/gfortran/../../gfortran version 4.5.0 (GCC)
=== objc tests ===
Running target unix
FAIL: objc.dg/objc-gc-4.m -fgnu-runtime (internal compiler error)
FAIL: objc.dg/objc-gc-4.m -fgnu-runtime (test for excess errors)
FAIL: objc.dg/headers.m -fnext-runtime (test for excess errors)
FAIL: objc.dg/next-runtime-1.m scan-assembler L_OBJC_MODULES:\\n[ \\t]*.long\\t6\\n
FAIL: objc.dg/no-extra-load.m -fnext-runtime (test for excess errors)
ERROR: objc.dg/no-extra-load.m: error executing dg-final: couldn't open "no-extra-load.s": no such file or directory
UNRESOLVED: objc.dg/no-extra-load.m: error executing dg-final: couldn't open "no-extra-load.s": no such file or directory
FAIL: objc.dg/stret-2.m scan-assembler objc_msgSend_stret
FAIL: objc.dg/stret-2.m scan-assembler-not objc_msgSend[^_S]
FAIL: objc.dg/stret-2.m scan-assembler-not objc_msgSendSuper[^_]
FAIL: objc.dg/stubify-1.m -fnext-runtime (test for excess errors)
ERROR: objc.dg/stubify-1.m: error executing dg-final: couldn't open "stubify-1.s": no such file or directory
UNRESOLVED: objc.dg/stubify-1.m: error executing dg-final: couldn't open "stubify-1.s": no such file or directory
FAIL: objc.dg/stubify-2.m -fnext-runtime (test for excess errors)
FAIL: objc.dg/stubify-2.m -fnext-runtime scan-rtl-dump-not jump "symbol_ref.*"objc_msgSend"": dump file does not exist
FAIL: objc.dg/symtab-1.m scan-assembler L_OBJC_SYMBOLS.*:\\n\\t.long\\t0\\n\\t.long\\t0\\n\\t.short\\t2\\n\\t.short\\t0\\n\\t.long\\tL_OBJC_CLASS_Derived.*\\n\\t.long\\tL_OBJC_CLASS_Base.*\\n
=== objc Summary ===
# of expected passes 2425
# of unexpected failures 12
# of expected failures 40
# of unresolved testcases 2
# of unsupported tests 25
/Users/scottwales/src/gcc-4.5.0/objdir/gcc/xgcc version 4.5.0 (GCC)
=== libffi tests ===
Running target unix
=== libffi Summary ===
# of expected passes 1624
# of expected failures 10
# of unsupported tests 15
=== libgomp tests ===
Running target unix
=== libgomp Summary ===
# of expected passes 2456
# of unsupported tests 2
=== libjava tests ===
Running target unix
=== libjava Summary ===
# of expected passes 2574
=== libstdc++ tests ===
Running target unix
=== libstdc++ Summary ===
# of expected passes 6462
# of expected failures 89
# of unsupported tests 547
Compiler version: 4.5.0 (GCC)
Platform: x86_64-apple-darwin10.3.0
configure flags: --prefix=/usr/local/gcc-4.5.0 --program-suffix=-4.5 --with-gmp=/usr/local/gmp-5.0.1/ --with-mpfr=/usr/local/mpfr-2.4.2/ --with-mpc=/usr/local/mpc-0.8.1/ --enable-threads --with-arch=core2 --with-fpmath=sse CC=gcc