This is the mail archive of the gcc-testresults@gcc.gnu.org mailing list for the GCC project.


Index Nav: [Date Index] [Subject Index] [Author Index] [Thread Index]
Message Nav: [Date Prev] [Date Next] [Thread Prev] [Thread Next]
Other format: [Raw text]

Results for 4.5.0 (GCC) testsuite on i386-pc-mingw32


LAST_UPDATED: Obtained from SVN: tags/gcc_4_5_0_release revision 158339

		=== acats tests ===
FAIL:	c23003b
FAIL:	c23003g
FAIL:	c23003i
FAIL:	c250002
FAIL:	cb1010a

		=== acats Summary ===
# of expected passes		2316
# of unexpected failures	5
Native configuration is i386-pc-mingw32

		=== g++ tests ===


Running target unix/-Wl,--enable-auto-import
FAIL: g++.dg/abi/local1.C execution test
FAIL: g++.dg/abi/mangle36.C (test for excess errors)
ERROR: g++.dg/abi/mangle36.C: error executing dg-final: couldn't open "mangle36.s": no such file or directory
UNRESOLVED: g++.dg/abi/mangle36.C: error executing dg-final: couldn't open "mangle36.s": no such file or directory
FAIL: g++.dg/abi/mangle40.C (test for excess errors)
ERROR: g++.dg/abi/mangle40.C: error executing dg-final: couldn't open "mangle40.s": no such file or directory
UNRESOLVED: g++.dg/abi/mangle40.C: error executing dg-final: couldn't open "mangle40.s": no such file or directory
FAIL: g++.dg/abi/mangle41.C (test for excess errors)
FAIL: g++.dg/abi/thunk5.C scan-assembler weak.*ZTv
FAIL: g++.dg/eh/cleanup1.C (test for excess errors)
FAIL: g++.dg/ext/dllimport7.C C++ specific error (test for errors, line 24)
FAIL: g++.dg/ext/selectany1.C scan-assembler-dem \\nguard variable for x:
FAIL: g++.dg/init/cleanup3.C scan-assembler-not _tcf
FAIL: g++.dg/other/i386-2.C (test for excess errors)
FAIL: g++.dg/other/i386-3.C (test for excess errors)
FAIL: ./array-1.H (test for excess errors)
FAIL: g++.dg/pch/array-1.C -g
FAIL: g++.dg/pch/array-1.C -g assembly comparison
FAIL: ./array-1.H (test for excess errors)
FAIL: g++.dg/pch/array-1.C -O2 -g
FAIL: g++.dg/pch/array-1.C -O2 -g assembly comparison
FAIL: ./array-1.H (test for excess errors)
FAIL: g++.dg/pch/array-1.C -O2
FAIL: g++.dg/pch/array-1.C -O2 assembly comparison
FAIL: ./empty.H (test for excess errors)
FAIL: g++.dg/pch/empty.C -g
FAIL: g++.dg/pch/empty.C -g assembly comparison
FAIL: ./empty.H (test for excess errors)
FAIL: g++.dg/pch/empty.C -O2 -g
FAIL: g++.dg/pch/empty.C -O2 -g assembly comparison
FAIL: ./empty.H (test for excess errors)
FAIL: g++.dg/pch/empty.C -O2
FAIL: g++.dg/pch/empty.C -O2 assembly comparison
FAIL: ./externc-1.H (test for excess errors)
FAIL: g++.dg/pch/externc-1.C -g
FAIL: g++.dg/pch/externc-1.C -g assembly comparison
FAIL: ./externc-1.H (test for excess errors)
FAIL: g++.dg/pch/externc-1.C -O2 -g
FAIL: g++.dg/pch/externc-1.C -O2 -g assembly comparison
FAIL: ./externc-1.H (test for excess errors)
FAIL: g++.dg/pch/externc-1.C -O2
FAIL: g++.dg/pch/externc-1.C -O2 assembly comparison
FAIL: ./local-1.H (test for excess errors)
FAIL: g++.dg/pch/local-1.C -g
FAIL: g++.dg/pch/local-1.C -g assembly comparison
FAIL: ./local-1.H (test for excess errors)
FAIL: g++.dg/pch/local-1.C -O2 -g
FAIL: g++.dg/pch/local-1.C -O2 -g assembly comparison
FAIL: ./local-1.H (test for excess errors)
FAIL: g++.dg/pch/local-1.C -O2
FAIL: g++.dg/pch/local-1.C -O2 assembly comparison
FAIL: ./pch.H (test for excess errors)
FAIL: g++.dg/pch/pch.C -g
FAIL: g++.dg/pch/pch.C -g assembly comparison
FAIL: ./pch.H (test for excess errors)
FAIL: g++.dg/pch/pch.C -O2 -g
FAIL: g++.dg/pch/pch.C -O2 -g assembly comparison
FAIL: ./pch.H (test for excess errors)
FAIL: g++.dg/pch/pch.C -O2
FAIL: g++.dg/pch/pch.C -O2 assembly comparison
FAIL: ./static-1.H (test for excess errors)
FAIL: g++.dg/pch/static-1.C -g
FAIL: g++.dg/pch/static-1.C -g assembly comparison
FAIL: ./static-1.H (test for excess errors)
FAIL: g++.dg/pch/static-1.C -O2 -g
FAIL: g++.dg/pch/static-1.C -O2 -g assembly comparison
FAIL: ./static-1.H (test for excess errors)
FAIL: g++.dg/pch/static-1.C -O2
FAIL: g++.dg/pch/static-1.C -O2 assembly comparison
FAIL: ./system-1.H (test for excess errors)
FAIL: g++.dg/pch/system-1.C -g
FAIL: g++.dg/pch/system-1.C -g assembly comparison
FAIL: ./system-1.H (test for excess errors)
FAIL: g++.dg/pch/system-1.C -O2 -g
FAIL: g++.dg/pch/system-1.C -O2 -g assembly comparison
FAIL: ./system-1.H (test for excess errors)
FAIL: g++.dg/pch/system-1.C -O2
FAIL: g++.dg/pch/system-1.C -O2 assembly comparison
FAIL: ./system-2.H (test for excess errors)
FAIL: g++.dg/pch/system-2.C -g
FAIL: g++.dg/pch/system-2.C -g assembly comparison
FAIL: ./system-2.H (test for excess errors)
FAIL: g++.dg/pch/system-2.C -O2 -g
FAIL: g++.dg/pch/system-2.C -O2 -g assembly comparison
FAIL: ./system-2.H (test for excess errors)
FAIL: g++.dg/pch/system-2.C -O2
FAIL: g++.dg/pch/system-2.C -O2 assembly comparison
FAIL: ./template-1.H (test for excess errors)
FAIL: g++.dg/pch/template-1.C -g
FAIL: g++.dg/pch/template-1.C -g assembly comparison
FAIL: ./template-1.H (test for excess errors)
FAIL: g++.dg/pch/template-1.C -O2 -g
FAIL: g++.dg/pch/template-1.C -O2 -g assembly comparison
FAIL: ./template-1.H (test for excess errors)
FAIL: g++.dg/pch/template-1.C -O2
FAIL: g++.dg/pch/template-1.C -O2 assembly comparison
FAIL: ./uninst.H (test for excess errors)
FAIL: g++.dg/pch/uninst.C -g
FAIL: g++.dg/pch/uninst.C -g assembly comparison
FAIL: ./uninst.H (test for excess errors)
FAIL: g++.dg/pch/uninst.C -O2 -g
FAIL: g++.dg/pch/uninst.C -O2 -g assembly comparison
FAIL: ./uninst.H (test for excess errors)
FAIL: g++.dg/pch/uninst.C -O2
FAIL: g++.dg/pch/uninst.C -O2 assembly comparison
FAIL: ./wchar-1.H (test for excess errors)
FAIL: g++.dg/pch/wchar-1.C -g
FAIL: g++.dg/pch/wchar-1.C -g assembly comparison
FAIL: ./wchar-1.H (test for excess errors)
FAIL: g++.dg/pch/wchar-1.C -O2 -g
FAIL: g++.dg/pch/wchar-1.C -O2 -g assembly comparison
FAIL: ./wchar-1.H (test for excess errors)
FAIL: g++.dg/pch/wchar-1.C -O2
FAIL: g++.dg/pch/wchar-1.C -O2 assembly comparison
FAIL: g++.old-deja/g++.abi/cxa_vec.C execution test
FAIL: g++.old-deja/g++.brendan/new3.C execution test

		=== g++ Summary ===

# of expected passes		23059
# of unexpected failures	112
# of expected failures		152
# of unresolved testcases	2
# of unsupported tests		281
/projetos/gcc/build/gcc/testsuite/g++/../../g++  version 4.5.0 (GCC) 

		=== gcc tests ===


Running target unix
FAIL: gcc.c-torture/compile/limits-declparen.c (test for excess errors)
FAIL: gcc.c-torture/compile/limits-exprparen.c (test for excess errors)
FAIL: gcc.c-torture/compile/limits-exprparen.c (test for excess errors)
FAIL: gcc.c-torture/compile/limits-exprparen.c (test for excess errors)
FAIL: gcc.c-torture/compile/limits-exprparen.c (test for excess errors)
FAIL: gcc.c-torture/compile/limits-exprparen.c (test for excess errors)
FAIL: gcc.c-torture/compile/limits-exprparen.c (test for excess errors)
FAIL: gcc.c-torture/compile/limits-pointer.c (test for excess errors)
FAIL: gcc.c-torture/compile/limits-structnest.c (test for excess errors)
FAIL: gcc.c-torture/compile/limits-structnest.c (test for excess errors)
FAIL: gcc.c-torture/compile/limits-structnest.c (test for excess errors)
FAIL: gcc.c-torture/compile/limits-structnest.c (test for excess errors)
FAIL: gcc.c-torture/compile/limits-structnest.c (test for excess errors)
FAIL: gcc.c-torture/compile/limits-structnest.c (test for excess errors)
FAIL: gcc.dg/20020425-1.c (test for excess errors)
FAIL: gcc.dg/alias-7.c execution test
FAIL: gcc.dg/pr38616.c (test for excess errors)
FAIL: gcc.dg/pr38902.c (test for excess errors)
FAIL: gcc.dg/ssp-1.c (test for excess errors)
FAIL: gcc.dg/ssp-2.c (test for excess errors)
FAIL: gcc.dg/tree-prof/val-prof-7.c compilation,  -fprofile-generate -D_PROFILE_GENERATE
UNRESOLVED: gcc.dg/tree-prof/val-prof-7.c execution,    -fprofile-generate -D_PROFILE_GENERATE
UNRESOLVED: gcc.dg/tree-prof/val-prof-7.c compilation,  -fprofile-use -D_PROFILE_USE
UNRESOLVED: gcc.dg/tree-prof/val-prof-7.c execution,    -fprofile-use -D_PROFILE_USE
XPASS: gcc.dg/tree-ssa/20040204-1.c scan-tree-dump-times optimized "link_error" 0
FAIL: gcc.dg/tree-ssa/ltrans-1.c scan-tree-dump-times ltrans "converted loop nest to perfect loop nest" 1
FAIL: gcc.dg/tree-ssa/ltrans-1.c scan-tree-dump-times ltrans "transformed loop" 1
FAIL: gcc.dg/tree-ssa/ltrans-3.c scan-tree-dump-times ltrans "transformed loop" 1
FAIL: gcc.dg/tree-ssa/ltrans-4.c scan-tree-dump-times ltrans "transformed loop" 1
FAIL: gcc.dg/tree-ssa/ltrans-5.c scan-tree-dump-times ltrans "transformed loop" 1
FAIL: gcc.dg/tree-ssa/ltrans-6.c scan-tree-dump-times ltrans "transformed loop" 1
FAIL: gcc.dg/tree-ssa/ltrans-8.c scan-tree-dump-times ltrans "transformed loop" 1
FAIL: gcc.dg/tree-ssa/pr36881.c scan-assembler-not CSWTCH
FAIL: gcc.dg/tree-ssa/pr36881.c scan-tree-dump switchconv "need runtime relocations"
FAIL: gcc.dg/tree-ssa/ssa-store-ccp-2.c scan-tree-dump-times optimized "conststaticvariable" 1
FAIL: gcc.dg/tree-ssa/ssa-store-ccp-4.c scan-tree-dump-times optimized "conststaticvariable" 1
FAIL: gcc.dg/tree-ssa/vrp47.c scan-tree-dump-times vrp1 "[xy][^ ]* !=" 0
FAIL: gcc.dg/tree-ssa/vrp47.c scan-tree-dump-times dom1 "x[^ ]* & y" 1
FAIL: gcc.dg/tree-ssa/vrp47.c scan-tree-dump-times vrp1 "x[^ ]* [|] y" 1
FAIL: gcc.target/i386/pr37843-4.c scan-assembler jmp[\\\\t ]*foo
FAIL: gcc.target/i386/pr40906-1.c (test for excess errors)
FAIL: gcc.target/i386/pr40906-2.c (test for excess errors)
XPASS: gcc.target/i386/push-1.c scan-assembler-not movups

		=== gcc Summary ===

# of expected passes		65676
# of unexpected failures	38
# of unexpected successes	2
# of expected failures		165
# of unresolved testcases	3
# of unsupported tests		612
/projetos/gcc/build/gcc/xgcc  version 4.5.0 (GCC) 

		=== gfortran tests ===


Running target unix
FAIL: gfortran.dg/array_constructor_23.f execution test
FAIL: gfortran.dg/array_constructor_23.f execution test
FAIL: gfortran.dg/array_constructor_23.f execution test
FAIL: gfortran.dg/array_constructor_23.f execution test
FAIL: gfortran.dg/atan2_1.f90 execution test
FAIL: gfortran.dg/binding_label_tests_4.f03 (test for excess errors)
FAIL: gfortran.dg/complex_intrinsic_5.f90 execution test
FAIL: gfortran.dg/complex_intrinsic_5.f90 execution test
FAIL: gfortran.dg/complex_intrinsic_5.f90 execution test
FAIL: gfortran.dg/complex_intrinsic_5.f90 execution test
FAIL: gfortran.dg/complex_intrinsic_5.f90 execution test
FAIL: gfortran.dg/complex_intrinsic_5.f90 execution test
FAIL: gfortran.dg/complex_intrinsic_5.f90 execution test
FAIL: gfortran.dg/complex_intrinsic_5.f90 execution test
FAIL: gfortran.dg/ctrl-z.f90 (test for excess errors)
FAIL: gfortran.dg/dev_null.F90 execution test
FAIL: gfortran.dg/dev_null.F90 execution test
FAIL: gfortran.dg/dev_null.F90 execution test
FAIL: gfortran.dg/dev_null.F90 execution test
FAIL: gfortran.dg/dev_null.F90 execution test
FAIL: gfortran.dg/dev_null.F90 execution test
FAIL: gfortran.dg/dev_null.F90 execution test
FAIL: gfortran.dg/dev_null.F90 execution test
FAIL: gfortran.dg/empty_label.f (test for excess errors)
FAIL: gfortran.dg/empty_label.f90 (test for excess errors)
FAIL: gfortran.dg/ftell_3.f90 execution test
FAIL: gfortran.dg/ftell_3.f90 execution test
FAIL: gfortran.dg/ftell_3.f90 execution test
FAIL: gfortran.dg/ftell_3.f90 execution test
FAIL: gfortran.dg/ftell_3.f90 execution test
FAIL: gfortran.dg/ftell_3.f90 execution test
FAIL: gfortran.dg/ftell_3.f90 execution test
FAIL: gfortran.dg/ftell_3.f90 execution test
FAIL: gfortran.dg/initialization_20.f90 (test for excess errors)
FAIL: gfortran.dg/inquire_size.f90 execution test
FAIL: gfortran.dg/inquire_size.f90 execution test
FAIL: gfortran.dg/inquire_size.f90 execution test
FAIL: gfortran.dg/inquire_size.f90 execution test
FAIL: gfortran.dg/inquire_size.f90 execution test
FAIL: gfortran.dg/inquire_size.f90 execution test
FAIL: gfortran.dg/inquire_size.f90 execution test
FAIL: gfortran.dg/inquire_size.f90 execution test
FAIL: gfortran.dg/ltrans-7.f90 scan-tree-dump-times ltrans "transformed loop" 1
XPASS: gfortran.dg/nint_2.f90 execution test
FAIL: gfortran.dg/streamio_16.f90 execution test
FAIL: gfortran.dg/streamio_16.f90 execution test
FAIL: gfortran.dg/streamio_16.f90 execution test
FAIL: gfortran.dg/streamio_16.f90 execution test
FAIL: gfortran.dg/streamio_16.f90 execution test
FAIL: gfortran.dg/streamio_16.f90 execution test
FAIL: gfortran.dg/streamio_16.f90 execution test
FAIL: gfortran.dg/streamio_16.f90 execution test
FAIL: gfortran.dg/write_to_null.F90 execution test
FAIL: gfortran.dg/write_to_null.F90 execution test
FAIL: gfortran.dg/write_to_null.F90 execution test
FAIL: gfortran.dg/write_to_null.F90 execution test
FAIL: gfortran.dg/write_to_null.F90 execution test
FAIL: gfortran.dg/write_to_null.F90 execution test
FAIL: gfortran.dg/write_to_null.F90 execution test
FAIL: gfortran.dg/write_to_null.F90 execution test

		=== gfortran Summary ===

# of expected passes		33584
# of unexpected failures	59
# of unexpected successes	1
# of expected failures		21
# of unsupported tests		208
/projetos/gcc/build/gcc/testsuite/gfortran/../../gfortran  version 4.5.0 (GCC) 

		=== gnat tests ===


Running target unix
FAIL: gnat.dg/null_pointer_deref1.adb execution test
FAIL: gnat.dg/stack_check1.adb execution test
FAIL: gnat.dg/stack_check2.adb execution test
FAIL: gnat.dg/test_raise_from_pure.adb execution test

		=== gnat Summary ===

# of expected passes		754
# of unexpected failures	4
# of expected failures		7
		=== obj-c++ tests ===


Running target unix
FAIL: obj-c++.dg/basic.mm (test for excess errors)
WARNING: obj-c++.dg/basic.mm compilation failed to produce executable
FAIL: obj-c++.dg/bitfield-2.mm (test for excess errors)
WARNING: obj-c++.dg/bitfield-2.mm compilation failed to produce executable
XPASS: obj-c++.dg/comp-types-10.mm (test for excess errors)
FAIL: obj-c++.dg/const-str-7.mm (test for excess errors)
WARNING: obj-c++.dg/const-str-7.mm compilation failed to produce executable
FAIL: obj-c++.dg/cxx-ivars-1.mm (test for excess errors)
WARNING: obj-c++.dg/cxx-ivars-1.mm compilation failed to produce executable
FAIL: obj-c++.dg/cxx-scope-1.mm (test for excess errors)
WARNING: obj-c++.dg/cxx-scope-1.mm compilation failed to produce executable
FAIL: obj-c++.dg/defs.mm (test for excess errors)
WARNING: obj-c++.dg/defs.mm compilation failed to produce executable
FAIL: obj-c++.dg/encode-4.mm (test for excess errors)
WARNING: obj-c++.dg/encode-4.mm compilation failed to produce executable
FAIL: obj-c++.dg/encode-5.mm (test for excess errors)
WARNING: obj-c++.dg/encode-5.mm compilation failed to produce executable
FAIL: obj-c++.dg/encode-6.mm (test for excess errors)
WARNING: obj-c++.dg/encode-6.mm compilation failed to produce executable
FAIL: obj-c++.dg/except-1.mm (test for excess errors)
WARNING: obj-c++.dg/except-1.mm compilation failed to produce executable
FAIL: obj-c++.dg/gnu-runtime-3.mm (test for excess errors)
WARNING: obj-c++.dg/gnu-runtime-3.mm compilation failed to produce executable
WARNING: obj-c++.dg/lookup-2.mm compilation failed to produce executable
FAIL: obj-c++.dg/method-10.mm (test for excess errors)
WARNING: obj-c++.dg/method-10.mm compilation failed to produce executable
FAIL: obj-c++.dg/method-17.mm (test for excess errors)
WARNING: obj-c++.dg/method-17.mm compilation failed to produce executable
FAIL: obj-c++.dg/method-19.mm (test for excess errors)
WARNING: obj-c++.dg/method-19.mm compilation failed to produce executable
FAIL: obj-c++.dg/proto-lossage-3.mm (test for excess errors)
WARNING: obj-c++.dg/proto-lossage-3.mm compilation failed to produce executable
FAIL: obj-c++.dg/proto-qual-1.mm (test for excess errors)
WARNING: obj-c++.dg/proto-qual-1.mm compilation failed to produce executable
FAIL: obj-c++.dg/qual-types-1.mm (test for excess errors)
WARNING: obj-c++.dg/qual-types-1.mm compilation failed to produce executable
FAIL: obj-c++.dg/template-1.mm (test for excess errors)
WARNING: obj-c++.dg/template-1.mm compilation failed to produce executable
FAIL: obj-c++.dg/template-3.mm (test for excess errors)
WARNING: obj-c++.dg/template-3.mm compilation failed to produce executable
FAIL: obj-c++.dg/template-4.mm (test for excess errors)
WARNING: obj-c++.dg/template-4.mm compilation failed to produce executable
WARNING: obj-c++.dg/try-catch-2.mm compilation failed to produce executable
WARNING: obj-c++.dg/try-catch-9.mm compilation failed to produce executable
FAIL: obj-c++.dg/va-meth-1.mm (test for excess errors)
WARNING: obj-c++.dg/va-meth-1.mm compilation failed to produce executable

		=== obj-c++ Summary ===

# of expected passes		394
# of unexpected failures	21
# of unexpected successes	1
# of expected failures		6
# of unsupported tests		13
/projetos/gcc/build/gcc/testsuite/obj-c++/../../g++  version 4.5.0 (GCC) 

		=== objc tests ===


Running target unix
FAIL: objc.dg/bitfield-1.m (test for excess errors)
WARNING: objc.dg/bitfield-1.m compilation failed to produce executable
FAIL: objc.dg/call-super-1.m (test for excess errors)
WARNING: objc.dg/call-super-1.m compilation failed to produce executable
FAIL: objc.dg/call-super-3.m (test for excess errors)
WARNING: objc.dg/call-super-3.m compilation failed to produce executable
FAIL: objc.dg/category-1.m (test for excess errors)
WARNING: objc.dg/category-1.m compilation failed to produce executable
FAIL: objc.dg/const-str-3.m (test for excess errors)
WARNING: objc.dg/const-str-3.m compilation failed to produce executable
FAIL: objc.dg/const-str-4.m (test for excess errors)
WARNING: objc.dg/const-str-4.m compilation failed to produce executable
FAIL: objc.dg/const-str-7.m (test for excess errors)
WARNING: objc.dg/const-str-7.m compilation failed to produce executable
FAIL: objc.dg/const-str-8.m (test for excess errors)
WARNING: objc.dg/const-str-8.m compilation failed to produce executable
FAIL: objc.dg/defs.m (test for excess errors)
WARNING: objc.dg/defs.m compilation failed to produce executable
FAIL: objc.dg/desig-init-1.m (test for excess errors)
WARNING: objc.dg/desig-init-1.m compilation failed to produce executable
FAIL: objc.dg/encode-2.m (test for excess errors)
WARNING: objc.dg/encode-2.m compilation failed to produce executable
FAIL: objc.dg/encode-3.m (test for excess errors)
WARNING: objc.dg/encode-3.m compilation failed to produce executable
FAIL: objc.dg/encode-4.m (test for excess errors)
WARNING: objc.dg/encode-4.m compilation failed to produce executable
FAIL: objc.dg/encode-7.m (test for excess errors)
WARNING: objc.dg/encode-7.m compilation failed to produce executable
FAIL: objc.dg/encode-8.m (test for excess errors)
WARNING: objc.dg/encode-8.m compilation failed to produce executable
FAIL: objc.dg/func-ptr-1.m (test for excess errors)
WARNING: objc.dg/func-ptr-1.m compilation failed to produce executable
FAIL: objc.dg/func-ptr-2.m (test for excess errors)
WARNING: objc.dg/func-ptr-2.m compilation failed to produce executable
FAIL: objc.dg/gnu-runtime-3.m (test for excess errors)
WARNING: objc.dg/gnu-runtime-3.m compilation failed to produce executable
FAIL: objc.dg/lookup-1.m (test for excess errors)
WARNING: objc.dg/lookup-1.m compilation failed to produce executable
FAIL: objc.dg/method-10.m (test for excess errors)
WARNING: objc.dg/method-10.m compilation failed to produce executable
FAIL: objc.dg/method-13.m (test for excess errors)
WARNING: objc.dg/method-13.m compilation failed to produce executable
FAIL: objc.dg/method-3.m (test for excess errors)
WARNING: objc.dg/method-3.m compilation failed to produce executable
FAIL: objc.dg/proto-lossage-3.m (test for excess errors)
WARNING: objc.dg/proto-lossage-3.m compilation failed to produce executable
FAIL: objc.dg/proto-qual-1.m (test for excess errors)
WARNING: objc.dg/proto-qual-1.m compilation failed to produce executable
FAIL: objc.dg/sizeof-1.m (test for excess errors)
WARNING: objc.dg/sizeof-1.m compilation failed to produce executable
FAIL: objc.dg/stret-1.m (test for excess errors)
WARNING: objc.dg/stret-1.m compilation failed to produce executable
FAIL: objc.dg/super-class-3.m (test for excess errors)
WARNING: objc.dg/super-class-3.m compilation failed to produce executable
FAIL: objc.dg/type-size-2.m (test for excess errors)
WARNING: objc.dg/type-size-2.m compilation failed to produce executable
FAIL: objc.dg/type-stream-1.m (test for excess errors)
WARNING: objc.dg/type-stream-1.m compilation failed to produce executable
FAIL: objc.dg/va-meth-1.m (test for excess errors)
WARNING: objc.dg/va-meth-1.m compilation failed to produce executable
WARNING: Could not execute objc.dg/gnu-encoding/struct-layout-encoding-1 generator
FAIL: objc.dg/special/unclaimed-category-1.m (test for excess errors)
WARNING: objc.dg/special/unclaimed-category-1.m compilation failed to produce executable

		=== objc Summary ===

# of expected passes		521
# of unexpected failures	31
# of unsupported tests		21
/projetos/gcc/build/gcc/xgcc  version 4.5.0 (GCC) 

		=== libgomp tests ===


Running target unix/-Wl,--enable-auto-import
FAIL: libgomp.c/pr33880.c execution test
FAIL: libgomp.c++/pr26943.C (test for excess errors)
WARNING: libgomp.c++/pr26943.C compilation failed to produce executable
FAIL: libgomp.c++/pr26943.C (test for excess errors)
WARNING: libgomp.c++/pr26943.C compilation failed to produce executable
FAIL: libgomp.c++/pr26943.C (test for excess errors)
WARNING: libgomp.c++/pr26943.C compilation failed to produce executable
FAIL: libgomp.c++/pr26943.C (test for excess errors)
WARNING: libgomp.c++/pr26943.C compilation failed to produce executable
FAIL: libgomp.c++/pr26943.C (test for excess errors)
WARNING: libgomp.c++/pr26943.C compilation failed to produce executable
FAIL: libgomp.c++/pr26943.C (test for excess errors)
WARNING: libgomp.c++/pr26943.C compilation failed to produce executable
FAIL: libgomp.c++/pr26943.C (test for excess errors)
WARNING: libgomp.c++/pr26943.C compilation failed to produce executable
FAIL: libgomp.c++/pr26943.C (test for excess errors)
WARNING: libgomp.c++/pr26943.C compilation failed to produce executable
FAIL: libgomp.fortran/lib1.f90 execution test
FAIL: libgomp.fortran/lib1.f90 execution test
FAIL: libgomp.fortran/lib2.f execution test
FAIL: libgomp.fortran/lib2.f execution test
FAIL: libgomp.fortran/lib2.f execution test
FAIL: libgomp.fortran/lib2.f execution test
FAIL: libgomp.fortran/lib3.f execution test
FAIL: libgomp.fortran/lib3.f execution test
FAIL: libgomp.fortran/lib3.f execution test
FAIL: libgomp.fortran/omp_parse1.f90 execution test
FAIL: libgomp.fortran/omp_parse1.f90 execution test
FAIL: libgomp.fortran/omp_parse1.f90 execution test
FAIL: libgomp.fortran/omp_parse1.f90 execution test
FAIL: libgomp.fortran/omp_parse1.f90 execution test
FAIL: libgomp.fortran/omp_parse1.f90 execution test
FAIL: libgomp.fortran/omp_parse1.f90 execution test
FAIL: libgomp.fortran/omp_parse1.f90 execution test

		=== libgomp Summary ===

# of expected passes		2422
# of unexpected failures	26
# of unsupported tests		2
		=== libstdc++ tests ===


Running target unix/-Wl,--enable-auto-import
FAIL: 19_diagnostics/error_code/cons/1.cc (test for excess errors)
WARNING: 19_diagnostics/error_code/cons/1.cc compilation failed to produce executable
FAIL: 19_diagnostics/error_code/cons/1.cc (test for excess errors)
WARNING: 19_diagnostics/error_code/cons/1.cc compilation failed to produce executable
FAIL: 19_diagnostics/error_code/operators/bool.cc (test for excess errors)
WARNING: 19_diagnostics/error_code/operators/bool.cc compilation failed to produce executable
FAIL: 19_diagnostics/error_code/operators/bool.cc (test for excess errors)
WARNING: 19_diagnostics/error_code/operators/bool.cc compilation failed to produce executable
FAIL: 19_diagnostics/error_code/operators/equal.cc (test for excess errors)
WARNING: 19_diagnostics/error_code/operators/equal.cc compilation failed to produce executable
FAIL: 19_diagnostics/error_code/operators/equal.cc (test for excess errors)
WARNING: 19_diagnostics/error_code/operators/equal.cc compilation failed to produce executable
FAIL: 19_diagnostics/error_code/operators/not_equal.cc (test for excess errors)
WARNING: 19_diagnostics/error_code/operators/not_equal.cc compilation failed to produce executable
FAIL: 19_diagnostics/error_code/operators/not_equal.cc (test for excess errors)
WARNING: 19_diagnostics/error_code/operators/not_equal.cc compilation failed to produce executable
FAIL: 19_diagnostics/error_condition/cons/1.cc (test for excess errors)
WARNING: 19_diagnostics/error_condition/cons/1.cc compilation failed to produce executable
FAIL: 19_diagnostics/error_condition/cons/1.cc (test for excess errors)
WARNING: 19_diagnostics/error_condition/cons/1.cc compilation failed to produce executable
FAIL: 19_diagnostics/error_condition/operators/bool.cc (test for excess errors)
WARNING: 19_diagnostics/error_condition/operators/bool.cc compilation failed to produce executable
FAIL: 19_diagnostics/error_condition/operators/bool.cc (test for excess errors)
WARNING: 19_diagnostics/error_condition/operators/bool.cc compilation failed to produce executable
FAIL: 19_diagnostics/error_condition/operators/equal.cc (test for excess errors)
WARNING: 19_diagnostics/error_condition/operators/equal.cc compilation failed to produce executable
FAIL: 19_diagnostics/error_condition/operators/equal.cc (test for excess errors)
WARNING: 19_diagnostics/error_condition/operators/equal.cc compilation failed to produce executable
FAIL: 19_diagnostics/error_condition/operators/not_equal.cc (test for excess errors)
WARNING: 19_diagnostics/error_condition/operators/not_equal.cc compilation failed to produce executable
FAIL: 19_diagnostics/error_condition/operators/not_equal.cc (test for excess errors)
WARNING: 19_diagnostics/error_condition/operators/not_equal.cc compilation failed to produce executable
FAIL: 19_diagnostics/headers/system_error/errc_std_c++0x.cc (test for excess errors)
FAIL: 19_diagnostics/headers/system_error/errc_std_c++0x.cc (test for excess errors)
FAIL: 19_diagnostics/system_error/39880.cc (test for excess errors)
FAIL: 19_diagnostics/system_error/cons-1.cc (test for excess errors)
WARNING: 19_diagnostics/system_error/cons-1.cc compilation failed to produce executable
FAIL: 22_locale/num_put/put/char/6.cc execution test
FAIL: 22_locale/num_put/put/char/6.cc execution test
FAIL: 22_locale/num_put/put/char/6.cc execution test
FAIL: 22_locale/num_put/put/wchar_t/6.cc execution test
FAIL: 22_locale/num_put/put/wchar_t/6.cc execution test
FAIL: 22_locale/num_put/put/wchar_t/6.cc execution test
FAIL: 22_locale/time_put/put/char/1.cc execution test
FAIL: 22_locale/time_put/put/char/1.cc execution test
FAIL: 22_locale/time_put/put/char/1.cc execution test
FAIL: 22_locale/time_put/put/wchar_t/1.cc execution test
FAIL: 22_locale/time_put/put/wchar_t/1.cc execution test
FAIL: 22_locale/time_put/put/wchar_t/1.cc execution test
FAIL: 26_numerics/headers/cmath/c99_classification_macros_c.cc (test for excess errors)
FAIL: 26_numerics/headers/cmath/c99_classification_macros_c.cc (test for excess errors)
FAIL: 26_numerics/random/random_device/cons/default.cc execution test
FAIL: 26_numerics/random/random_device/cons/default.cc execution test
FAIL: 26_numerics/random/random_device/cons/default.cc execution test
FAIL: 26_numerics/random/random_device/cons/token.cc execution test
FAIL: 26_numerics/random/random_device/cons/token.cc execution test
FAIL: 26_numerics/random/random_device/cons/token.cc execution test
FAIL: 27_io/basic_filebuf/seekpos/char/1-io.cc execution test
FAIL: 27_io/basic_filebuf/seekpos/char/1-io.cc execution test
FAIL: 27_io/basic_filebuf/seekpos/char/2-io.cc execution test
FAIL: 27_io/basic_filebuf/seekpos/char/2-io.cc execution test
FAIL: 27_io/basic_istream/ignore/wchar_t/1.cc (test for excess errors)
WARNING: 27_io/basic_istream/ignore/wchar_t/1.cc compilation failed to produce executable
FAIL: 27_io/basic_istream/ignore/wchar_t/1.cc (test for excess errors)
WARNING: 27_io/basic_istream/ignore/wchar_t/1.cc compilation failed to produce executable
FAIL: 27_io/basic_istream/ignore/wchar_t/1.cc (test for excess errors)
WARNING: 27_io/basic_istream/ignore/wchar_t/1.cc compilation failed to produce executable
FAIL: 27_io/basic_istream/ignore/wchar_t/2.cc (test for excess errors)
WARNING: 27_io/basic_istream/ignore/wchar_t/2.cc compilation failed to produce executable
FAIL: 27_io/basic_istream/ignore/wchar_t/2.cc (test for excess errors)
WARNING: 27_io/basic_istream/ignore/wchar_t/2.cc compilation failed to produce executable
FAIL: 27_io/basic_istream/ignore/wchar_t/2.cc (test for excess errors)
WARNING: 27_io/basic_istream/ignore/wchar_t/2.cc compilation failed to produce executable
FAIL: 27_io/basic_istream/ignore/wchar_t/7220.cc (test for excess errors)
WARNING: 27_io/basic_istream/ignore/wchar_t/7220.cc compilation failed to produce executable
FAIL: 27_io/basic_istream/ignore/wchar_t/7220.cc (test for excess errors)
WARNING: 27_io/basic_istream/ignore/wchar_t/7220.cc compilation failed to produce executable
FAIL: 27_io/basic_istream/ignore/wchar_t/7220.cc (test for excess errors)
WARNING: 27_io/basic_istream/ignore/wchar_t/7220.cc compilation failed to produce executable
FAIL: 27_io/basic_istream/peek/wchar_t/1.cc (test for excess errors)
WARNING: 27_io/basic_istream/peek/wchar_t/1.cc compilation failed to produce executable
FAIL: 27_io/basic_istream/peek/wchar_t/1.cc (test for excess errors)
WARNING: 27_io/basic_istream/peek/wchar_t/1.cc compilation failed to produce executable
FAIL: 27_io/basic_istream/peek/wchar_t/1.cc (test for excess errors)
WARNING: 27_io/basic_istream/peek/wchar_t/1.cc compilation failed to produce executable
FAIL: 27_io/basic_ostream/inserters_arithmetic/char/1.cc execution test
FAIL: 27_io/basic_ostream/inserters_arithmetic/char/1.cc execution test
FAIL: 27_io/basic_ostream/inserters_arithmetic/char/1.cc execution test
FAIL: 27_io/basic_ostream/inserters_arithmetic/char/4402.cc execution test
FAIL: 27_io/basic_ostream/inserters_arithmetic/char/4402.cc execution test
FAIL: 27_io/basic_ostream/inserters_arithmetic/char/4402.cc execution test
FAIL: 27_io/basic_ostream/inserters_arithmetic/wchar_t/1.cc execution test
FAIL: 27_io/basic_ostream/inserters_arithmetic/wchar_t/1.cc execution test
FAIL: 27_io/basic_ostream/inserters_arithmetic/wchar_t/1.cc execution test
FAIL: 27_io/basic_ostream/seekp/wchar_t/2346-fstream.cc (test for excess errors)
WARNING: 27_io/basic_ostream/seekp/wchar_t/2346-fstream.cc compilation failed to produce executable
FAIL: 27_io/basic_ostream/seekp/wchar_t/2346-fstream.cc (test for excess errors)
WARNING: 27_io/basic_ostream/seekp/wchar_t/2346-fstream.cc compilation failed to produce executable
FAIL: 27_io/basic_ostream/seekp/wchar_t/2346-fstream.cc (test for excess errors)
WARNING: 27_io/basic_ostream/seekp/wchar_t/2346-fstream.cc compilation failed to produce executable
FAIL: 27_io/basic_ostream/seekp/wchar_t/2346-sstream.cc (test for excess errors)
WARNING: 27_io/basic_ostream/seekp/wchar_t/2346-sstream.cc compilation failed to produce executable
FAIL: 27_io/basic_ostream/seekp/wchar_t/2346-sstream.cc (test for excess errors)
WARNING: 27_io/basic_ostream/seekp/wchar_t/2346-sstream.cc compilation failed to produce executable
FAIL: 27_io/basic_ostream/seekp/wchar_t/2346-sstream.cc (test for excess errors)
WARNING: 27_io/basic_ostream/seekp/wchar_t/2346-sstream.cc compilation failed to produce executable
FAIL: 27_io/ios_base/storage/11584.cc execution test
FAIL: 27_io/ios_base/storage/11584.cc execution test
FAIL: ext/codecvt/wchar_t.cc execution test
FAIL: ext/mt_allocator/check_new.cc execution test
FAIL: ext/pool_allocator/check_new.cc execution test
FAIL: ext/profile/all.cc (test for excess errors)
FAIL: tr1/5_numerical_facilities/random/random_device/cons/default.cc execution test
FAIL: tr1/5_numerical_facilities/random/random_device/cons/default.cc execution test
FAIL: tr1/5_numerical_facilities/random/random_device/cons/default.cc execution test
FAIL: tr1/5_numerical_facilities/random/random_device/cons/default.cc execution test
FAIL: tr1/5_numerical_facilities/random/random_device/cons/token.cc execution test
FAIL: tr1/5_numerical_facilities/random/random_device/cons/token.cc execution test
FAIL: tr1/5_numerical_facilities/random/random_device/cons/token.cc execution test
FAIL: tr1/5_numerical_facilities/random/random_device/cons/token.cc execution test
FAIL: tr1/5_numerical_facilities/special_functions/01_assoc_laguerre/check_value.cc (test for excess errors)
FAIL: tr1/5_numerical_facilities/special_functions/01_assoc_laguerre/check_value.cc (test for excess errors)
FAIL: tr1/5_numerical_facilities/special_functions/01_assoc_laguerre/check_value.cc (test for excess errors)
FAIL: tr1/5_numerical_facilities/special_functions/14_ellint_3/check_value.cc (test for excess errors)
FAIL: tr1/5_numerical_facilities/special_functions/14_ellint_3/check_value.cc (test for excess errors)
FAIL: tr1/5_numerical_facilities/special_functions/14_ellint_3/check_value.cc (test for excess errors)

		=== libstdc++ Summary ===

# of expected passes		14881
# of unexpected failures	91
# of expected failures		196
# of unsupported tests		1545

Compiler version: 4.5.0 (GCC) 
Platform: i386-pc-mingw32
configure flags: --enable-languages=c,c++,ada,fortran,objc,obj-c++ --disable-sjlj-exceptions --with-dwarf2 --enable-shared --enable-libgomp --disable-win32-registry --enable-libstdcxx-debug --enable-version-specific-runtime-libs --disable-werror --build=mingw32 --prefix=/mingw




Index Nav: [Date Index] [Subject Index] [Author Index] [Thread Index]
Message Nav: [Date Prev] [Date Next] [Thread Prev] [Thread Next]