This is the mail archive of the gcc-testresults@gcc.gnu.org mailing list for the GCC project.


Index Nav: [Date Index] [Subject Index] [Author Index] [Thread Index]
Message Nav: [Date Prev] [Date Next] [Thread Prev] [Thread Next]
Other format: [Raw text]

Results for 4.5.0 (GCC) testsuite on i386-pc-solaris2.9


Built with:
GNU as 2.19.1
native ld (113986-27)
gmp 5.0.1
mpfr 2.4.2

Bootstrap compiler:
Using built-in specs.
Target: i386-pc-solaris2.8
Configured with: ../gcc-4.3.4/configure --with-gnu-as --with-as=/opt/csw/bin/gas --without-gnu-ld --with-ld=/usr/ccs/bin/ld --with-cpu=i386 --enable-threads=posix --enable-nls --prefix=/opt/csw/gcc4 --with-local-prefix=/opt/csw --enable-shared --enable-multilib --with-included-gettext --with-libiconv-prefix=/opt/csw --with-system-zlib --with-gmp=/opt/csw --with-mpfr=/opt/csw --enable-languages=c,c++,fortran,java,objc,ada --enable-bootstrap
Thread model: posix
gcc version 4.3.4 (GCC) 

LAST_UPDATED: Obtained from SVN: tags/gcc_4_5_0_release revision 158339

		=== acats tests ===
FAIL:	c52103x
FAIL:	c52104x
FAIL:	c52104y
FAIL:	cb1010c
FAIL:	cb1010d

		=== acats Summary ===
# of expected passes		2316
# of unexpected failures	5
Native configuration is i386-pc-solaris2.9

		=== gcc tests ===


Running target unix
FAIL: gcc.dg/pr36584.c execution test
FAIL: gcc.dg/pr42427.c (test for excess errors)
FAIL: gcc.dg/visibility-d.c scan-not-hidden 
FAIL: gcc.dg/visibility-d.c scan-not-hidden 
FAIL: gcc.dg/visibility-d.c scan-not-hidden 
FAIL: gcc.dg/visibility-d.c scan-not-hidden 
FAIL: gcc.dg/visibility-d.c scan-not-hidden 
FAIL: gcc.dg/visibility-d.c scan-not-hidden 
FAIL: gcc.dg/visibility-d.c scan-not-hidden 
FAIL: gcc.dg/visibility-d.c scan-not-hidden 
FAIL: gcc.dg/visibility-d.c scan-not-hidden 
FAIL: gcc.dg/visibility-d.c scan-not-hidden 
FAIL: gcc.dg/visibility-d.c scan-not-hidden 
FAIL: gcc.dg/visibility-d.c scan-not-hidden 
FAIL: gcc.dg/visibility-d.c scan-not-hidden 
FAIL: gcc.dg/visibility-d.c scan-not-hidden 
FAIL: gcc.dg/visibility-d.c scan-not-hidden 
FAIL: gcc.dg/visibility-d.c scan-not-hidden 
FAIL: gcc.dg/visibility-d.c scan-not-hidden 
FAIL: gcc.dg/visibility-d.c scan-not-hidden 
FAIL: gcc.dg/visibility-d.c scan-not-hidden 
FAIL: gcc.dg/visibility-d.c scan-not-hidden 
FAIL: gcc.dg/visibility-d.c scan-not-hidden 
FAIL: gcc.dg/visibility-d.c scan-not-hidden 
FAIL: gcc.dg/visibility-d.c scan-not-hidden 
FAIL: gcc.dg/visibility-d.c scan-not-hidden 
FAIL: gcc.dg/visibility-d.c scan-not-hidden 
FAIL: gcc.dg/visibility-d.c scan-not-hidden 
FAIL: gcc.dg/visibility-d.c scan-not-hidden 
FAIL: gcc.dg/visibility-d.c scan-not-hidden 
FAIL: gcc.dg/visibility-d.c scan-not-hidden 
FAIL: gcc.dg/visibility-d.c scan-not-hidden 
FAIL: largefile.c -O0 -g -I. (test for excess errors)
FAIL: gcc.dg/pch/largefile.c -O0 -g assembly comparison
FAIL: largefile.c  -O0  -I. (test for excess errors)
FAIL: gcc.dg/pch/largefile.c  -O0  assembly comparison
FAIL: largefile.c  -O1  -I. (test for excess errors)
FAIL: gcc.dg/pch/largefile.c  -O1  assembly comparison
FAIL: largefile.c  -O2  -I. (test for excess errors)
FAIL: gcc.dg/pch/largefile.c  -O2  assembly comparison
FAIL: largefile.c  -O3 -fomit-frame-pointer  -I. (test for excess errors)
FAIL: gcc.dg/pch/largefile.c  -O3 -fomit-frame-pointer  assembly comparison
FAIL: largefile.c  -O3 -g  -I. (test for excess errors)
FAIL: gcc.dg/pch/largefile.c  -O3 -g  assembly comparison
FAIL: largefile.c  -Os  -I. (test for excess errors)
FAIL: gcc.dg/pch/largefile.c  -Os  assembly comparison
FAIL: c-c++-common/torture/complex-sign-mul-minus-one.c  -O0  execution test
FAIL: c-c++-common/torture/complex-sign-mul-minus-one.c  -O1  execution test
FAIL: c-c++-common/torture/complex-sign-mul-minus-one.c  -O2  execution test
FAIL: c-c++-common/torture/complex-sign-mul-minus-one.c  -O3 -fomit-frame-pointer  execution test
FAIL: c-c++-common/torture/complex-sign-mul-minus-one.c  -O3 -fomit-frame-pointer -funroll-loops  execution test
FAIL: c-c++-common/torture/complex-sign-mul-minus-one.c  -O3 -fomit-frame-pointer -funroll-all-loops -finline-functions  execution test
FAIL: c-c++-common/torture/complex-sign-mul-minus-one.c  -O3 -g  execution test
FAIL: c-c++-common/torture/complex-sign-mul-minus-one.c  -Os  execution test
FAIL: c-c++-common/torture/complex-sign-mul-one.c  -O0  execution test
FAIL: c-c++-common/torture/complex-sign-mul-one.c  -O1  execution test
FAIL: c-c++-common/torture/complex-sign-mul-one.c  -O2  execution test
FAIL: c-c++-common/torture/complex-sign-mul-one.c  -O3 -fomit-frame-pointer  execution test
FAIL: c-c++-common/torture/complex-sign-mul-one.c  -O3 -fomit-frame-pointer -funroll-loops  execution test
FAIL: c-c++-common/torture/complex-sign-mul-one.c  -O3 -fomit-frame-pointer -funroll-all-loops -finline-functions  execution test
FAIL: c-c++-common/torture/complex-sign-mul-one.c  -O3 -g  execution test
FAIL: c-c++-common/torture/complex-sign-mul-one.c  -Os  execution test
FAIL: c-c++-common/torture/complex-sign-mul.c  -O0  execution test
FAIL: c-c++-common/torture/complex-sign-mul.c  -O1  execution test
FAIL: c-c++-common/torture/complex-sign-mul.c  -O2  execution test
FAIL: c-c++-common/torture/complex-sign-mul.c  -O3 -fomit-frame-pointer  execution test
FAIL: c-c++-common/torture/complex-sign-mul.c  -O3 -fomit-frame-pointer -funroll-loops  execution test
FAIL: c-c++-common/torture/complex-sign-mul.c  -O3 -fomit-frame-pointer -funroll-all-loops -finline-functions  execution test
FAIL: c-c++-common/torture/complex-sign-mul.c  -O3 -g  execution test
FAIL: c-c++-common/torture/complex-sign-mul.c  -Os  execution test
FAIL: gcc.dg/torture/builtin-math-7.c  -O0  execution test
FAIL: gcc.dg/torture/builtin-math-7.c  -O1  execution test
FAIL: gcc.dg/torture/builtin-math-7.c  -O2  execution test
FAIL: gcc.dg/torture/builtin-math-7.c  -O3 -fomit-frame-pointer  execution test
FAIL: gcc.dg/torture/builtin-math-7.c  -O3 -fomit-frame-pointer -funroll-loops  execution test
FAIL: gcc.dg/torture/builtin-math-7.c  -O3 -fomit-frame-pointer -funroll-all-loops -finline-functions  execution test
FAIL: gcc.dg/torture/builtin-math-7.c  -O3 -g  execution test
FAIL: gcc.dg/torture/builtin-math-7.c  -Os  execution test
FAIL: gcc.dg/torture/fp-int-convert-float128-timode.c  -O0  execution test
FAIL: gcc.dg/torture/fp-int-convert-float128-timode.c  -O1  execution test
FAIL: gcc.dg/torture/fp-int-convert-float128-timode.c  -O2  execution test
FAIL: gcc.dg/torture/fp-int-convert-float128-timode.c  -O3 -fomit-frame-pointer  execution test
FAIL: gcc.dg/torture/fp-int-convert-float128-timode.c  -O3 -g  execution test
FAIL: gcc.dg/torture/fp-int-convert-float128-timode.c  -Os  execution test
FAIL: gcc.dg/torture/fp-int-convert-float128.c  -O0  execution test
FAIL: gcc.dg/torture/fp-int-convert-float128.c  -O1  execution test
FAIL: gcc.dg/torture/fp-int-convert-float128.c  -O2  execution test
FAIL: gcc.dg/torture/fp-int-convert-float128.c  -O3 -fomit-frame-pointer  execution test
FAIL: gcc.dg/torture/fp-int-convert-float128.c  -O3 -g  execution test
FAIL: gcc.dg/torture/fp-int-convert-float128.c  -Os  execution test
FAIL: gcc.target/i386/abi-1.c scan-assembler-times xmm0 1
FAIL: gcc.target/i386/avx-vcmppd-1.c -Wl,-M,/export/home/tgc/tmp/gcc-4.5.0/gcc/testsuite/gcc.target/i386/clearcap.map (test for excess errors)
WARNING: gcc.target/i386/avx-vcmppd-1.c -Wl,-M,/export/home/tgc/tmp/gcc-4.5.0/gcc/testsuite/gcc.target/i386/clearcap.map compilation failed to produce executable
FAIL: gcc.target/i386/avx-vcmppd-256-1.c -Wl,-M,/export/home/tgc/tmp/gcc-4.5.0/gcc/testsuite/gcc.target/i386/clearcap.map (test for excess errors)
WARNING: gcc.target/i386/avx-vcmppd-256-1.c -Wl,-M,/export/home/tgc/tmp/gcc-4.5.0/gcc/testsuite/gcc.target/i386/clearcap.map compilation failed to produce executable
FAIL: gcc.target/i386/avx-vcmpps-1.c -Wl,-M,/export/home/tgc/tmp/gcc-4.5.0/gcc/testsuite/gcc.target/i386/clearcap.map (test for excess errors)
WARNING: gcc.target/i386/avx-vcmpps-1.c -Wl,-M,/export/home/tgc/tmp/gcc-4.5.0/gcc/testsuite/gcc.target/i386/clearcap.map compilation failed to produce executable
FAIL: gcc.target/i386/avx-vcmpps-256-1.c -Wl,-M,/export/home/tgc/tmp/gcc-4.5.0/gcc/testsuite/gcc.target/i386/clearcap.map (test for excess errors)
WARNING: gcc.target/i386/avx-vcmpps-256-1.c -Wl,-M,/export/home/tgc/tmp/gcc-4.5.0/gcc/testsuite/gcc.target/i386/clearcap.map compilation failed to produce executable
FAIL: gcc.target/i386/avx-vcmpsd-1.c -Wl,-M,/export/home/tgc/tmp/gcc-4.5.0/gcc/testsuite/gcc.target/i386/clearcap.map (test for excess errors)
WARNING: gcc.target/i386/avx-vcmpsd-1.c -Wl,-M,/export/home/tgc/tmp/gcc-4.5.0/gcc/testsuite/gcc.target/i386/clearcap.map compilation failed to produce executable
FAIL: gcc.target/i386/avx-vcmpss-1.c -Wl,-M,/export/home/tgc/tmp/gcc-4.5.0/gcc/testsuite/gcc.target/i386/clearcap.map (test for excess errors)
WARNING: gcc.target/i386/avx-vcmpss-1.c -Wl,-M,/export/home/tgc/tmp/gcc-4.5.0/gcc/testsuite/gcc.target/i386/clearcap.map compilation failed to produce executable
FAIL: gcc.target/i386/avx-vmovntdq-256-1.c -Wl,-M,/export/home/tgc/tmp/gcc-4.5.0/gcc/testsuite/gcc.target/i386/clearcap.map (test for excess errors)
WARNING: gcc.target/i386/avx-vmovntdq-256-1.c -Wl,-M,/export/home/tgc/tmp/gcc-4.5.0/gcc/testsuite/gcc.target/i386/clearcap.map compilation failed to produce executable
FAIL: gcc.target/i386/avx-vmovntpd-256-1.c -Wl,-M,/export/home/tgc/tmp/gcc-4.5.0/gcc/testsuite/gcc.target/i386/clearcap.map (test for excess errors)
WARNING: gcc.target/i386/avx-vmovntpd-256-1.c -Wl,-M,/export/home/tgc/tmp/gcc-4.5.0/gcc/testsuite/gcc.target/i386/clearcap.map compilation failed to produce executable
FAIL: gcc.target/i386/avx-vmovntps-256-1.c -Wl,-M,/export/home/tgc/tmp/gcc-4.5.0/gcc/testsuite/gcc.target/i386/clearcap.map (test for excess errors)
WARNING: gcc.target/i386/avx-vmovntps-256-1.c -Wl,-M,/export/home/tgc/tmp/gcc-4.5.0/gcc/testsuite/gcc.target/i386/clearcap.map compilation failed to produce executable
FAIL: gcc.target/i386/pr22076.c scan-assembler-times movq 3
FAIL: gcc.target/i386/pr22076.c scan-assembler-not movl

		=== gcc Summary ===

# of expected passes		59610
# of unexpected failures	102
# of expected failures		168
# of unsupported tests		655
/export/home/tgc/tmp/gcc450/gcc/xgcc  version 4.5.0 (GCC) 

		=== gfortran tests ===


Running target unix
FAIL: gfortran.dg/atan2_1.f90  -O0  execution test
FAIL: gfortran.dg/complex_intrinsic_3.f90  -O0  execution test
FAIL: gfortran.dg/complex_intrinsic_3.f90  -O1  execution test
FAIL: gfortran.dg/complex_intrinsic_3.f90  -O2  execution test
FAIL: gfortran.dg/complex_intrinsic_3.f90  -O3 -fomit-frame-pointer  execution test
FAIL: gfortran.dg/complex_intrinsic_3.f90  -O3 -fomit-frame-pointer -funroll-loops  execution test
FAIL: gfortran.dg/complex_intrinsic_3.f90  -O3 -fomit-frame-pointer -funroll-all-loops -finline-functions  execution test
FAIL: gfortran.dg/complex_intrinsic_3.f90  -O3 -g  execution test
FAIL: gfortran.dg/complex_intrinsic_3.f90  -Os  execution test
FAIL: gfortran.dg/complex_intrinsic_5.f90  -O0  execution test
FAIL: gfortran.dg/complex_intrinsic_5.f90  -O1  execution test
FAIL: gfortran.dg/complex_intrinsic_5.f90  -O2  execution test
FAIL: gfortran.dg/complex_intrinsic_5.f90  -O3 -fomit-frame-pointer  execution test
FAIL: gfortran.dg/complex_intrinsic_5.f90  -O3 -fomit-frame-pointer -funroll-loops  execution test
FAIL: gfortran.dg/complex_intrinsic_5.f90  -O3 -fomit-frame-pointer -funroll-all-loops -finline-functions  execution test
FAIL: gfortran.dg/complex_intrinsic_5.f90  -O3 -g  execution test
FAIL: gfortran.dg/complex_intrinsic_5.f90  -Os  execution test
FAIL: gfortran.dg/f2c_2.f90  -O0  execution test
FAIL: gfortran.dg/specifics_1.f90  -O0  execution test
FAIL: gfortran.dg/specifics_1.f90  -O1  execution test
FAIL: gfortran.dg/specifics_1.f90  -O2  execution test
FAIL: gfortran.dg/specifics_1.f90  -O3 -fomit-frame-pointer  execution test
FAIL: gfortran.dg/specifics_1.f90  -O3 -fomit-frame-pointer -funroll-loops  execution test
FAIL: gfortran.dg/specifics_1.f90  -O3 -fomit-frame-pointer -funroll-all-loops -finline-functions  execution test
FAIL: gfortran.dg/specifics_1.f90  -O3 -g  execution test
FAIL: gfortran.dg/specifics_1.f90  -Os  execution test
FAIL: gfortran.fortran-torture/execute/specifics.f90 execution,  -O0 
FAIL: gfortran.fortran-torture/execute/specifics.f90 execution,  -O1 
FAIL: gfortran.fortran-torture/execute/specifics.f90 execution,  -O2 
FAIL: gfortran.fortran-torture/execute/specifics.f90 execution,  -O2 -fomit-frame-pointer -finline-functions 
FAIL: gfortran.fortran-torture/execute/specifics.f90 execution,  -O2 -fomit-frame-pointer -finline-functions -funroll-loops 
FAIL: gfortran.fortran-torture/execute/specifics.f90 execution,  -O2 -fbounds-check 
FAIL: gfortran.fortran-torture/execute/specifics.f90 execution,  -O3 -g 
FAIL: gfortran.fortran-torture/execute/specifics.f90 execution,  -Os 

		=== gfortran Summary ===

# of expected passes		32887
# of unexpected failures	34
# of expected failures		21
# of unsupported tests		296
/export/home/tgc/tmp/gcc450/gcc/testsuite/gfortran/../../gfortran  version 4.5.0 (GCC) 

		=== g++ tests ===


Running target unix
FAIL: g++.dg/ext/attribute-test-2.C execution test
FAIL: g++.dg/ext/visibility/fvisibility-inlines-hidden-2.C scan-not-hidden 
FAIL: g++.dg/ext/visibility/fvisibility-inlines-hidden-3.C scan-not-hidden 
FAIL: g++.dg/ext/visibility/fvisibility-inlines-hidden-3.C scan-not-hidden 
FAIL: g++.dg/ext/visibility/fvisibility-override1.C scan-not-hidden 
FAIL: g++.dg/ext/visibility/fvisibility-override2.C scan-not-hidden 
FAIL: g++.dg/ext/visibility/guard1.C scan-not-hidden 
FAIL: g++.dg/ext/visibility/ms-compat-1.C scan-not-hidden 
FAIL: g++.dg/ext/visibility/ms-compat-1.C scan-not-hidden 
FAIL: g++.dg/ext/visibility/ms-compat-1.C scan-not-hidden 
FAIL: g++.dg/ext/visibility/namespace1.C scan-not-hidden 
FAIL: g++.dg/ext/visibility/new1.C scan-not-hidden 
FAIL: g++.dg/ext/visibility/template1.C scan-not-hidden 
FAIL: g++.dg/ext/visibility/template1.C scan-not-hidden 
FAIL: g++.dg/ext/visibility/template2.C scan-not-hidden 
FAIL: g++.dg/ext/visibility/template2.C scan-not-hidden 
FAIL: g++.dg/ext/visibility/template3.C scan-not-hidden 
FAIL: g++.dg/ext/visibility/template3.C scan-not-hidden 
FAIL: g++.dg/ext/visibility/template4.C scan-not-hidden 
FAIL: g++.dg/ext/visibility/template4.C scan-not-hidden 
FAIL: g++.dg/ext/visibility/template4.C scan-not-hidden 
FAIL: g++.dg/ext/visibility/template4.C scan-not-hidden 
FAIL: g++.dg/ext/visibility/template6.C scan-not-hidden 
FAIL: g++.dg/ext/visibility/typeinfo1.C scan-not-hidden 
FAIL: g++.dg/ext/visibility/typeinfo1.C scan-not-hidden 
FAIL: g++.dg/ext/visibility/typeinfo2.C scan-not-hidden 
FAIL: g++.dg/ext/visibility/typeinfo3.C scan-not-hidden 
FAIL: g++.dg/ext/visibility/typeinfo3.C scan-not-hidden 
FAIL: g++.dg/ext/visibility/warn3.C scan-not-hidden 
FAIL: g++.dg/warn/miss-format-1.C printf attribute warning (test for warnings, line 17)
FAIL: g++.dg/warn/miss-format-1.C printf attribute warning 2 (test for warnings, line 42)
FAIL: c-c++-common/torture/complex-alias-1.c  -O0  execution test
FAIL: c-c++-common/torture/complex-alias-1.c  -O1  execution test
FAIL: c-c++-common/torture/complex-sign-mul-minus-one.c  -O0  execution test
FAIL: c-c++-common/torture/complex-sign-mul-minus-one.c  -O1  execution test
FAIL: c-c++-common/torture/complex-sign-mul-minus-one.c  -O2  execution test
FAIL: c-c++-common/torture/complex-sign-mul-minus-one.c  -O3 -fomit-frame-pointer  execution test
FAIL: c-c++-common/torture/complex-sign-mul-minus-one.c  -O3 -fomit-frame-pointer -funroll-loops  execution test
FAIL: c-c++-common/torture/complex-sign-mul-minus-one.c  -O3 -fomit-frame-pointer -funroll-all-loops -finline-functions  execution test
FAIL: c-c++-common/torture/complex-sign-mul-minus-one.c  -O3 -g  execution test
FAIL: c-c++-common/torture/complex-sign-mul-minus-one.c  -Os  execution test
FAIL: c-c++-common/torture/complex-sign-mul-one.c  -O0  execution test
FAIL: c-c++-common/torture/complex-sign-mul-one.c  -O1  execution test
FAIL: c-c++-common/torture/complex-sign-mul-one.c  -O2  execution test
FAIL: c-c++-common/torture/complex-sign-mul-one.c  -O3 -fomit-frame-pointer  execution test
FAIL: c-c++-common/torture/complex-sign-mul-one.c  -O3 -fomit-frame-pointer -funroll-loops  execution test
FAIL: c-c++-common/torture/complex-sign-mul-one.c  -O3 -fomit-frame-pointer -funroll-all-loops -finline-functions  execution test
FAIL: c-c++-common/torture/complex-sign-mul-one.c  -O3 -g  execution test
FAIL: c-c++-common/torture/complex-sign-mul-one.c  -Os  execution test
FAIL: c-c++-common/torture/complex-sign-mul.c  -O0  execution test
FAIL: c-c++-common/torture/complex-sign-mul.c  -O1  execution test
FAIL: c-c++-common/torture/complex-sign-mul.c  -O2  execution test
FAIL: c-c++-common/torture/complex-sign-mul.c  -O3 -fomit-frame-pointer  execution test
FAIL: c-c++-common/torture/complex-sign-mul.c  -O3 -fomit-frame-pointer -funroll-loops  execution test
FAIL: c-c++-common/torture/complex-sign-mul.c  -O3 -fomit-frame-pointer -funroll-all-loops -finline-functions  execution test
FAIL: c-c++-common/torture/complex-sign-mul.c  -O3 -g  execution test
FAIL: c-c++-common/torture/complex-sign-mul.c  -Os  execution test
FAIL: g++.dg/torture/pr34099.C  -O0  execution test
FAIL: g++.dg/torture/pr34099.C  -O1  execution test
FAIL: g++.dg/torture/pr34099.C  -O2  execution test
FAIL: g++.dg/torture/pr34099.C  -O3 -fomit-frame-pointer  execution test
FAIL: g++.dg/torture/pr34099.C  -O3 -fomit-frame-pointer -funroll-loops  execution test
FAIL: g++.dg/torture/pr34099.C  -O3 -fomit-frame-pointer -funroll-all-loops -finline-functions  execution test
FAIL: g++.dg/torture/pr34099.C  -O3 -g  execution test
FAIL: g++.dg/torture/pr34099.C  -Os  execution test
FAIL: g++.old-deja/g++.mike/visibility-1.C scan-not-hidden 
XPASS: g++.old-deja/g++.oliva/dwarf2.C (test for excess errors)
XPASS: g++.old-deja/g++.oliva/dwarf3.C (test for excess errors)
XPASS: g++.old-deja/g++.other/init19.C execution test

		=== g++ Summary ===

# of expected passes		21626
# of unexpected failures	66
# of unexpected successes	3
# of expected failures		150
# of unsupported tests		180
/export/home/tgc/tmp/gcc450/gcc/testsuite/g++/../../g++  version 4.5.0 (GCC) 

		=== gnat tests ===


Running target unix
FAIL: gnat.dg/null_pointer_deref1.adb execution test

		=== gnat Summary ===

# of expected passes		755
# of unexpected failures	1
# of expected failures		7
# of unsupported tests		1
		=== obj-c++ tests ===


Running target unix
XPASS: obj-c++.dg/comp-types-10.mm -fgnu-runtime (test for excess errors)
WARNING: obj-c++.dg/lookup-2.mm -fgnu-runtime compilation failed to produce executable
WARNING: obj-c++.dg/try-catch-2.mm -fgnu-runtime compilation failed to produce executable
WARNING: obj-c++.dg/try-catch-9.mm -fgnu-runtime compilation failed to produce executable

		=== obj-c++ Summary ===

# of expected passes		436
# of unexpected successes	1
# of expected failures		6
# of unsupported tests		13
/export/home/tgc/tmp/gcc450/gcc/testsuite/obj-c++/../../g++  version 4.5.0 (GCC) 

		=== objc tests ===


Running target unix

		=== objc Summary ===

# of expected passes		1876
# of expected failures		7
# of unsupported tests		21
/export/home/tgc/tmp/gcc450/gcc/xgcc  version 4.5.0 (GCC) 

		=== libffi tests ===


Running target unix

		=== libffi Summary ===

# of expected passes		1624
# of expected failures		10
# of unsupported tests		15
		=== libgomp tests ===


Running target unix

		=== libgomp Summary ===

# of expected passes		2456
# of unsupported tests		2
		=== libjava tests ===


Running target unix
FAIL: PR16923.c compilation
FAIL: Throw_2 execution - source compiled test
FAIL: Throw_2 -findirect-dispatch execution - source compiled test
FAIL: Throw_2 -O3 execution - source compiled test
FAIL: Throw_2 -O3 -findirect-dispatch execution - source compiled test

		=== libjava Summary ===

# of expected passes		2564
# of unexpected failures	5
# of untested testcases		4
		=== libstdc++ tests ===


Running target unix
FAIL: 22_locale/num_put/put/char/14220.cc execution test
FAIL: 22_locale/num_put/put/wchar_t/14220.cc execution test
WARNING: program timed out.
FAIL: 23_containers/vector/bool/modifiers/insert/31370.cc execution test
FAIL: 26_numerics/complex/13450.cc execution test
FAIL: 27_io/basic_istream/extractors_arithmetic/char/12.cc execution test
FAIL: 27_io/basic_istream/extractors_arithmetic/wchar_t/12.cc execution test
FAIL: ext/profile/all.cc (test for excess errors)

		=== libstdc++ Summary ===

# of expected passes		6306
# of unexpected failures	7
# of expected failures		88
# of unsupported tests		630

Compiler version: 4.5.0 (GCC) 
Platform: i386-pc-solaris2.9
configure flags: --prefix=/usr/tgcware/gcc-4.5.0 --with-local-prefix=/usr/tgcware/gcc-4.5.0 --with-gnu-as --with-as=/opt/csw/bin/gas --without-gnu-ld --with-ld=/usr/ccs/bin/ld --enable-threads=posix --enable-shared --with-libiconv-prefix=/opt/csw --with-gmp=/opt/csw --with-mpfr=/opt/csw --with-mpc=/opt/csw --disable-nls --with-x --enable-java-awt=xlib --with-system-zlib --enable-languages=c,ada,c++,fortran,java,objc,obj-c++ --with-arch=athlon-xp


Index Nav: [Date Index] [Subject Index] [Author Index] [Thread Index]
Message Nav: [Date Prev] [Date Next] [Thread Prev] [Thread Next]