This is the mail archive of the gcc-testresults@gcc.gnu.org mailing list for the GCC project.


Index Nav: [Date Index] [Subject Index] [Author Index] [Thread Index]
Message Nav: [Date Prev] [Date Next] [Thread Prev] [Thread Next]
Other format: [Raw text]

Results for 4.4.4 20100411 (prerelease) [gcc-4_4-branch revision 158208] (GCC) testsuite on mips64el-unknown-linux-gnu


LAST_UPDATED: Mon Apr 12 00:16:10 UTC 2010 (revision 158208)

Native configuration is mips64el-unknown-linux-gnu

		=== g++ tests ===


Running target unix/-mabi=64
FAIL: g++.dg/ipa/iinline-1.C scan-ipa-dump inline "String::funcOne[^\\n]*inline copy in int main"
FAIL: g++.dg/other/anon5.C (test for excess errors)

		=== g++ Summary for unix/-mabi=64 ===

# of expected passes		19583
# of unexpected failures	2
# of expected failures		157
# of unsupported tests		164

Running target unix/-mabi=32
FAIL: g++.dg/ipa/iinline-1.C scan-ipa-dump inline "String::funcOne[^\\n]*inline copy in int main"

		=== g++ Summary for unix/-mabi=32 ===

# of expected passes		19613
# of unexpected failures	1
# of expected failures		157
# of unsupported tests		163

Running target unix
FAIL: g++.dg/ipa/iinline-1.C scan-ipa-dump inline "String::funcOne[^\\n]*inline copy in int main"

		=== g++ Summary for unix ===

# of expected passes		19617
# of unexpected failures	1
# of expected failures		157
# of unsupported tests		163

		=== g++ Summary ===

# of expected passes		58813
# of unexpected failures	4
# of expected failures		471
# of unsupported tests		490
/home/ghazi/gcc-testing/44/build/gcc/testsuite/g++/../../g++  version 4.4.4 20100411 (prerelease) [gcc-4_4-branch revision 158208] (GCC) 

		=== gcc tests ===


Running target unix/-mabi=64
FAIL: gcc.dg/debug/dwarf2/inline2.c scan-assembler-times \\(DIE \\(.*?\\) DW_TAG_inlined_subroutine 6
FAIL: gcc.dg/debug/dwarf2/inline2.c scan-assembler-times \\(DIE \\(.*?\\) DW_TAG_lexical_block 6
FAIL: gcc.misc-tests/linkage.c link
FAIL: gcc.target/mips/mips16-attributes.c (test for excess errors)

		=== gcc Summary for unix/-mabi=64 ===

# of expected passes		52566
# of unexpected failures	4
# of expected failures		113
# of unsupported tests		495

Running target unix/-mabi=32
FAIL: gcc.dg/debug/dwarf2/inline2.c scan-assembler-times \\(DIE \\(.*?\\) DW_TAG_inlined_subroutine 6
FAIL: gcc.dg/debug/dwarf2/inline2.c scan-assembler-times \\(DIE \\(.*?\\) DW_TAG_lexical_block 6
FAIL: gcc.target/mips/mips16-attributes.c (test for excess errors)

		=== gcc Summary for unix/-mabi=32 ===

# of expected passes		52553
# of unexpected failures	3
# of expected failures		112
# of unsupported tests		501

Running target unix
FAIL: gcc.dg/debug/dwarf2/inline2.c scan-assembler-times \\(DIE \\(.*?\\) DW_TAG_inlined_subroutine 6
FAIL: gcc.dg/debug/dwarf2/inline2.c scan-assembler-times \\(DIE \\(.*?\\) DW_TAG_lexical_block 6
FAIL: gcc.misc-tests/linkage.c link
FAIL: gcc.target/mips/mips16-attributes.c (test for excess errors)

		=== gcc Summary for unix ===

# of expected passes		52558
# of unexpected failures	4
# of expected failures		112
# of unsupported tests		503

		=== gcc Summary ===

# of expected passes		157677
# of unexpected failures	11
# of expected failures		337
# of unsupported tests		1499
/home/ghazi/gcc-testing/44/build/gcc/xgcc  version 4.4.4 20100411 (prerelease) [gcc-4_4-branch revision 158208] (GCC) 

		=== gfortran tests ===


Running target unix/-mabi=64

		=== gfortran Summary for unix/-mabi=64 ===

# of expected passes		29736
# of expected failures		10
# of unsupported tests		46

Running target unix/-mabi=32

		=== gfortran Summary for unix/-mabi=32 ===

# of expected passes		29290
# of expected failures		10
# of unsupported tests		264

Running target unix

		=== gfortran Summary for unix ===

# of expected passes		29736
# of expected failures		10
# of unsupported tests		46

		=== gfortran Summary ===

# of expected passes		88762
# of expected failures		30
# of unsupported tests		356
/home/ghazi/gcc-testing/44/build/gcc/testsuite/gfortran/../../gfortran  version 4.4.4 20100411 (prerelease) [gcc-4_4-branch revision 158208] (GCC) 

		=== obj-c++ tests ===


Running target unix/-mabi=64
XPASS: obj-c++.dg/comp-types-10.mm (test for excess errors)
UNRESOLVED: obj-c++.dg/lookup-2.mm compilation failed to produce executable
UNRESOLVED: obj-c++.dg/try-catch-2.mm compilation failed to produce executable
UNRESOLVED: obj-c++.dg/try-catch-9.mm compilation failed to produce executable

		=== obj-c++ Summary for unix/-mabi=64 ===

# of expected passes		425
# of unexpected successes	1
# of expected failures		20
# of unresolved testcases	3
# of unsupported tests		13

Running target unix/-mabi=32
XPASS: obj-c++.dg/comp-types-10.mm (test for excess errors)
UNRESOLVED: obj-c++.dg/lookup-2.mm compilation failed to produce executable
UNRESOLVED: obj-c++.dg/try-catch-2.mm compilation failed to produce executable
UNRESOLVED: obj-c++.dg/try-catch-9.mm compilation failed to produce executable

		=== obj-c++ Summary for unix/-mabi=32 ===

# of expected passes		436
# of unexpected successes	1
# of expected failures		9
# of unresolved testcases	3
# of unsupported tests		13

Running target unix
XPASS: obj-c++.dg/comp-types-10.mm (test for excess errors)
UNRESOLVED: obj-c++.dg/lookup-2.mm compilation failed to produce executable
UNRESOLVED: obj-c++.dg/try-catch-2.mm compilation failed to produce executable
UNRESOLVED: obj-c++.dg/try-catch-9.mm compilation failed to produce executable

		=== obj-c++ Summary for unix ===

# of expected passes		436
# of unexpected successes	1
# of expected failures		9
# of unresolved testcases	3
# of unsupported tests		13

		=== obj-c++ Summary ===

# of expected passes		1297
# of unexpected successes	3
# of expected failures		38
# of unresolved testcases	9
# of unsupported tests		39
/home/ghazi/gcc-testing/44/build/gcc/testsuite/obj-c++/../../g++  version 4.4.4 20100411 (prerelease) [gcc-4_4-branch revision 158208] (GCC) 

		=== objc tests ===


Running target unix/-mabi=64
FAIL: objc/execute/forward-1.m execution,  -O0 -fgnu-runtime
FAIL: objc/execute/forward-1.m execution,  -O1 -fgnu-runtime
FAIL: objc/execute/forward-1.m execution,  -O2 -fgnu-runtime
FAIL: objc/execute/forward-1.m execution,  -O3 -fomit-frame-pointer -fgnu-runtime
FAIL: objc/execute/forward-1.m execution,  -O3 -fomit-frame-pointer -funroll-loops -fgnu-runtime
FAIL: objc/execute/forward-1.m execution,  -O3 -fomit-frame-pointer -funroll-all-loops -finline-functions -fgnu-runtime
FAIL: objc/execute/forward-1.m execution,  -O3 -g -fgnu-runtime
FAIL: objc/execute/forward-1.m execution,  -Os -fgnu-runtime

		=== objc Summary for unix/-mabi=64 ===

# of expected passes		1866
# of unexpected failures	8
# of expected failures		7
# of unsupported tests		24

Running target unix/-mabi=32
FAIL: objc/execute/forward-1.m execution,  -O0 -fgnu-runtime
FAIL: objc/execute/forward-1.m execution,  -O1 -fgnu-runtime
FAIL: objc/execute/forward-1.m execution,  -O2 -fgnu-runtime
FAIL: objc/execute/forward-1.m execution,  -O3 -fomit-frame-pointer -fgnu-runtime
FAIL: objc/execute/forward-1.m execution,  -O3 -fomit-frame-pointer -funroll-loops -fgnu-runtime
FAIL: objc/execute/forward-1.m execution,  -O3 -fomit-frame-pointer -funroll-all-loops -finline-functions -fgnu-runtime
FAIL: objc/execute/forward-1.m execution,  -O3 -g -fgnu-runtime
FAIL: objc/execute/forward-1.m execution,  -Os -fgnu-runtime

		=== objc Summary for unix/-mabi=32 ===

# of expected passes		1866
# of unexpected failures	8
# of expected failures		7
# of unsupported tests		24

Running target unix
FAIL: objc/execute/forward-1.m execution,  -O0 -fgnu-runtime
FAIL: objc/execute/forward-1.m execution,  -O1 -fgnu-runtime
FAIL: objc/execute/forward-1.m execution,  -O2 -fgnu-runtime
FAIL: objc/execute/forward-1.m execution,  -O3 -fomit-frame-pointer -fgnu-runtime
FAIL: objc/execute/forward-1.m execution,  -O3 -fomit-frame-pointer -funroll-loops -fgnu-runtime
FAIL: objc/execute/forward-1.m execution,  -O3 -fomit-frame-pointer -funroll-all-loops -finline-functions -fgnu-runtime
FAIL: objc/execute/forward-1.m execution,  -O3 -g -fgnu-runtime
FAIL: objc/execute/forward-1.m execution,  -Os -fgnu-runtime

		=== objc Summary for unix ===

# of expected passes		1866
# of unexpected failures	8
# of expected failures		7
# of unsupported tests		24

		=== objc Summary ===

# of expected passes		5598
# of unexpected failures	24
# of expected failures		21
# of unsupported tests		72
/home/ghazi/gcc-testing/44/build/gcc/xgcc  version 4.4.4 20100411 (prerelease) [gcc-4_4-branch revision 158208] (GCC) 

		=== libffi tests ===


Running target unix/-mabi=64

		=== libffi Summary for unix/-mabi=64 ===

# of expected passes		1389
# of unsupported tests		10

Running target unix/-mabi=32

		=== libffi Summary for unix/-mabi=32 ===

# of expected passes		1389
# of unsupported tests		10

Running target unix

		=== libffi Summary for unix ===

# of expected passes		1389
# of unsupported tests		10

		=== libffi Summary ===

# of expected passes		4167
# of unsupported tests		30
		=== libgomp tests ===


Running target unix/-mabi=64

		=== libgomp Summary for unix/-mabi=64 ===

# of expected passes		2442

Running target unix/-mabi=32

		=== libgomp Summary for unix/-mabi=32 ===

# of expected passes		2442

Running target unix

		=== libgomp Summary for unix ===

# of expected passes		2442

		=== libgomp Summary ===

# of expected passes		7326
		=== libjava tests ===


Running target unix/-mabi=64

		=== libjava Summary for unix/-mabi=64 ===

# of expected passes		2574

Running target unix/-mabi=32

		=== libjava Summary for unix/-mabi=32 ===

# of expected passes		2574

Running target unix

		=== libjava Summary for unix ===

# of expected passes		2574

		=== libjava Summary ===

# of expected passes		7722
		=== libmudflap tests ===


Running target unix/-mabi=64
FAIL: libmudflap.c++/pass41-frag.cxx execution test
FAIL: libmudflap.c++/pass41-frag.cxx (-static) execution test
FAIL: libmudflap.c++/pass41-frag.cxx ( -O) execution test
FAIL: libmudflap.c++/pass41-frag.cxx (-O2) execution test
FAIL: libmudflap.c++/pass41-frag.cxx (-O3) execution test

		=== libmudflap Summary for unix/-mabi=64 ===

# of expected passes		1889
# of unexpected failures	5

Running target unix/-mabi=32
FAIL: libmudflap.c++/pass41-frag.cxx execution test
FAIL: libmudflap.c++/pass41-frag.cxx (-static) execution test
FAIL: libmudflap.c++/pass41-frag.cxx ( -O) execution test
FAIL: libmudflap.c++/pass41-frag.cxx (-O2) execution test
FAIL: libmudflap.c++/pass41-frag.cxx (-O3) execution test

		=== libmudflap Summary for unix/-mabi=32 ===

# of expected passes		1889
# of unexpected failures	5

Running target unix
FAIL: libmudflap.c++/pass41-frag.cxx execution test
FAIL: libmudflap.c++/pass41-frag.cxx (-static) execution test
FAIL: libmudflap.c++/pass41-frag.cxx ( -O) execution test
FAIL: libmudflap.c++/pass41-frag.cxx (-O2) execution test
FAIL: libmudflap.c++/pass41-frag.cxx (-O3) execution test

		=== libmudflap Summary for unix ===

# of expected passes		1889
# of unexpected failures	5

		=== libmudflap Summary ===

# of expected passes		5667
# of unexpected failures	15
		=== libstdc++ tests ===


Running target unix/-mabi=64
FAIL: abi_check

		=== libstdc++ Summary for unix/-mabi=64 ===

# of expected passes		5870
# of unexpected failures	1
# of expected failures		80
# of unsupported tests		333

Running target unix/-mabi=32
FAIL: abi_check

		=== libstdc++ Summary for unix/-mabi=32 ===

# of expected passes		5852
# of unexpected failures	1
# of expected failures		80
# of unsupported tests		342

Running target unix
FAIL: abi_check

		=== libstdc++ Summary for unix ===

# of expected passes		5870
# of unexpected failures	1
# of expected failures		80
# of unsupported tests		333

		=== libstdc++ Summary ===

# of expected passes		17592
# of unexpected failures	3
# of expected failures		240
# of unsupported tests		1008

Compiler version: 4.4.4 20100411 (prerelease) [gcc-4_4-branch revision 158208] (GCC) 
Platform: mips64el-unknown-linux-gnu
configure flags: --enable-languages=c,c++,objc,f95,obj-c++,java --with-mpc=/opt/cfarm/mpc-0.8-n32 --with-mpfr=/opt/cfarm/mpfr-2.4.1-n32 --with-gmp=/opt/cfarm/gmp-4.2.4-n32


Index Nav: [Date Index] [Subject Index] [Author Index] [Thread Index]
Message Nav: [Date Prev] [Date Next] [Thread Prev] [Thread Next]