This is the mail archive of the gcc-testresults@gcc.gnu.org mailing list for the GCC project.


Index Nav: [Date Index] [Subject Index] [Author Index] [Thread Index]
Message Nav: [Date Prev] [Date Next] [Thread Prev] [Thread Next]
Other format: [Raw text]

Results for 4.3.4 (Debian 4.3.4-10) testsuite on arm-unknown-linux-gnueabi


LAST_UPDATED: Sat Apr 10 13:56:58 UTC 2010 (revision 158190)

Native configuration is arm-unknown-linux-gnueabi

		=== libgomp tests ===


Running target unix

		=== libgomp Summary ===

# of expected passes		1749
# of unsupported tests		7
		=== libmudflap tests ===


Running target unix
FAIL: libmudflap.c++/pass41-frag.cxx execution test
FAIL: libmudflap.c++/pass41-frag.cxx (-static) execution test
FAIL: libmudflap.c++/pass41-frag.cxx ( -O) execution test
FAIL: libmudflap.c++/pass41-frag.cxx (-O2) execution test
FAIL: libmudflap.c++/pass41-frag.cxx (-O3) execution test

		=== libmudflap Summary ===

# of expected passes		1844
# of unexpected failures	5
		=== libstdc++ tests ===


Running target unix
FAIL: 20_util/make_signed/requirements/typedefs-2.cc (test for excess errors)
FAIL: 20_util/make_unsigned/requirements/typedefs-2.cc (test for excess errors)
WARNING: program timed out.
FAIL: ext/pb_ds/regression/tree_data_map_rand.cc (test for excess errors)
UNRESOLVED: ext/pb_ds/regression/tree_data_map_rand.cc compilation failed to produce executable
WARNING: program timed out.
FAIL: ext/pb_ds/regression/tree_no_data_map_rand.cc (test for excess errors)
UNRESOLVED: ext/pb_ds/regression/tree_no_data_map_rand.cc compilation failed to produce executable
WARNING: program timed out.
FAIL: ext/pb_ds/regression/trie_data_map_rand.cc (test for excess errors)
UNRESOLVED: ext/pb_ds/regression/trie_data_map_rand.cc compilation failed to produce executable
WARNING: program timed out.
FAIL: ext/pb_ds/regression/trie_no_data_map_rand.cc (test for excess errors)
UNRESOLVED: ext/pb_ds/regression/trie_no_data_map_rand.cc compilation failed to produce executable

		=== libstdc++ Summary ===

# of expected passes		4935
# of unexpected failures	6
# of expected failures		60
# of unresolved testcases	4
# of unsupported tests		326
Target: arm-linux-gnueabi
gcc version 4.3.4 (Debian 4.3.4-10) 

		=== g++ tests ===


Running target unix
FAIL: g++.dg/abi/forced.C execution test
FAIL: g++.dg/ext/java-1.C (test for excess errors)
FAIL: g++.dg/ext/java-2.C (test for excess errors)
FAIL: g++.dg/ext/visibility/arm3.C scan-not-hidden hidden[ \\t_]*_ZTI1A
FAIL: g++.dg/ext/visibility/arm3.C scan-not-hidden hidden[ \\t_]*_ZTS1A
FAIL: g++.dg/ext/visibility/arm3.C scan-not-hidden hidden[ \\t_]*_ZTI1B
FAIL: g++.dg/ext/visibility/arm3.C scan-not-hidden hidden[ \\t_]*_ZTS1B
XPASS: g++.dg/other/packed1.C execution test
FAIL: g++.old-deja/g++.jason/enum6.C (test for excess errors)
FAIL: g++.old-deja/g++.law/enum9.C (test for excess errors)
FAIL: g++.old-deja/g++.other/enum4.C (test for excess errors)

		=== g++ Summary ===

# of expected passes		17712
# of unexpected failures	10
# of unexpected successes	1
# of expected failures		92
# of unsupported tests		135
/build/buildd-gcc-4.3_4.3.4-10-armel-ST75dw/gcc-4.3-4.3.4/build/gcc/testsuite/g++/../../g++  version 4.3.4 (Debian 4.3.4-10) 

		=== gcc tests ===


Running target unix
WARNING: program timed out.
FAIL: gcc.c-torture/compile/limits-fnargs.c  -O2  (test for excess errors)
WARNING: program timed out.
FAIL: gcc.c-torture/compile/limits-fnargs.c  -O3 -fomit-frame-pointer  (test for excess errors)
WARNING: program timed out.
FAIL: gcc.c-torture/compile/limits-fnargs.c  -O3 -g  (test for excess errors)
WARNING: program timed out.
FAIL: gcc.c-torture/compile/limits-fnargs.c  -Os  (test for excess errors)
FAIL: gcc.dg/fshort-wchar.c (test for excess errors)
FAIL: gcc.dg/memcpy-1.c scan-tree-dump-times optimized "nasty_local" 0
FAIL: gcc.dg/uninit-13.c unconditional (test for warnings, line 8)
FAIL: gcc.dg/uninit-13.c (test for excess errors)
FAIL: gcc.dg/torture/pr37868.c  -O2  execution test
FAIL: gcc.dg/torture/pr37868.c  -O3 -fomit-frame-pointer  execution test
FAIL: gcc.dg/torture/pr37868.c  -O3 -g  execution test
FAIL: gcc.dg/torture/pr37868.c  -Os  execution test
FAIL: gcc.dg/tree-prof/bb-reorg.c compilation,  -fprofile-use -D_PROFILE_USE
UNRESOLVED: gcc.dg/tree-prof/bb-reorg.c execution,    -fprofile-use -D_PROFILE_USE
FAIL: gcc.target/arm/neon/vget_lowf32.c scan-assembler vmov[ \\t]+[dD][0-9]+, [dD][0-9]+!?([ \\t]+@[a-zA-Z0-9 ]+)?\\n
FAIL: gcc.target/arm/neon/vget_lowp16.c scan-assembler vmov[ \\t]+[dD][0-9]+, [dD][0-9]+!?([ \\t]+@[a-zA-Z0-9 ]+)?\\n
FAIL: gcc.target/arm/neon/vget_lowp8.c scan-assembler vmov[ \\t]+[dD][0-9]+, [dD][0-9]+!?([ \\t]+@[a-zA-Z0-9 ]+)?\\n
FAIL: gcc.target/arm/neon/vget_lows16.c scan-assembler vmov[ \\t]+[dD][0-9]+, [dD][0-9]+!?([ \\t]+@[a-zA-Z0-9 ]+)?\\n
FAIL: gcc.target/arm/neon/vget_lows32.c scan-assembler vmov[ \\t]+[dD][0-9]+, [dD][0-9]+!?([ \\t]+@[a-zA-Z0-9 ]+)?\\n
FAIL: gcc.target/arm/neon/vget_lows64.c scan-assembler vmov[ \\t]+[dD][0-9]+, [dD][0-9]+!?([ \\t]+@[a-zA-Z0-9 ]+)?\\n
FAIL: gcc.target/arm/neon/vget_lows8.c scan-assembler vmov[ \\t]+[dD][0-9]+, [dD][0-9]+!?([ \\t]+@[a-zA-Z0-9 ]+)?\\n
FAIL: gcc.target/arm/neon/vget_lowu16.c scan-assembler vmov[ \\t]+[dD][0-9]+, [dD][0-9]+!?([ \\t]+@[a-zA-Z0-9 ]+)?\\n
FAIL: gcc.target/arm/neon/vget_lowu32.c scan-assembler vmov[ \\t]+[dD][0-9]+, [dD][0-9]+!?([ \\t]+@[a-zA-Z0-9 ]+)?\\n
FAIL: gcc.target/arm/neon/vget_lowu64.c scan-assembler vmov[ \\t]+[dD][0-9]+, [dD][0-9]+!?([ \\t]+@[a-zA-Z0-9 ]+)?\\n
FAIL: gcc.target/arm/neon/vget_lowu8.c scan-assembler vmov[ \\t]+[dD][0-9]+, [dD][0-9]+!?([ \\t]+@[a-zA-Z0-9 ]+)?\\n

		=== gcc Summary ===

# of expected passes		50550
# of unexpected failures	24
# of expected failures		103
# of unresolved testcases	1
# of untested testcases		35
# of unsupported tests		753
/build/buildd-gcc-4.3_4.3.4-10-armel-ST75dw/gcc-4.3-4.3.4/build/gcc/xgcc  version 4.3.4 (Debian 4.3.4-10) 

		=== gfortran tests ===


Running target unix
FAIL: gfortran.dg/fmt_l.f90  -O0  output pattern test, is At line 14 of file /build/buildd-gcc-4.3_4.3.4-10-armel-ST75dw/gcc-4.3-4.3.4/src/gcc/testsuite/gfortran.dg/fmt_l.f90
FAIL: gfortran.dg/fmt_l.f90  -O1  output pattern test, is At line 14 of file /build/buildd-gcc-4.3_4.3.4-10-armel-ST75dw/gcc-4.3-4.3.4/src/gcc/testsuite/gfortran.dg/fmt_l.f90
FAIL: gfortran.dg/fmt_l.f90  -O2  output pattern test, is At line 14 of file /build/buildd-gcc-4.3_4.3.4-10-armel-ST75dw/gcc-4.3-4.3.4/src/gcc/testsuite/gfortran.dg/fmt_l.f90
FAIL: gfortran.dg/fmt_l.f90  -O3 -fomit-frame-pointer  output pattern test, is At line 14 of file /build/buildd-gcc-4.3_4.3.4-10-armel-ST75dw/gcc-4.3-4.3.4/src/gcc/testsuite/gfortran.dg/fmt_l.f90
FAIL: gfortran.dg/fmt_l.f90  -O3 -fomit-frame-pointer -funroll-loops  output pattern test, is At line 14 of file /build/buildd-gcc-4.3_4.3.4-10-armel-ST75dw/gcc-4.3-4.3.4/src/gcc/testsuite/gfortran.dg/fmt_l.f90
FAIL: gfortran.dg/fmt_l.f90  -O3 -fomit-frame-pointer -funroll-all-loops -finline-functions  output pattern test, is At line 14 of file /build/buildd-gcc-4.3_4.3.4-10-armel-ST75dw/gcc-4.3-4.3.4/src/gcc/testsuite/gfortran.dg/fmt_l.f90
FAIL: gfortran.dg/fmt_l.f90  -O3 -g  output pattern test, is At line 14 of file /build/buildd-gcc-4.3_4.3.4-10-armel-ST75dw/gcc-4.3-4.3.4/src/gcc/testsuite/gfortran.dg/fmt_l.f90
FAIL: gfortran.dg/fmt_l.f90  -Os  output pattern test, is At line 14 of file /build/buildd-gcc-4.3_4.3.4-10-armel-ST75dw/gcc-4.3-4.3.4/src/gcc/testsuite/gfortran.dg/fmt_l.f90

		=== gfortran Summary ===

# of expected passes		24798
# of unexpected failures	8
# of expected failures		3
# of unsupported tests		150
/build/buildd-gcc-4.3_4.3.4-10-armel-ST75dw/gcc-4.3-4.3.4/build/gcc/testsuite/gfortran/../../gfortran  version 4.3.4 (Debian 4.3.4-10) 

		=== obj-c++ tests ===


Running target unix
UNRESOLVED: obj-c++.dg/lookup-2.mm compilation failed to produce executable
UNRESOLVED: obj-c++.dg/try-catch-2.mm compilation failed to produce executable
UNRESOLVED: obj-c++.dg/try-catch-9.mm compilation failed to produce executable

		=== obj-c++ Summary ===

# of expected passes		437
# of expected failures		9
# of unresolved testcases	3
# of unsupported tests		13
/build/buildd-gcc-4.3_4.3.4-10-armel-ST75dw/gcc-4.3-4.3.4/build/gcc/testsuite/obj-c++/../../g++  version 4.3.4 (Debian 4.3.4-10) 

		=== objc tests ===


Running target unix

		=== objc Summary ===

# of expected passes		1832
# of expected failures		7
# of unsupported tests		24
/build/buildd-gcc-4.3_4.3.4-10-armel-ST75dw/gcc-4.3-4.3.4/build/gcc/xgcc  version 4.3.4 (Debian 4.3.4-10) 


Compiler version: 4.3.4 (Debian 4.3.4-10) 
Platform: arm-unknown-linux-gnueabi
configure flags: -v --with-pkgversion='Debian 4.3.4-10' --with-bugurl=file:///usr/share/doc/gcc-4.3/README.Bugs --enable-languages=c,c++,fortran,objc,obj-c++ --prefix=/usr --enable-shared --enable-multiarch --enable-linker-build-id --with-system-zlib --libexecdir=/usr/lib --without-included-gettext --enable-threads=posix --enable-nls --with-gxx-include-dir=/usr/include/c++/4.3 --program-suffix=-4.3 --enable-clocale=gnu --enable-libstdcxx-debug --enable-objc-gc --enable-mpfr --disable-sjlj-exceptions --enable-checking=release --build=arm-linux-gnueabi --host=arm-linux-gnueabi --target=arm-linux-gnueabi
BOOT_CFLAGS=


Build Dependencies:
Desired=Unknown/Install/Remove/Purge/Hold
| Status=Not/Inst/Cfg-files/Unpacked/Failed-cfg/Half-inst/trig-aWait/Trig-pend
|/ Err?=(none)/Reinst-required (Status,Err: uppercase=bad)
||/ Name                                                 Version                Description
+++-====================================================-======================-==============================================
ii  binutils                                             2.20.1-5               The GNU assembler, linker and binary utilities
ii  libc6                                                2.10.2-6               Embedded GNU C Library: Shared libraries


Patches that Debian applied in this version:

svn-updates:
  updates from the 4.3 branch upto 20100410.

pr30740:
  PR ada/30740: Do not optimize X*(2**Y) in a modular context

gcc-textdomain:
  Set gettext's domain and textdomain to the versioned package name.

gcc-driver-extra-langs:
  Add options and specs for languages that are not built from a source
  (but built from separate sources).

gcc-hash-style-both:
  Link using --hash-style=both (alpha, amd64, ia64, i386, powerpc, ppc64, s390, sparc)

gcc-build-id:
  Link with --build-id when the linker supports it

libstdc++-pic:
  Build and install libstdc++_pic.a library.

libstdc++-doclink:
  adjust hrefs to point to the local documentation

libobjc-gc-link:
  Link libobjc_gc with libgcjgc_convenience.la and needed thread flags
  and libraries.

libjava-stacktrace:
  libgcj: Lookup source file name and line number in separated
  debug files found in /usr/lib/debug

libjava-subdir:
  - Set the libjava sublibdir to /usr/lib/gcj-4.3
  - Set the default libgcj database dir to /var/lib/gcj-4.3

libjava-jnipath:
  - Add /usr/lib/jni to java.library.path.
  - When running the i386 binaries on amd64, look in
  - /usr/lib32/gcj-x.y and /usr/lib32/jni instead.

libjava-sjlj:
  Don't try to use _Unwind_Backtrace on SJLJ targets.
  See bug #387875, #388505, GCC PR 29206.

libjava-rpath:
  - Link ecjx with -rpath \$(dbexecdir)

libjava-file-support:
  libjava: @file support for gjavah & gjar

libjava-soname:
  Bump the libgcj soversion.

libjava-realloc-leak:
  Don't leak upon failed realloc (taken from the trunk).

pr28102:
  Apply proposed fix for PR target/28102.

alpha-no-ev4-directive:

boehm-gc-getnprocs:
  boehm-gc/pthread_support.c (GC_get_nprocs): Use sysconf as fallback.

note-gnu-stack:
  Add .note.GNU-stack sections for gcc's crt files, libffi and boehm-gc
  Taken from FC.

libjava-armel-ldflags:
  Adjust libjava extra_ldflags for armel.

libstdc++-symbols-hppa:
  Update libstdc++ baseline symbols for hppa.

pr10768:
  PR ada/10768: ICEs on compilation of ada support library for avr

pr15808:
  PR ada/15808: Illegal program not detected, RM 3.9.3(10)

pr15915:
  PR ada/15915: Illegal program not detected, RM 13.11(15)

pr16086:
  PR ada/16086: Legal program rejected, procedure of protected object should be visible

pr16087:
  PR ada/16087: Accept statically matching constraint in full view

pr16098:
  PR ada/16098: Illegal program not detected, RM 13.1(6)

pr17985:
  PR ada/17985: GNAT accepts extension aggregate where expected type is not extension

pr18680:
  PR ada/18680: pragma Linker_Section problems

pr22255:
  PR ada/22255: Reset on shared file causes Use_Error.

pr22387:
  PR ada/22387: Ada compiler crash when inheriting from a record with custom layout

pr24170:
  Fix PR libgcj/24170.

pr28305:
  PR ada/28305: GNAT bug when inlining instance of a generic subprogram

pr28322:
  Fix PR other/28322, GCC new warnings and compatibility.

pr28733:
  PR ada/28733: GNAT crash while compiling Ada-2005 code

pr29015:
  ada/29015: Do not ICE on incomplete type whose underlying type is known

pr30827:
  PR ada/30827: GNAT.compiler_version problem for official releases

pr33688:
  PR ada/33688: Ada package Gnat.Sockets missing constant for IP_PKTINFO

pr34466:
  PR ada/34466: s-tasinf.ads:81:42: "cpu_set_t" not declared in "OS_Interface"

pr35050:
  PR ada/35050: [4.1/4.2/4.3/4.4 regression] renames entities not in symbol table

pr35792:
  PR ada/35792: Illegal program not detected, RM 3.10.1(4/2)

gnalasup_to_lapack:
  Ada: Use liblapack and libblas instead of libgnalasup

gcc-m68k-pch:
  PR target/25343, fix gcc.dg/pch/pch for m68k.

pr35020:
  Fix PR libjava/35020, taken from the trunk.

libjava-extra-cflags:
  libjava/classpath: Set and use EXTRA_CFLAGS.

pr35965:
  Fix PIC + -fstack-protector (PR target/35965)

m68k-allow-gnu99:
  patch to allow gnu99 mode on m68k

libjava-javah-bridge-tgts:
  libjava: Fix naming of bridge targets in gjavah (class file updates)

pr37661:
  PR target/37661, fix SPARC64 int-to-TFmode conversions.

pr27880:
  PR target/27880: Restore static linking on ia64 with system libunwind
  by adding unwind-compat to the static libgcc.

hppa-atomic-builtins:
  Atomic builtins using kernel helpers for parisc.

armel-atomic-builtins:
  Atomic builtins using kernel helpers for ARM Linux/EABI.

pr38292:
  Fix PR gcov-profile/38292, taken from the trunk

pr38360:
  PR middle-end/38360: ICE in gimple_op, at gimple.h:1636

pr39431:
  Proposed patch for PR target/39431

r143339:
  ARM: don't synthesize thumb-2 ldrd/strd with two 32-bit instructions.

pr40134:
  Proposed patch for PR target/40134.

gcc-unwind-debug-hook:
  Install a hook _Unwind_DebugHook, called during unwinding. Intended as
  a hook for a debugger to intercept exceptions. CFA is the CFA of the
  target frame.  HANDLER is the PC to which control will be transferred.

sparc-force-v9:
  On sparc default to v9 in 32bit mode

sh4_atomic_update:
  Backport linux atomic ops changes for sh4 from the trunk. #561550.

sh4-scheduling:
  [SH] Not run scheduling before reload as default, taken from the trunk.
  http://gcc.gnu.org/ml/gcc-patches/2009-05/msg00681.html

arm-unbreak-eabi-armv4t:
  Fix armv4t build on ARM

libssp-gnu:
  GNU/k*BSD support

gcc-d-lang:
  Add D options and specs for the gcc driver.

libjava-armel-unwind:
  On armel, apply kludge to fix unwinder infinitely looping 'til it runs out
  of memory (http://gcc.gnu.org/ml/java/2008-06/msg00010.html).

libobjc-armel:
  Add libobjc support for armel.

gfortran-armel-updates:
  ARM EABI (armel) Fortran support patches

armel-hilo-union-class:
  ARM EABI (armel) gfortran.dg/vector_subscript_1.f90 for -Os -mthumb reload ICE

cpu-default-i486:
  set default 32bit ix86 architecture to i486

gcc-ice-hack:
  Retry the build on an ice, save the calling options and preprocessed
  source when the ice is reproducible.

gcc-ice-apport:
  Report an ICE to apport (if apport is available
  and the environment variable GCC_NOAPPORT is not set)

libjava-disable-static:
  Disable building the static libjava.

gcc-multiarch:
  gcc-multiarch.dpatch
  
  Convert the multilib option to a target triplet,
  add multiarch include directories and libraries path:
  	/usr/local/include/<arch>-linux-gnu
  	/usr/include/<arch>-linux-gnu
  	/usr/lib/<arch>-linux-gnu/lib
  to the system paths.

Counting all warnings,
there are 0 warnings in stage3 of this bootstrap.

Number of warnings per file:

Number of warning types:


Index Nav: [Date Index] [Subject Index] [Author Index] [Thread Index]
Message Nav: [Date Prev] [Date Next] [Thread Prev] [Thread Next]